{"id":11104,"date":"2024-11-26T19:52:25","date_gmt":"2024-11-26T19:52:25","guid":{"rendered":"https:\/\/ruumistruumi.ee\/?post_type=product&#038;p=11104"},"modified":"2024-11-26T20:45:59","modified_gmt":"2024-11-26T20:45:59","slug":"seikluslik-autovaip-magede-ja-maastikuga","status":"publish","type":"product","link":"https:\/\/blankpage.ee\/_ruumist-ruumi\/pood\/seikluslik-autovaip-magede-ja-maastikuga\/","title":{"rendered":"Seikluslik autovaip m\u00e4gede ja maastikuga"},"content":{"rendered":"<h3>Seikluslik autovaip m\u00e4gede ja maastikuga<\/h3>\n<p>See seikluslik autovaip toob igasse lastetuppa fantaasiat ja l\u00f5bu. Vaipa kaunistab detailne maastik, millel on m\u00e4ed, j\u00f5ed, autod ja telgid, luues m\u00e4ngulise teekonna, mis inspireerib lapsi loovusele ja seiklustele. See autovaip on suurep\u00e4rane lisa igasse lastetuppa, kus hinnatakse nii stiili kui ka m\u00e4ngulisust.<\/p>\n<p>Autovaip on masinvalmistatud vastupidavast 100% pol\u00fcprop\u00fcleenist \/ Frize\u00e9-st, mis tagab pikaajalise vastupidavuse ja lihtsa hoolduse. Vaiba karva k\u00f5rgus on umbes 11 mm, mis teeb selle pehmeks puudutusele ja mugavaks p\u00f5randal istumiseks v\u00f5i m\u00e4ngimiseks. Kogukaal on umbes 2,15 kg\/m\u00b2, mis aitab vaibal paigal p\u00fcsida. P\u00f5hi on valmistatud d\u017euudist, mis lisab stabiilsust ja pikendab kasutusiga. Servad on viimistletud \u00e4\u00e4ristusega, mis kaitseb vaipa hargnemise eest.<\/p>\n<p>Vaip sobib ideaalselt p\u00f5randak\u00fcttega ruumidesse, pakkudes soojust ja mugavust igal aastaajal. T\u00e4nu \u00d6ko-Tex Standard 100 sertifikaadile on vaip testitud kahjulike ainete suhtes, olles turvaline ja ohutu ka v\u00e4ikestele lastele. Vaiba tootmisel kasutatakse peegelpildis valmistamise protsessi, mille k\u00e4igus valmistatakse kaks vaipa vastassuunaliste mustritega \u2013 see on tootmisprotsessi erip\u00e4ra, millega tasub tellimisel arvestada.<\/p>\n<p><strong>Toote omadused:<\/strong><\/p>\n<ul>\n<li>M\u00e4nguline disain maastiku, m\u00e4gede ja autodega, mis inspireerib lapsi loovusele.<\/li>\n<li>Vaip on masinvalmistatud vastupidavast 100% pol\u00fcprop\u00fcleenist \/ Frize\u00e9-st.<\/li>\n<li>Kogukaal on umbes 2,15 kg\/m\u00b2.<\/li>\n<li>Autovaiba karva k\u00f5rgus on umbes 11 mm.<\/li>\n<li>P\u00f5hi on valmistatud d\u017euudist, mis tagab vastupidavuse.<\/li>\n<li>Servad viimistletud \u00e4\u00e4ristusega, mis kaitseb vaipa hargnemise eest.<\/li>\n<li>Vaip sobib p\u00f5randak\u00fcttega ruumidesse.<\/li>\n<li>Vaip on v\u00e4ga pehme puudutusele.<\/li>\n<li>Lihtne hooldada ja vastupidav igap\u00e4evasele kasutusele.<\/li>\n<li>Testitud kahjulike ainete suhtes ja sertifitseeritud \u00d6ko-Tex Standard 100 alusel.<\/li>\n<li>Toodetud kahes suunas (kujundus v\u00f5ib olla peegelpildis).<\/li>\n<li>M\u00f5\u00f5dud v\u00f5ivad erineda +\/- 2 cm.<\/li>\n<\/ul>\n","protected":false},"excerpt":{"rendered":"<p>Seikluslik autovaip m\u00e4gede ja maastikuga See seikluslik autovaip toob igasse lastetuppa fantaasiat ja l\u00f5bu. Vaipa kaunistab detailne maastik, millel on m\u00e4ed, j\u00f5ed, autod ja telgid, luues m\u00e4ngulise teekonna, mis inspireerib lapsi loovusele ja seiklustele. See autovaip on suurep\u00e4rane lisa igasse lastetuppa, kus hinnatakse nii stiili kui ka m\u00e4ngulisust. Autovaip on masinvalmistatud vastupidavast 100% pol\u00fcprop\u00fcleenist \/ [&hellip;]<\/p>\n","protected":false},"featured_media":11107,"comment_status":"open","ping_status":"closed","template":"","meta":[],"product_brand":[],"product_cat":[797],"product_tag":[],"class_list":{"0":"post-11104","1":"product","2":"type-product","3":"status-publish","4":"has-post-thumbnail","6":"product_cat-lastetoa-vaibad","7":"product_shipping_class-innpro","8":"pa_kollektsioon-anime","9":"pa_materjal-100-polupropuleen","10":"pa_vaiba-suurus-80-x-150-cm","11":"pa_vaiba-suurus-120-x-160-cm","12":"pa_vaiba-suurus-140-x-200-cm","13":"pa_vaiba-suurus-160-x-230-cm","14":"pa_vaiba-suurus-190-x-280-cm","15":"pa_varv-mitmevarviline","17":"first","18":"instock","19":"taxable","20":"shipping-taxable","21":"purchasable","22":"product-type-variable"},"_links":{"self":[{"href":"https:\/\/blankpage.ee\/_ruumist-ruumi\/wp-json\/wp\/v2\/product\/11104","targetHints":{"allow":["GET"]}}],"collection":[{"href":"https:\/\/blankpage.ee\/_ruumist-ruumi\/wp-json\/wp\/v2\/product"}],"about":[{"href":"https:\/\/blankpage.ee\/_ruumist-ruumi\/wp-json\/wp\/v2\/types\/product"}],"replies":[{"embeddable":true,"href":"https:\/\/blankpage.ee\/_ruumist-ruumi\/wp-json\/wp\/v2\/comments?post=11104"}],"wp:featuredmedia":[{"embeddable":true,"href":"https:\/\/blankpage.ee\/_ruumist-ruumi\/wp-json\/wp\/v2\/media\/11107"}],"wp:attachment":[{"href":"https:\/\/blankpage.ee\/_ruumist-ruumi\/wp-json\/wp\/v2\/media?parent=11104"}],"wp:term":[{"taxonomy":"product_brand","embeddable":true,"href":"https:\/\/blankpage.ee\/_ruumist-ruumi\/wp-json\/wp\/v2\/product_brand?post=11104"},{"taxonomy":"product_cat","embeddable":true,"href":"https:\/\/blankpage.ee\/_ruumist-ruumi\/wp-json\/wp\/v2\/product_cat?post=11104"},{"taxonomy":"product_tag","embeddable":true,"href":"https:\/\/blankpage.ee\/_ruumist-ruumi\/wp-json\/wp\/v2\/product_tag?post=11104"}],"curies":[{"name":"wp","href":"https:\/\/api.w.org\/{rel}","templated":true}]}}