{"id":112033,"date":"2025-02-18T08:37:45","date_gmt":"2025-02-18T08:37:45","guid":{"rendered":"https:\/\/ruumistruumi.ee\/pood\/glamour-rippvalgusti-pruun-klaas\/"},"modified":"2025-08-20T21:40:17","modified_gmt":"2025-08-20T21:40:17","slug":"glamour-rippvalgusti-pruun-klaas","status":"publish","type":"product","link":"https:\/\/blankpage.ee\/_ruumist-ruumi\/pood\/glamour-rippvalgusti-pruun-klaas\/","title":{"rendered":"Glamour rippvalgusti, pruun klaas"},"content":{"rendered":"<h2>Glamour rippvalgusti, pruun klaas<\/h2>\n<p><strong>Glamour rippvalgusti<\/strong> on ideaalne valik neile, kes soovivad oma interj\u00f6\u00f6ri lisada elegantsi ja soojust. Selle s\u00e4rav pruun klaas hajutab valgust pehmelt, aidates luua hubase meeleolu igas ruumis.<\/p>\n<h3>Elegantne disain ja kvaliteetne viimistlus<\/h3>\n<p>Selle rippvalgusti ainulaadne kera kujuline disain ning l\u00e4ikiv klaaspind annavad interj\u00f6\u00f6rile luksusliku v\u00e4limuse. Glamour rippvalgusti sobib suurep\u00e4raselt k\u00f6\u00f6ki, s\u00f6\u00f6gituppa v\u00f5i elutuppa, tuues esile ruumi stiilse ja kaasaegse ilme.<\/p>\n<h3>Mitmek\u00fclgne ja pilkup\u00fc\u00fcdev valgusti<\/h3>\n<p>See laevalgusti on osa <strong>Glamour<\/strong> sarjast, kust leiab ka teisi vorme nagu Sphere ja Cone, mis v\u00f5imaldavad luua harmoonilise kombinatsiooni eri valguslahendustest. Oma pruunika klaaspinnaga kiirgab valgusti ruumi sooja ja kutsuva s\u00e4ra, muutes selle ideaalseks nii igap\u00e4evaseks kasutamiseks kui ka pidulike \u00f5htute taustavalguseks.<\/p>\n<h3>Tehnilised andmed<\/h3>\n<ul>\n<li><strong>M\u00f5\u00f5dud:<\/strong> k\u00f5rgus 25 cm, laeroseti l\u00e4bim\u00f5\u00f5t 10 cm<\/li>\n<li><strong>Juhtme pikkus:<\/strong> 180 cm \u2013 reguleeritav vastavalt vajadusele<\/li>\n<li><strong>Materjal:<\/strong> pruun klaas<\/li>\n<li><strong>Sokkel:<\/strong> 1x E27 (sobib kuni 40W pirniga)<\/li>\n<li><strong>Pinge:<\/strong> 220-240V<\/li>\n<\/ul>\n<p>Kui soovid oma kodu v\u00f5i avalikku ruumi lisada ajatut ja stiilset valguslahendust, siis <strong>Glamour rippvalgusti<\/strong> on suurep\u00e4rane valik. Naudi valguse m\u00e4ngu ja loo atmosf\u00e4\u00e4r, mis kutsub esile rahulolu ja mugavustunnet.<\/p>\n<div class=\"desc-attributes\"><strong>K\u00f5rgus<\/strong>: 25 cm<br \/>\n<strong>Juhtme pikkus<\/strong>: 180 cm<br \/>\n<strong>L\u00e4bim\u00f5\u00f5t laekinnitusel cm<\/strong>: 10 cm<br \/>\n<strong>Tootet\u00fc\u00fcp<\/strong>: Rippvalgusti<br \/>\n<strong>Valik<\/strong>: Glamour<br \/>\n<strong>V\u00e4rvus<\/strong>: Pruun<br \/>\n<strong>Materjal<\/strong>: Klaas<br \/>\n<strong>Maks. pinge<\/strong>: 220-240 V<br \/>\n<strong>Maksimaalne v\u00f5imsus W<\/strong>: 40 W<br \/>\n<strong>Kinnitus<\/strong>: 1x E27<\/div>\n","protected":false},"excerpt":{"rendered":"<p>Glamour rippvalgusti, pruun klaas Glamour rippvalgusti on ideaalne valik neile, kes soovivad oma interj\u00f6\u00f6ri lisada elegantsi ja soojust. Selle s\u00e4rav pruun klaas hajutab valgust pehmelt, aidates luua hubase meeleolu igas ruumis. Elegantne disain ja kvaliteetne viimistlus Selle rippvalgusti ainulaadne kera kujuline disain ning l\u00e4ikiv klaaspind annavad interj\u00f6\u00f6rile luksusliku v\u00e4limuse. Glamour rippvalgusti sobib suurep\u00e4raselt k\u00f6\u00f6ki, s\u00f6\u00f6gituppa [&hellip;]<\/p>\n","protected":false},"featured_media":112034,"comment_status":"open","ping_status":"open","template":"","meta":[],"product_brand":[],"product_cat":[1630],"product_tag":[],"class_list":{"0":"post-112033","1":"product","2":"type-product","3":"status-publish","4":"has-post-thumbnail","6":"product_cat-rippvalgustid","7":"product_shipping_class-furnicher","8":"pa_kollektsioon-glamour","9":"pa_peamine-materjal-klaas","10":"pa_varv-pruun","12":"first","13":"instock","14":"sale","15":"taxable","16":"shipping-taxable","17":"purchasable","18":"product-type-simple"},"_links":{"self":[{"href":"https:\/\/blankpage.ee\/_ruumist-ruumi\/wp-json\/wp\/v2\/product\/112033","targetHints":{"allow":["GET"]}}],"collection":[{"href":"https:\/\/blankpage.ee\/_ruumist-ruumi\/wp-json\/wp\/v2\/product"}],"about":[{"href":"https:\/\/blankpage.ee\/_ruumist-ruumi\/wp-json\/wp\/v2\/types\/product"}],"replies":[{"embeddable":true,"href":"https:\/\/blankpage.ee\/_ruumist-ruumi\/wp-json\/wp\/v2\/comments?post=112033"}],"wp:featuredmedia":[{"embeddable":true,"href":"https:\/\/blankpage.ee\/_ruumist-ruumi\/wp-json\/wp\/v2\/media\/112034"}],"wp:attachment":[{"href":"https:\/\/blankpage.ee\/_ruumist-ruumi\/wp-json\/wp\/v2\/media?parent=112033"}],"wp:term":[{"taxonomy":"product_brand","embeddable":true,"href":"https:\/\/blankpage.ee\/_ruumist-ruumi\/wp-json\/wp\/v2\/product_brand?post=112033"},{"taxonomy":"product_cat","embeddable":true,"href":"https:\/\/blankpage.ee\/_ruumist-ruumi\/wp-json\/wp\/v2\/product_cat?post=112033"},{"taxonomy":"product_tag","embeddable":true,"href":"https:\/\/blankpage.ee\/_ruumist-ruumi\/wp-json\/wp\/v2\/product_tag?post=112033"}],"curies":[{"name":"wp","href":"https:\/\/api.w.org\/{rel}","templated":true}]}}