{"id":112049,"date":"2025-02-18T08:37:45","date_gmt":"2025-02-18T08:37:45","guid":{"rendered":"https:\/\/ruumistruumi.ee\/pood\/hood-kuldne-metallist-laualamp\/"},"modified":"2025-08-20T21:40:32","modified_gmt":"2025-08-20T21:40:32","slug":"hood-kuldne-metallist-laualamp","status":"publish","type":"product","link":"https:\/\/blankpage.ee\/_ruumist-ruumi\/pood\/hood-kuldne-metallist-laualamp\/","title":{"rendered":"Hood kuldne metallist laualamp"},"content":{"rendered":"<h2>Hood kuldne metallist laualamp \u2013 ajatu stiil Sinu koju<\/h2>\n<p><strong>Hood kuldne laualamp<\/strong> \u00fchendab endas modernse elegantsi ja ajatu disaini, tuues igasse ruumi sooja ja luksusliku ilme. Rootsis kujundatud lamp on valmistatud vastupidavast metallist ning selle l\u00e4ikiv kuldne kuppel lisab interj\u00f6\u00f6rile rafineeritud puudutuse.<\/p>\n<h3>Ajatu disain ja funktsionaalsus<\/h3>\n<p>See <strong>kuldne laualamp<\/strong> sobib suurep\u00e4raselt nii elutuppa kui ka magamistuppa, pakkudes hubast valgust lugemiseks v\u00f5i \u00f5htuseks meeleolu loomiseks. Minimalistlik ja samal ajal pilkup\u00fc\u00fcdev disain muudab selle sobivaks nii klassikalise kui ka kaasaegse sisekujundusega ruumidesse.<\/p>\n<h3>Vastupidav ja kvaliteetne materjal<\/h3>\n<p>Lamp on valmistatud tugevast metallist, mis tagab selle pikaealisuse. metallist karkass ja l\u00e4ikiv kuldne toon loovad koos eksklusiivse kombinatsiooni, muutes lambi peamiseks sisustuselemendiks igas toas.<\/p>\n<h3>Tehnilised andmed<\/h3>\n<ul>\n<li><strong>M\u00f5\u00f5dud:<\/strong> k\u00f5rgus 38 cm, laius 20 cm, l\u00e4bim\u00f5\u00f5t \u00d8 26 cm<\/li>\n<li><strong>Juhtme pikkus:<\/strong> 175 cm<\/li>\n<li><strong>Materjal:<\/strong> metall<\/li>\n<li><strong>V\u00e4rvus:<\/strong> kuldne<\/li>\n<li><strong>Valgusallikas:<\/strong> 1x E14 (ei kuulu komplekti)<\/li>\n<li><strong>Maksimaalne pinge:<\/strong> 220-240V<\/li>\n<li><strong>Maksimaalne v\u00f5imsus:<\/strong> 40W<\/li>\n<\/ul>\n<p>Kui otsid <strong>stiiilset ja vastupidavat kuldset laualampi<\/strong>, mis t\u00f5stab esile Sinu interj\u00f6\u00f6ri, siis Hood lauavalgusti on ideaalne valik. Lisa elegants ja s\u00e4ra oma koju selle kauni ja kvaliteetse valgustiga!<\/p>\n<div class=\"desc-attributes\"><strong>Laius<\/strong>: 20 cm<br \/>\n<strong>K\u00f5rgus<\/strong>: 38 cm<br \/>\n<strong>L\u00e4bim\u00f5\u00f5t \u00d8<\/strong>: 26 cm<br \/>\n<strong>Juhtme pikkus<\/strong>: 175 cm<br \/>\n<strong>Tootet\u00fc\u00fcp<\/strong>: Laualamp<br \/>\n<strong>Valik<\/strong>: Hood<br \/>\n<strong>V\u00e4rvus<\/strong>: Kuldne<br \/>\n<strong>Materjal<\/strong>: Metall<br \/>\n<strong>Maks. pinge<\/strong>: 220-240 V<br \/>\n<strong>Maksimaalne v\u00f5imsus W<\/strong>: 40 W<br \/>\n<strong>Kinnitus<\/strong>: 1x E14<\/div>\n","protected":false},"excerpt":{"rendered":"<p>Hood kuldne metallist laualamp \u2013 ajatu stiil Sinu koju Hood kuldne laualamp \u00fchendab endas modernse elegantsi ja ajatu disaini, tuues igasse ruumi sooja ja luksusliku ilme. Rootsis kujundatud lamp on valmistatud vastupidavast metallist ning selle l\u00e4ikiv kuldne kuppel lisab interj\u00f6\u00f6rile rafineeritud puudutuse. Ajatu disain ja funktsionaalsus See kuldne laualamp sobib suurep\u00e4raselt nii elutuppa kui ka [&hellip;]<\/p>\n","protected":false},"featured_media":112050,"comment_status":"open","ping_status":"open","template":"","meta":[],"product_brand":[],"product_cat":[1632],"product_tag":[],"class_list":{"0":"post-112049","1":"product","2":"type-product","3":"status-publish","4":"has-post-thumbnail","6":"product_cat-laualambid","7":"product_shipping_class-furnicher","8":"pa_kollektsioon-hood","9":"pa_peamine-materjal-metall","10":"pa_varv-kuldne","12":"first","13":"instock","14":"sale","15":"taxable","16":"shipping-taxable","17":"purchasable","18":"product-type-simple"},"_links":{"self":[{"href":"https:\/\/blankpage.ee\/_ruumist-ruumi\/wp-json\/wp\/v2\/product\/112049","targetHints":{"allow":["GET"]}}],"collection":[{"href":"https:\/\/blankpage.ee\/_ruumist-ruumi\/wp-json\/wp\/v2\/product"}],"about":[{"href":"https:\/\/blankpage.ee\/_ruumist-ruumi\/wp-json\/wp\/v2\/types\/product"}],"replies":[{"embeddable":true,"href":"https:\/\/blankpage.ee\/_ruumist-ruumi\/wp-json\/wp\/v2\/comments?post=112049"}],"wp:featuredmedia":[{"embeddable":true,"href":"https:\/\/blankpage.ee\/_ruumist-ruumi\/wp-json\/wp\/v2\/media\/112050"}],"wp:attachment":[{"href":"https:\/\/blankpage.ee\/_ruumist-ruumi\/wp-json\/wp\/v2\/media?parent=112049"}],"wp:term":[{"taxonomy":"product_brand","embeddable":true,"href":"https:\/\/blankpage.ee\/_ruumist-ruumi\/wp-json\/wp\/v2\/product_brand?post=112049"},{"taxonomy":"product_cat","embeddable":true,"href":"https:\/\/blankpage.ee\/_ruumist-ruumi\/wp-json\/wp\/v2\/product_cat?post=112049"},{"taxonomy":"product_tag","embeddable":true,"href":"https:\/\/blankpage.ee\/_ruumist-ruumi\/wp-json\/wp\/v2\/product_tag?post=112049"}],"curies":[{"name":"wp","href":"https:\/\/api.w.org\/{rel}","templated":true}]}}