{"id":112111,"date":"2025-02-18T08:38:33","date_gmt":"2025-02-18T08:38:33","guid":{"rendered":"https:\/\/ruumistruumi.ee\/pood\/mingle-lauavalgusti-valge-metallist\/"},"modified":"2025-08-20T21:39:27","modified_gmt":"2025-08-20T21:39:27","slug":"mingle-lauavalgusti-valge-metallist","status":"publish","type":"product","link":"https:\/\/blankpage.ee\/_ruumist-ruumi\/pood\/mingle-lauavalgusti-valge-metallist\/","title":{"rendered":"Mingle lauavalgusti, valge metallist"},"content":{"rendered":"<h2>Mingle lauavalgusti, valge metallist<\/h2>\n<p><strong>Mingle lauavalgusti<\/strong> on Leitmotiv br\u00e4ndi stiilne valgusti, mis toob sinu interj\u00f6\u00f6ri ainulaadse ja modernse h\u00f5ngu. Valge metallist korpus koos hoolikalt viimistletud detailidega muudab selle praktiliseks ja pilkup\u00fc\u00fcdvaks lisandiks igas ruumis.<\/p>\n<h3>Kaasaegne ning silmapaistev disain<\/h3>\n<p>Selle lauavalgusti disain \u00fchendab endas metallist ja naturaalsest puidust detailid, mis loovad tasakaalustatud ning hubase ilme. Valge metallist kuppel on kaunistatud m\u00e4nguliste aukudega, mis lisavad valgustile eksootilist iseloomu. Hoolikalt viimistletud nikeldetailid t\u00e4iustavad \u00fcldist esteetikat, tagades luksusliku ja kaasaegse v\u00e4limuse.<\/p>\n<h3>Mitmek\u00fclgne ja praktiline<\/h3>\n<p><strong>Mingle lauavalgusti<\/strong> ei ole lihtsalt kaunis sisustuselement \u2013 see on ka v\u00e4ga funktsionaalne. T\u00e4nu oma kompaktsele, kuid elegantsele kujule sobib see suurep\u00e4raselt nii \u00f6\u00f6kapile, kirjutuslauale kui ka elutoa lisavalgustuseks. Lisaks saab seda kasutada ka v\u00e4ikese p\u00f5randavalgustina, tehes sellest mitmek\u00fclgse valgustuslahenduse igasse interj\u00f6\u00f6ri.<\/p>\n<h3>Toote omadused<\/h3>\n<ul>\n<li><strong>Materjal:<\/strong> vastupidav valge metall<\/li>\n<li><strong>Detailid:<\/strong> nikeldetailid ja naturaalsest puidust elemendid<\/li>\n<li><strong>Kuppel:<\/strong> metallist, dekoratiivsete aukudega efektse valgusm\u00e4ngu loomiseks<\/li>\n<li><strong>M\u00f5\u00f5dud:<\/strong> laius 24,5 cm, k\u00f5rgus 45 cm<\/li>\n<li><strong>Juhtme pikkus:<\/strong> 150 cm<\/li>\n<li><strong>Pesa t\u00fc\u00fcp:<\/strong> 1x E27 (max 9W, 220-240V)<\/li>\n<li><strong>Kasutusv\u00f5imalused:<\/strong> ideaalne magamistuppa, kontorisse v\u00f5i elutuppa<\/li>\n<\/ul>\n<p><strong>Mingle lauavalgusti<\/strong> on ideaalne valik neile, kes hindavad kombinatsiooni modernsest stiilist ja praktilisusest. Lisa oma koju hubasust ja stiili selle ainulaadse valgustiga!<\/p>\n<div class=\"desc-attributes\"><strong>Laius<\/strong>: 245 cm<br \/>\n<strong>K\u00f5rgus<\/strong>: 45 cm<br \/>\n<strong>Juhtme pikkus<\/strong>: 150 cm<br \/>\n<strong>Tootet\u00fc\u00fcp<\/strong>: Laualamp<br \/>\n<strong>Valik<\/strong>: Mingle<br \/>\n<strong>V\u00e4rvus<\/strong>: Valge<br \/>\n<strong>Materjal<\/strong>: Metall<br \/>\n<strong>Maks. pinge<\/strong>: 220-240 V<br \/>\n<strong>Maksimaalne v\u00f5imsus W<\/strong>: 9 W<br \/>\n<strong>Kinnitus<\/strong>: 1x E27<\/div>\n","protected":false},"excerpt":{"rendered":"<p>Mingle lauavalgusti, valge metallist Mingle lauavalgusti on Leitmotiv br\u00e4ndi stiilne valgusti, mis toob sinu interj\u00f6\u00f6ri ainulaadse ja modernse h\u00f5ngu. Valge metallist korpus koos hoolikalt viimistletud detailidega muudab selle praktiliseks ja pilkup\u00fc\u00fcdvaks lisandiks igas ruumis. Kaasaegne ning silmapaistev disain Selle lauavalgusti disain \u00fchendab endas metallist ja naturaalsest puidust detailid, mis loovad tasakaalustatud ning hubase ilme. Valge [&hellip;]<\/p>\n","protected":false},"featured_media":112112,"comment_status":"open","ping_status":"open","template":"","meta":[],"product_brand":[],"product_cat":[1632],"product_tag":[],"class_list":{"0":"post-112111","1":"product","2":"type-product","3":"status-publish","4":"has-post-thumbnail","6":"product_cat-laualambid","7":"product_shipping_class-furnicher","8":"pa_kollektsioon-mingle","9":"pa_peamine-materjal-metall","10":"pa_varv-valge","12":"first","13":"outofstock","14":"sale","15":"taxable","16":"shipping-taxable","17":"purchasable","18":"product-type-simple"},"_links":{"self":[{"href":"https:\/\/blankpage.ee\/_ruumist-ruumi\/wp-json\/wp\/v2\/product\/112111","targetHints":{"allow":["GET"]}}],"collection":[{"href":"https:\/\/blankpage.ee\/_ruumist-ruumi\/wp-json\/wp\/v2\/product"}],"about":[{"href":"https:\/\/blankpage.ee\/_ruumist-ruumi\/wp-json\/wp\/v2\/types\/product"}],"replies":[{"embeddable":true,"href":"https:\/\/blankpage.ee\/_ruumist-ruumi\/wp-json\/wp\/v2\/comments?post=112111"}],"wp:featuredmedia":[{"embeddable":true,"href":"https:\/\/blankpage.ee\/_ruumist-ruumi\/wp-json\/wp\/v2\/media\/112112"}],"wp:attachment":[{"href":"https:\/\/blankpage.ee\/_ruumist-ruumi\/wp-json\/wp\/v2\/media?parent=112111"}],"wp:term":[{"taxonomy":"product_brand","embeddable":true,"href":"https:\/\/blankpage.ee\/_ruumist-ruumi\/wp-json\/wp\/v2\/product_brand?post=112111"},{"taxonomy":"product_cat","embeddable":true,"href":"https:\/\/blankpage.ee\/_ruumist-ruumi\/wp-json\/wp\/v2\/product_cat?post=112111"},{"taxonomy":"product_tag","embeddable":true,"href":"https:\/\/blankpage.ee\/_ruumist-ruumi\/wp-json\/wp\/v2\/product_tag?post=112111"}],"curies":[{"name":"wp","href":"https:\/\/api.w.org\/{rel}","templated":true}]}}