{"id":112164,"date":"2025-02-18T08:38:33","date_gmt":"2025-02-18T08:38:33","guid":{"rendered":"https:\/\/ruumistruumi.ee\/pood\/lignes-ummargune-rippvalgusti-must-metallist\/"},"modified":"2025-08-20T21:39:51","modified_gmt":"2025-08-20T21:39:51","slug":"lignes-ummargune-rippvalgusti-must-metallist","status":"publish","type":"product","link":"https:\/\/blankpage.ee\/_ruumist-ruumi\/pood\/lignes-ummargune-rippvalgusti-must-metallist\/","title":{"rendered":"Lignes \u00fcmmargune rippvalgusti, must metallist"},"content":{"rendered":"<h2>Lignes \u00fcmmargune rippvalgusti, must metallist<\/h2>\n<p><strong>Lignes \u00fcmmargune rippvalgusti<\/strong> \u00fchendab endas minimalistliku vormi ja silmapaistva disaini. Must metallkonstruktsioon loob modernse ning ajatu ilme, muutes selle suurep\u00e4raseks valikuks neile, kes hindavad stiilset ja funktsionaalset valgustust.<\/p>\n<h3>Elegantne ja ajatu disain<\/h3>\n<p>See ainulaadne rippvalgusti ammutab inspiratsiooni \u00f5hulistest ja peenetest joontest, luues ruumis kerge ja avara mulje. T\u00e4nu l\u00e4bim\u00f5eldud traatstruktuurile sobitub Lignes kollektsiooni lamp ideaalselt <strong>skandinaavialikku interj\u00f6\u00f6ri<\/strong>, t\u00e4iustades kiviseinte, vineeri v\u00f5i naturaalse puidu h\u00f5ngu.<\/p>\n<h3>Mitmek\u00fclgne ja stiilne<\/h3>\n<p>Must metallraam annab valgustile <strong>industriaalse ja moodsa ilme<\/strong>, mis sobib suurep\u00e4raselt erinevatesse ruumidesse. Kasuta seda esikus, k\u00f6\u00f6gis v\u00f5i elutoas, et luua selge ja avatud atmosf\u00e4\u00e4r. T\u00e4nu oma kompaktsusele (l\u00e4bim\u00f5\u00f5t 25 cm, k\u00f5rgus 15 cm) on see suurep\u00e4rane valik nii v\u00e4iksematesse kui ka avaramatesse ruumidesse.<\/p>\n<h3>Peamised omadused<\/h3>\n<ul>\n<li><strong>Elegantne must metallist viimistlus<\/strong><\/li>\n<li><strong>\u00d5huline ja modernne traatkonstruktsioon<\/strong><\/li>\n<li><strong>Ideaalne skandinaavialikku ja industriaalstiili interj\u00f6\u00f6ri<\/strong><\/li>\n<li><strong>Harmoniseerub betooni, vineeri ja puiduga<\/strong><\/li>\n<li><strong>Maksimaalselt 25W h\u00f5\u00f5glamp (sobib E27 sokliga)<\/strong><\/li>\n<li><strong>Reguleeritava k\u00f5rgusega (juhtme pikkus 120 cm)<\/strong><\/li>\n<li><strong>Optimaalne valik elutuppa, esikusse v\u00f5i k\u00f6\u00f6ki<\/strong><\/li>\n<\/ul>\n<p>Lisa oma interj\u00f6\u00f6rile modernne aktsent <strong>Lignes \u00fcmmarguse rippvalgustiga<\/strong>, mis \u00fchendab endas lihtsuse, ilu ja funktsionaalsuse!<\/p>\n<div class=\"desc-attributes\"><strong>K\u00f5rgus<\/strong>: 15 cm<br \/>\n<strong>L\u00e4bim\u00f5\u00f5t \u00d8<\/strong>: 25 cm<br \/>\n<strong>Juhtme pikkus<\/strong>: 120 cm<br \/>\n<strong>L\u00e4bim\u00f5\u00f5t laekinnitusel cm<\/strong>: 10 cm<br \/>\n<strong>Tootet\u00fc\u00fcp<\/strong>: Rippvalgusti<br \/>\n<strong>Valik<\/strong>: Lignes<br \/>\n<strong>V\u00e4rvus<\/strong>: Must<br \/>\n<strong>Materjal<\/strong>: Metall<br \/>\n<strong>Maks. pinge<\/strong>: 220-240 V<br \/>\n<strong>Maksimaalne v\u00f5imsus W<\/strong>: 25W<br \/>\n<strong>Kinnitus<\/strong>: 1x E27<\/div>\n","protected":false},"excerpt":{"rendered":"<p>Lignes \u00fcmmargune rippvalgusti, must metallist Lignes \u00fcmmargune rippvalgusti \u00fchendab endas minimalistliku vormi ja silmapaistva disaini. Must metallkonstruktsioon loob modernse ning ajatu ilme, muutes selle suurep\u00e4raseks valikuks neile, kes hindavad stiilset ja funktsionaalset valgustust. Elegantne ja ajatu disain See ainulaadne rippvalgusti ammutab inspiratsiooni \u00f5hulistest ja peenetest joontest, luues ruumis kerge ja avara mulje. T\u00e4nu l\u00e4bim\u00f5eldud traatstruktuurile [&hellip;]<\/p>\n","protected":false},"featured_media":112165,"comment_status":"open","ping_status":"closed","template":"","meta":[],"product_brand":[],"product_cat":[1630],"product_tag":[],"class_list":{"0":"post-112164","1":"product","2":"type-product","3":"status-publish","4":"has-post-thumbnail","6":"product_cat-rippvalgustid","7":"product_shipping_class-furnicher","8":"pa_kollektsioon-lignes","9":"pa_peamine-materjal-metall","10":"pa_varv-must","12":"first","13":"instock","14":"sale","15":"taxable","16":"shipping-taxable","17":"purchasable","18":"product-type-simple"},"_links":{"self":[{"href":"https:\/\/blankpage.ee\/_ruumist-ruumi\/wp-json\/wp\/v2\/product\/112164","targetHints":{"allow":["GET"]}}],"collection":[{"href":"https:\/\/blankpage.ee\/_ruumist-ruumi\/wp-json\/wp\/v2\/product"}],"about":[{"href":"https:\/\/blankpage.ee\/_ruumist-ruumi\/wp-json\/wp\/v2\/types\/product"}],"replies":[{"embeddable":true,"href":"https:\/\/blankpage.ee\/_ruumist-ruumi\/wp-json\/wp\/v2\/comments?post=112164"}],"wp:featuredmedia":[{"embeddable":true,"href":"https:\/\/blankpage.ee\/_ruumist-ruumi\/wp-json\/wp\/v2\/media\/112165"}],"wp:attachment":[{"href":"https:\/\/blankpage.ee\/_ruumist-ruumi\/wp-json\/wp\/v2\/media?parent=112164"}],"wp:term":[{"taxonomy":"product_brand","embeddable":true,"href":"https:\/\/blankpage.ee\/_ruumist-ruumi\/wp-json\/wp\/v2\/product_brand?post=112164"},{"taxonomy":"product_cat","embeddable":true,"href":"https:\/\/blankpage.ee\/_ruumist-ruumi\/wp-json\/wp\/v2\/product_cat?post=112164"},{"taxonomy":"product_tag","embeddable":true,"href":"https:\/\/blankpage.ee\/_ruumist-ruumi\/wp-json\/wp\/v2\/product_tag?post=112164"}],"curies":[{"name":"wp","href":"https:\/\/api.w.org\/{rel}","templated":true}]}}