{"id":11306,"date":"2024-11-27T12:18:49","date_gmt":"2024-11-27T12:18:49","guid":{"rendered":"https:\/\/ruumistruumi.ee\/?post_type=product&#038;p=11306"},"modified":"2025-08-21T08:21:49","modified_gmt":"2025-08-21T08:21:49","slug":"varstolmuimeja-deerma-dx115c","status":"publish","type":"product","link":"https:\/\/blankpage.ee\/_ruumist-ruumi\/pood\/varstolmuimeja-deerma-dx115c\/","title":{"rendered":"Varstolmuimeja Deerma DX115C"},"content":{"rendered":"<h3>Multifunktsionaalne tolmuimeja<\/h3>\n<p>Deerma DX115C tolmuimeja v\u00f5imaldab teil puhastada kogu maja kiiresti ja mugavalt. 2 kasutusviisi ja kuni 3 vahetatavat harja muudavad selle kergesti kohandatavaks vastavalt teie vajadustele. Uuenduslik filtreerimiss\u00fcsteem v\u00f5imaldab t\u00f5husalt mustusest vabaneda, samas kui vaskmootor, 14 000 Pa imemisv\u00f5imsus ja 600 W v\u00f5imsus tagavad seadme k\u00f5rge efektiivsuse. Tolmuimeja t\u00e4iendavad eelised on selle ergonoomiline disain ja 5-meetrine kaabel, mis pakub suurt tegutsemisvabadust.<\/p>\n<p><img loading=\"lazy\" decoding=\"async\" class=\"alignnone size-medium_large wp-image-11631\" src=\"https:\/\/blankpage.ee\/_ruumist-ruumi\/wp-content\/uploads\/2024\/11\/Varstolmuimeja-Deerma-DX115C-9-768x489.jpg\" alt=\"Varstolmuimeja Deerma DX115C\" width=\"768\" height=\"489\" srcset=\"https:\/\/blankpage.ee\/_ruumist-ruumi\/wp-content\/uploads\/2024\/11\/Varstolmuimeja-Deerma-DX115C-9-768x489.jpg 768w, https:\/\/blankpage.ee\/_ruumist-ruumi\/wp-content\/uploads\/2024\/11\/Varstolmuimeja-Deerma-DX115C-9-300x191.jpg 300w, https:\/\/blankpage.ee\/_ruumist-ruumi\/wp-content\/uploads\/2024\/11\/Varstolmuimeja-Deerma-DX115C-9-400x255.jpg 400w, https:\/\/blankpage.ee\/_ruumist-ruumi\/wp-content\/uploads\/2024\/11\/Varstolmuimeja-Deerma-DX115C-9-922x587.jpg 922w, https:\/\/blankpage.ee\/_ruumist-ruumi\/wp-content\/uploads\/2024\/11\/Varstolmuimeja-Deerma-DX115C-9.jpg 1000w\" sizes=\"auto, (max-width: 768px) 100vw, 768px\" \/><\/p>\n<h3>2 tolmuimejat \u00fches<\/h3>\n<p>DX115C-d saab kasutada nii p\u00fcsti- kui ka k\u00e4sitolmuimejana. Seega sobib see ideaalselt paljudeks erinevateks rakendusteks. Selle abiga saate mugavalt tolmuimejaga puhastada k\u00f5igi oma kodu ruumide p\u00f5randaid. Kasutades seda k\u00e4sitolmuimejana, saate mugavalt puhastada madratseid, klaviatuure, kardinaid, aknalaudu ja palju teisi kohti. Deerma DX115C v\u00f5imaldab teil j\u00f5uda peaaegu igale poole &#8211; \u00fckski tolm ei j\u00e4\u00e4 teie eest peitu.<\/p>\n<p><img loading=\"lazy\" decoding=\"async\" class=\"alignnone size-medium_large wp-image-11633\" src=\"https:\/\/blankpage.ee\/_ruumist-ruumi\/wp-content\/uploads\/2024\/11\/Varstolmuimeja-Deerma-DX115C-4-768x489.jpg\" alt=\"Varstolmuimeja Deerma DX115C\" width=\"768\" height=\"489\" srcset=\"https:\/\/blankpage.ee\/_ruumist-ruumi\/wp-content\/uploads\/2024\/11\/Varstolmuimeja-Deerma-DX115C-4-768x489.jpg 768w, https:\/\/blankpage.ee\/_ruumist-ruumi\/wp-content\/uploads\/2024\/11\/Varstolmuimeja-Deerma-DX115C-4-300x191.jpg 300w, https:\/\/blankpage.ee\/_ruumist-ruumi\/wp-content\/uploads\/2024\/11\/Varstolmuimeja-Deerma-DX115C-4-400x255.jpg 400w, https:\/\/blankpage.ee\/_ruumist-ruumi\/wp-content\/uploads\/2024\/11\/Varstolmuimeja-Deerma-DX115C-4-922x587.jpg 922w, https:\/\/blankpage.ee\/_ruumist-ruumi\/wp-content\/uploads\/2024\/11\/Varstolmuimeja-Deerma-DX115C-4.jpg 1000w\" sizes=\"auto, (max-width: 768px) 100vw, 768px\" \/><\/p>\n<h3>3 harja erinevateks rakendusteks<\/h3>\n<p>Komplektis leiate 3 praktilist harja, millega saate p\u00f5hjalikult puhastada iga nurga. P\u00f5randahari t\u00f6\u00f6tab suurep\u00e4raselt erinevatel pindadel. See imeb tolmu nii plaatidelt v\u00f5i paneelidelt kui ka vaipadelt v\u00f5i vaipkatetelt. Praohari sobib n\u00e4iteks diivanite s\u00fcvendite, raamaturiiulite ja klaviatuuride puhastamiseks. \u00dcmarharjaga saate aga p\u00f5hjalikult puhastada kardinaid, riideid v\u00f5i madratseid. (Alumine pilt n\u00e4itab p\u00f5randaharja rattaid lihtsaks juhtimiseks ja tolmuimeja juhtmehoidjat).<\/p>\n<p><img loading=\"lazy\" decoding=\"async\" class=\"alignnone size-medium_large wp-image-11628\" src=\"https:\/\/blankpage.ee\/_ruumist-ruumi\/wp-content\/uploads\/2024\/11\/Varstolmuimeja-Deerma-DX115C-5-768x489.jpg\" alt=\"Varstolmuimeja Deerma DX115C\" width=\"768\" height=\"489\" srcset=\"https:\/\/blankpage.ee\/_ruumist-ruumi\/wp-content\/uploads\/2024\/11\/Varstolmuimeja-Deerma-DX115C-5-768x489.jpg 768w, https:\/\/blankpage.ee\/_ruumist-ruumi\/wp-content\/uploads\/2024\/11\/Varstolmuimeja-Deerma-DX115C-5-300x191.jpg 300w, https:\/\/blankpage.ee\/_ruumist-ruumi\/wp-content\/uploads\/2024\/11\/Varstolmuimeja-Deerma-DX115C-5-400x255.jpg 400w, https:\/\/blankpage.ee\/_ruumist-ruumi\/wp-content\/uploads\/2024\/11\/Varstolmuimeja-Deerma-DX115C-5-922x587.jpg 922w, https:\/\/blankpage.ee\/_ruumist-ruumi\/wp-content\/uploads\/2024\/11\/Varstolmuimeja-Deerma-DX115C-5.jpg 1000w\" sizes=\"auto, (max-width: 768px) 100vw, 768px\" \/><\/p>\n<h3>T\u00f5hus mustuse filtreerimine<\/h3>\n<p>Tolmuimeja on varustatud HEPA filtriga, mis aitab v\u00e4ltida allergeenide ja bakterite levikut teie kodus. Saate seda vabalt voolava vee all pesta. DX115C-l on ka spetsiaalne filtrivahus, mis p\u00fc\u00fcab tolmu kinni. Kogu j\u00e4\u00e4tmed suunatakse 1,2-liitrisesse mahutisse. Saate selle h\u00f5lpsasti lahti v\u00f5tta ja t\u00fchjendada, v\u00e4hendades kokkupuudet mustusega miinimumini.<\/p>\n<p><img loading=\"lazy\" decoding=\"async\" class=\"alignnone size-medium_large wp-image-11630\" src=\"https:\/\/blankpage.ee\/_ruumist-ruumi\/wp-content\/uploads\/2024\/11\/Varstolmuimeja-Deerma-DX115C-7-768x489.jpg\" alt=\"Varstolmuimeja Deerma DX115C\" width=\"768\" height=\"489\" srcset=\"https:\/\/blankpage.ee\/_ruumist-ruumi\/wp-content\/uploads\/2024\/11\/Varstolmuimeja-Deerma-DX115C-7-768x489.jpg 768w, https:\/\/blankpage.ee\/_ruumist-ruumi\/wp-content\/uploads\/2024\/11\/Varstolmuimeja-Deerma-DX115C-7-300x191.jpg 300w, https:\/\/blankpage.ee\/_ruumist-ruumi\/wp-content\/uploads\/2024\/11\/Varstolmuimeja-Deerma-DX115C-7-400x255.jpg 400w, https:\/\/blankpage.ee\/_ruumist-ruumi\/wp-content\/uploads\/2024\/11\/Varstolmuimeja-Deerma-DX115C-7-922x587.jpg 922w, https:\/\/blankpage.ee\/_ruumist-ruumi\/wp-content\/uploads\/2024\/11\/Varstolmuimeja-Deerma-DX115C-7.jpg 1000w\" sizes=\"auto, (max-width: 768px) 100vw, 768px\" \/><\/p>\n<h3>Vaikne ja t\u00f5hus<\/h3>\n<p>T\u00f5husa t\u00f6\u00f6 eest vastutab v\u00f5imas vasest valmistatud mootor. See eristub pika eluea ja madala energiatarbimise poolest. T\u00e4nu sellele on seade mitte ainult t\u00f5hus, vaid ka \u00fcllatavalt vaikne &#8211; selle helitase ei \u00fcleta 76 dB. Kui teid h\u00e4irib enamiku v\u00f5imsate tolmuimejate t\u00fc\u00fctu m\u00fcra, on Deerma DX115C suurep\u00e4rane valik.<\/p>\n<p><img loading=\"lazy\" decoding=\"async\" class=\"alignnone size-medium_large wp-image-11632\" src=\"https:\/\/blankpage.ee\/_ruumist-ruumi\/wp-content\/uploads\/2024\/11\/Varstolmuimeja-Deerma-DX115C-1-768x489.jpg\" alt=\"Varstolmuimeja Deerma DX115C\" width=\"768\" height=\"489\" srcset=\"https:\/\/blankpage.ee\/_ruumist-ruumi\/wp-content\/uploads\/2024\/11\/Varstolmuimeja-Deerma-DX115C-1-768x489.jpg 768w, https:\/\/blankpage.ee\/_ruumist-ruumi\/wp-content\/uploads\/2024\/11\/Varstolmuimeja-Deerma-DX115C-1-300x191.jpg 300w, https:\/\/blankpage.ee\/_ruumist-ruumi\/wp-content\/uploads\/2024\/11\/Varstolmuimeja-Deerma-DX115C-1-400x255.jpg 400w, https:\/\/blankpage.ee\/_ruumist-ruumi\/wp-content\/uploads\/2024\/11\/Varstolmuimeja-Deerma-DX115C-1-922x587.jpg 922w, https:\/\/blankpage.ee\/_ruumist-ruumi\/wp-content\/uploads\/2024\/11\/Varstolmuimeja-Deerma-DX115C-1.jpg 1000w\" sizes=\"auto, (max-width: 768px) 100vw, 768px\" \/><\/p>\n<h3>L\u00e4bim\u00f5eldud disain<\/h3>\n<p>Tolmuimejat disainides v\u00f5eti arvesse mitte ainult j\u00f5udlust, vaid ka kasutaja mugavust. Seade on varustatud 5 m kaabliga, mis v\u00f5imaldab teil h\u00f5lpsasti puhastada kuni 80 m2 korterit. Saate selle h\u00f5lpsasti kokku kerida ja riputada etten\u00e4htud sisseehitatud konksule. P\u00f5randaharjal on lisarattad, mis muudavad selle liigutamise lihtsaks, ja tolmuimeja ergonoomiline k\u00e4epide pakub suurenenud mugavust.<\/p>\n<p><img loading=\"lazy\" decoding=\"async\" class=\"alignnone size-medium_large wp-image-11629\" src=\"https:\/\/blankpage.ee\/_ruumist-ruumi\/wp-content\/uploads\/2024\/11\/Varstolmuimeja-Deerma-DX115C-6-768x489.jpg\" alt=\"Varstolmuimeja Deerma DX115C\" width=\"768\" height=\"489\" srcset=\"https:\/\/blankpage.ee\/_ruumist-ruumi\/wp-content\/uploads\/2024\/11\/Varstolmuimeja-Deerma-DX115C-6-768x489.jpg 768w, https:\/\/blankpage.ee\/_ruumist-ruumi\/wp-content\/uploads\/2024\/11\/Varstolmuimeja-Deerma-DX115C-6-300x191.jpg 300w, https:\/\/blankpage.ee\/_ruumist-ruumi\/wp-content\/uploads\/2024\/11\/Varstolmuimeja-Deerma-DX115C-6-400x255.jpg 400w, https:\/\/blankpage.ee\/_ruumist-ruumi\/wp-content\/uploads\/2024\/11\/Varstolmuimeja-Deerma-DX115C-6-922x587.jpg 922w, https:\/\/blankpage.ee\/_ruumist-ruumi\/wp-content\/uploads\/2024\/11\/Varstolmuimeja-Deerma-DX115C-6.jpg 1000w\" sizes=\"auto, (max-width: 768px) 100vw, 768px\" \/><\/p>\n<div class=\"table-wrapper\">\n<table>\n<tbody>\n<tr>\n<th>Tootja<\/th>\n<td>Deerma<\/td>\n<\/tr>\n<tr>\n<th>Mudel<\/th>\n<td>DX115C<\/td>\n<\/tr>\n<tr>\n<th>V\u00f5imsus<\/th>\n<td>600W<\/td>\n<\/tr>\n<tr>\n<th>Tolmumahuti maht<\/th>\n<td>1,2l<\/td>\n<\/tr>\n<tr>\n<th>Materjal<\/th>\n<td>ABS<\/td>\n<\/tr>\n<tr>\n<th>Imemisv\u00f5imsus<\/th>\n<td>14,000 Pa<\/td>\n<\/tr>\n<tr>\n<th>Kaal<\/th>\n<td>2kg<\/td>\n<\/tr>\n<tr>\n<th>M\u00f5\u00f5tmed<\/th>\n<td>207 x 128 x 1020mm<\/td>\n<\/tr>\n<tr>\n<th>Pestav filter<\/th>\n<td>HEPA filter<\/td>\n<\/tr>\n<tr>\n<th>M\u00fcratase<\/th>\n<td>v\u00e4hem kui 76dB<\/td>\n<\/tr>\n<tr>\n<th>Juhtme pikkus<\/th>\n<td>5m<\/td>\n<\/tr>\n<\/tbody>\n<\/table>\n<\/div>\n","protected":false},"excerpt":{"rendered":"<p>Multifunktsionaalne tolmuimeja Deerma DX115C tolmuimeja v\u00f5imaldab teil puhastada kogu maja kiiresti ja mugavalt. 2 kasutusviisi ja kuni 3 vahetatavat harja muudavad selle kergesti kohandatavaks vastavalt teie vajadustele. Uuenduslik filtreerimiss\u00fcsteem v\u00f5imaldab t\u00f5husalt mustusest vabaneda, samas kui vaskmootor, 14 000 Pa imemisv\u00f5imsus ja 600 W v\u00f5imsus tagavad seadme k\u00f5rge efektiivsuse. Tolmuimeja t\u00e4iendavad eelised on selle ergonoomiline disain [&hellip;]<\/p>\n","protected":false},"featured_media":11307,"comment_status":"closed","ping_status":"closed","template":"","meta":[],"product_brand":[],"product_cat":[813],"product_tag":[],"class_list":{"0":"post-11306","1":"product","2":"type-product","3":"status-publish","4":"has-post-thumbnail","6":"product_cat-varstolmuimejad","7":"product_shipping_class-innpro","9":"first","10":"instock","11":"sale","12":"taxable","13":"shipping-taxable","14":"purchasable","15":"product-type-simple"},"_links":{"self":[{"href":"https:\/\/blankpage.ee\/_ruumist-ruumi\/wp-json\/wp\/v2\/product\/11306","targetHints":{"allow":["GET"]}}],"collection":[{"href":"https:\/\/blankpage.ee\/_ruumist-ruumi\/wp-json\/wp\/v2\/product"}],"about":[{"href":"https:\/\/blankpage.ee\/_ruumist-ruumi\/wp-json\/wp\/v2\/types\/product"}],"replies":[{"embeddable":true,"href":"https:\/\/blankpage.ee\/_ruumist-ruumi\/wp-json\/wp\/v2\/comments?post=11306"}],"wp:featuredmedia":[{"embeddable":true,"href":"https:\/\/blankpage.ee\/_ruumist-ruumi\/wp-json\/wp\/v2\/media\/11307"}],"wp:attachment":[{"href":"https:\/\/blankpage.ee\/_ruumist-ruumi\/wp-json\/wp\/v2\/media?parent=11306"}],"wp:term":[{"taxonomy":"product_brand","embeddable":true,"href":"https:\/\/blankpage.ee\/_ruumist-ruumi\/wp-json\/wp\/v2\/product_brand?post=11306"},{"taxonomy":"product_cat","embeddable":true,"href":"https:\/\/blankpage.ee\/_ruumist-ruumi\/wp-json\/wp\/v2\/product_cat?post=11306"},{"taxonomy":"product_tag","embeddable":true,"href":"https:\/\/blankpage.ee\/_ruumist-ruumi\/wp-json\/wp\/v2\/product_tag?post=11306"}],"curies":[{"name":"wp","href":"https:\/\/api.w.org\/{rel}","templated":true}]}}