{"id":11382,"date":"2024-11-27T12:25:57","date_gmt":"2024-11-27T12:25:57","guid":{"rendered":"https:\/\/ruumistruumi.ee\/?post_type=product&#038;p=11382"},"modified":"2025-08-21T08:21:48","modified_gmt":"2025-08-21T08:21:48","slug":"varstolmuimeja-deerma-dem-vx20w-mopifunktsiooniga","status":"publish","type":"product","link":"https:\/\/blankpage.ee\/_ruumist-ruumi\/pood\/varstolmuimeja-deerma-dem-vx20w-mopifunktsiooniga\/","title":{"rendered":"Varstolmuimeja Deerma DEM-VX20W mopifunktsiooniga."},"content":{"rendered":"<h3>Deerma DEM-VX20W p\u00fcstine tolmuimeja mopifunktsiooniga.<\/h3>\n<p>Deerma DEM-VX20W p\u00fcstine tolmuimeja v\u00f5imaldab teil mitte ainult p\u00f5randaid tolmuimejaga puhastada, vaid ka neid p\u00f5hjalikult m\u00e4rgpuhastada. T\u00e4nu kahekordsetele harjadele ja 420 W v\u00f5imsusele saab see ideaalselt hakkama kangekaelse mustusega ning selle IPX4 veekindlus v\u00f5imaldab seda muretult vannitoas kasutada. Seadmel on eraldi paagid puhta ja musta vee jaoks ning see pakub isepuhastuvat funktsiooni &#8211; te ei pea sellega enam ise tegelema!<\/p>\n<p><img loading=\"lazy\" decoding=\"async\" class=\"alignnone size-medium_large wp-image-11701\" src=\"https:\/\/blankpage.ee\/_ruumist-ruumi\/wp-content\/uploads\/2024\/11\/Varstolmuimeja-Deerma-DEM-VX20W-mopifunktsiooniga-5-768x489.webp\" alt=\"Varstolmuimeja Deerma DEM-VX20W mopifunktsiooniga\" width=\"768\" height=\"489\" srcset=\"https:\/\/blankpage.ee\/_ruumist-ruumi\/wp-content\/uploads\/2024\/11\/Varstolmuimeja-Deerma-DEM-VX20W-mopifunktsiooniga-5-768x489.webp 768w, https:\/\/blankpage.ee\/_ruumist-ruumi\/wp-content\/uploads\/2024\/11\/Varstolmuimeja-Deerma-DEM-VX20W-mopifunktsiooniga-5-300x191.webp 300w, https:\/\/blankpage.ee\/_ruumist-ruumi\/wp-content\/uploads\/2024\/11\/Varstolmuimeja-Deerma-DEM-VX20W-mopifunktsiooniga-5-400x255.webp 400w, https:\/\/blankpage.ee\/_ruumist-ruumi\/wp-content\/uploads\/2024\/11\/Varstolmuimeja-Deerma-DEM-VX20W-mopifunktsiooniga-5-922x587.webp 922w, https:\/\/blankpage.ee\/_ruumist-ruumi\/wp-content\/uploads\/2024\/11\/Varstolmuimeja-Deerma-DEM-VX20W-mopifunktsiooniga-5.webp 1000w\" sizes=\"auto, (max-width: 768px) 100vw, 768px\" \/><\/p>\n<h3>Kahekordne hari<\/h3>\n<p>Nautige laitmatult puhast p\u00f5randat. Tolmuimeja on varustatud spetsiaalselt disainitud ruudukujulise harjaga, millel on kaks rulli, mis p\u00f6\u00f6rlevad koos kuni 900 korda minutis. Samuti on sellel v\u00f5imas mootor, mis t\u00f6\u00f6tab kuni 6000 p\/min. Selle tulemusena suudab seade t\u00f5husalt puhastada erinevat t\u00fc\u00fcpi pindu ja eemaldada isegi k\u00f5ige kangekaelsema mustuse.<\/p>\n<p><img loading=\"lazy\" decoding=\"async\" class=\"alignnone size-medium_large wp-image-11707\" src=\"https:\/\/blankpage.ee\/_ruumist-ruumi\/wp-content\/uploads\/2024\/11\/Varstolmuimeja-Deerma-DEM-VX20W-mopifunktsiooniga-1-768x489.jpg\" alt=\"Varstolmuimeja Deerma DEM-VX20W mopifunktsiooniga\" width=\"768\" height=\"489\" srcset=\"https:\/\/blankpage.ee\/_ruumist-ruumi\/wp-content\/uploads\/2024\/11\/Varstolmuimeja-Deerma-DEM-VX20W-mopifunktsiooniga-1-768x489.jpg 768w, https:\/\/blankpage.ee\/_ruumist-ruumi\/wp-content\/uploads\/2024\/11\/Varstolmuimeja-Deerma-DEM-VX20W-mopifunktsiooniga-1-300x191.jpg 300w, https:\/\/blankpage.ee\/_ruumist-ruumi\/wp-content\/uploads\/2024\/11\/Varstolmuimeja-Deerma-DEM-VX20W-mopifunktsiooniga-1-400x255.jpg 400w, https:\/\/blankpage.ee\/_ruumist-ruumi\/wp-content\/uploads\/2024\/11\/Varstolmuimeja-Deerma-DEM-VX20W-mopifunktsiooniga-1-922x587.jpg 922w, https:\/\/blankpage.ee\/_ruumist-ruumi\/wp-content\/uploads\/2024\/11\/Varstolmuimeja-Deerma-DEM-VX20W-mopifunktsiooniga-1.jpg 1000w\" sizes=\"auto, (max-width: 768px) 100vw, 768px\" \/><\/p>\n<h3>Tuleb toime mustusega<\/h3>\n<p>Valgunud mahl, kangekaelsed plekid, tolm &#8211; Deerma DEM-VX20W tolmuimejaga saate neist ja paljudest teistest mustustest h\u00f5lpsalt lahti. Seadme eesmine harjarull mopib p\u00f5randat p\u00f5hjalikult, samas kui tagumine harjarull p\u00fchib seda, v\u00e4ltides triipude ja plekkide tekkimist. Pealegi on tolmuimeja kaks s\u00f5ltumatut kanalit m\u00f5eldud nii m\u00e4rja kui kuiva mustuse samaaegseks eemaldamiseks. K\u00f5ik see t\u00f5stab puhastamise t\u00f5husust veelgi.<\/p>\n<p><img loading=\"lazy\" decoding=\"async\" class=\"alignnone size-medium_large wp-image-11702\" src=\"https:\/\/blankpage.ee\/_ruumist-ruumi\/wp-content\/uploads\/2024\/11\/Varstolmuimeja-Deerma-DEM-VX20W-mopifunktsiooniga-6-768x489.webp\" alt=\"Varstolmuimeja Deerma DEM-VX20W mopifunktsiooniga\" width=\"768\" height=\"489\" srcset=\"https:\/\/blankpage.ee\/_ruumist-ruumi\/wp-content\/uploads\/2024\/11\/Varstolmuimeja-Deerma-DEM-VX20W-mopifunktsiooniga-6-768x489.webp 768w, https:\/\/blankpage.ee\/_ruumist-ruumi\/wp-content\/uploads\/2024\/11\/Varstolmuimeja-Deerma-DEM-VX20W-mopifunktsiooniga-6-300x191.webp 300w, https:\/\/blankpage.ee\/_ruumist-ruumi\/wp-content\/uploads\/2024\/11\/Varstolmuimeja-Deerma-DEM-VX20W-mopifunktsiooniga-6-400x255.webp 400w, https:\/\/blankpage.ee\/_ruumist-ruumi\/wp-content\/uploads\/2024\/11\/Varstolmuimeja-Deerma-DEM-VX20W-mopifunktsiooniga-6-922x587.webp 922w, https:\/\/blankpage.ee\/_ruumist-ruumi\/wp-content\/uploads\/2024\/11\/Varstolmuimeja-Deerma-DEM-VX20W-mopifunktsiooniga-6.webp 1000w\" sizes=\"auto, (max-width: 768px) 100vw, 768px\" \/><\/p>\n<h3>Teie mugavuse huvides<\/h3>\n<p>Avastage, et puhastamine ei pea \u00fcldse palju pingutust n\u00f5udma. DEM-VX20W tolmuimeja hari on varustatud kahepoolse ajamiga, mis muudab selle man\u00f6\u00f6verdamise ja isegi raskesti ligip\u00e4\u00e4setavate nurkade puhastamise palju lihtsamaks. Lisaks pakub pikk 5-meetrine kaabel liikumisvabadust ning kaasasolev alus v\u00f5imaldab mugavat hoiustamist. Seadmel on ka lamineeritud filter, mis hoiab \u00e4ra sekundaarse saastumise.<\/p>\n<p><img loading=\"lazy\" decoding=\"async\" class=\"alignnone size-medium_large wp-image-11703\" src=\"https:\/\/blankpage.ee\/_ruumist-ruumi\/wp-content\/uploads\/2024\/11\/Varstolmuimeja-Deerma-DEM-VX20W-mopifunktsiooniga-7-768x489.webp\" alt=\"Varstolmuimeja Deerma DEM-VX20W mopifunktsiooniga\" width=\"768\" height=\"489\" srcset=\"https:\/\/blankpage.ee\/_ruumist-ruumi\/wp-content\/uploads\/2024\/11\/Varstolmuimeja-Deerma-DEM-VX20W-mopifunktsiooniga-7-768x489.webp 768w, https:\/\/blankpage.ee\/_ruumist-ruumi\/wp-content\/uploads\/2024\/11\/Varstolmuimeja-Deerma-DEM-VX20W-mopifunktsiooniga-7-300x191.webp 300w, https:\/\/blankpage.ee\/_ruumist-ruumi\/wp-content\/uploads\/2024\/11\/Varstolmuimeja-Deerma-DEM-VX20W-mopifunktsiooniga-7-400x255.webp 400w, https:\/\/blankpage.ee\/_ruumist-ruumi\/wp-content\/uploads\/2024\/11\/Varstolmuimeja-Deerma-DEM-VX20W-mopifunktsiooniga-7-922x587.webp 922w, https:\/\/blankpage.ee\/_ruumist-ruumi\/wp-content\/uploads\/2024\/11\/Varstolmuimeja-Deerma-DEM-VX20W-mopifunktsiooniga-7.webp 1000w\" sizes=\"auto, (max-width: 768px) 100vw, 768px\" \/><\/p>\n<h3>Automaatne puhastamine<\/h3>\n<p>Te ei pea enam oma k\u00e4si m\u00e4\u00e4rima ega kulutama aega tolmuimeja harja puhastamisele ise. Deerma DEM-VX20W hoolitseb selle eest teie eest! Seade kasutab veeringluss\u00fcsteemi, et samal ajal mopida p\u00f5randat ja puhastada oma rulle. Nii ei pea te muretsema, et mustus satub tagasi just pestud pinnale! Pealegi, kui olete puhastamise l\u00f5petanud, saate tolmuimeja asetada alusele ja sisse l\u00fclitada isepuhastuva funktsiooni, et automaatselt puhastada harja ja toru.<\/p>\n<p><img loading=\"lazy\" decoding=\"async\" class=\"alignnone size-medium_large wp-image-11699\" src=\"https:\/\/blankpage.ee\/_ruumist-ruumi\/wp-content\/uploads\/2024\/11\/Varstolmuimeja-Deerma-DEM-VX20W-mopifunktsiooniga-2-768x489.webp\" alt=\"Varstolmuimeja Deerma DEM-VX20W mopifunktsiooniga\" width=\"768\" height=\"489\" srcset=\"https:\/\/blankpage.ee\/_ruumist-ruumi\/wp-content\/uploads\/2024\/11\/Varstolmuimeja-Deerma-DEM-VX20W-mopifunktsiooniga-2-768x489.webp 768w, https:\/\/blankpage.ee\/_ruumist-ruumi\/wp-content\/uploads\/2024\/11\/Varstolmuimeja-Deerma-DEM-VX20W-mopifunktsiooniga-2-300x191.webp 300w, https:\/\/blankpage.ee\/_ruumist-ruumi\/wp-content\/uploads\/2024\/11\/Varstolmuimeja-Deerma-DEM-VX20W-mopifunktsiooniga-2-400x255.webp 400w, https:\/\/blankpage.ee\/_ruumist-ruumi\/wp-content\/uploads\/2024\/11\/Varstolmuimeja-Deerma-DEM-VX20W-mopifunktsiooniga-2-922x587.webp 922w, https:\/\/blankpage.ee\/_ruumist-ruumi\/wp-content\/uploads\/2024\/11\/Varstolmuimeja-Deerma-DEM-VX20W-mopifunktsiooniga-2.webp 1000w\" sizes=\"auto, (max-width: 768px) 100vw, 768px\" \/><\/p>\n<h3>L\u00e4bim\u00f5eldud harjakujundus<\/h3>\n<p>Harja integreeritud disain t\u00e4hendab, et vajadusel saate h\u00f5lpsalt m\u00f5lemad rullid korraga v\u00e4lja vahetada. Pealegi on see piisavalt pehme ja \u00f5rn, et mitte kahjustada puhastatavaid p\u00f5randaid. Te ei pea muretsema oma plaatide v\u00f5i paneelide kriimustamise p\u00e4rast!<\/p>\n<p><img loading=\"lazy\" decoding=\"async\" class=\"alignnone size-medium_large wp-image-11705\" src=\"https:\/\/blankpage.ee\/_ruumist-ruumi\/wp-content\/uploads\/2024\/11\/Varstolmuimeja-Deerma-DEM-VX20W-mopifunktsiooniga-9-768x488.webp\" alt=\"Varstolmuimeja Deerma DEM-VX20W mopifunktsiooniga\" width=\"768\" height=\"488\" srcset=\"https:\/\/blankpage.ee\/_ruumist-ruumi\/wp-content\/uploads\/2024\/11\/Varstolmuimeja-Deerma-DEM-VX20W-mopifunktsiooniga-9-768x488.webp 768w, https:\/\/blankpage.ee\/_ruumist-ruumi\/wp-content\/uploads\/2024\/11\/Varstolmuimeja-Deerma-DEM-VX20W-mopifunktsiooniga-9-300x191.webp 300w, https:\/\/blankpage.ee\/_ruumist-ruumi\/wp-content\/uploads\/2024\/11\/Varstolmuimeja-Deerma-DEM-VX20W-mopifunktsiooniga-9-400x254.webp 400w, https:\/\/blankpage.ee\/_ruumist-ruumi\/wp-content\/uploads\/2024\/11\/Varstolmuimeja-Deerma-DEM-VX20W-mopifunktsiooniga-9-922x586.webp 922w, https:\/\/blankpage.ee\/_ruumist-ruumi\/wp-content\/uploads\/2024\/11\/Varstolmuimeja-Deerma-DEM-VX20W-mopifunktsiooniga-9.webp 1000w\" sizes=\"auto, (max-width: 768px) 100vw, 768px\" \/><\/p>\n<h3>Hoolitsege kogu oma kodu puhtuse eest<\/h3>\n<p>DEM-VX20W v\u00f5imaldab teil samaaegselt tolmuimejaga puhastada, n\u00fchkida ja mopiga pesta kogu oma kodu p\u00f5randaid &#8211; ilma, et peaksite lisatarvikuid vahetama. N\u00fc\u00fcd vajate ainult \u00fchte seadet, et p\u00f5hjalikult hoolitseda puhtuse eest! Selle abil saate h\u00f5lpsalt eemaldada tolmu ja puru elutoas, joogiplekke ja toiduj\u00e4\u00e4ke k\u00f6\u00f6gis, samuti juukseid ja valgunud vett vannitoas.<\/p>\n<p><img loading=\"lazy\" decoding=\"async\" class=\"alignnone size-medium_large wp-image-11700\" src=\"https:\/\/blankpage.ee\/_ruumist-ruumi\/wp-content\/uploads\/2024\/11\/Varstolmuimeja-Deerma-DEM-VX20W-mopifunktsiooniga-3-768x489.webp\" alt=\"Varstolmuimeja Deerma DEM-VX20W mopifunktsiooniga\" width=\"768\" height=\"489\" srcset=\"https:\/\/blankpage.ee\/_ruumist-ruumi\/wp-content\/uploads\/2024\/11\/Varstolmuimeja-Deerma-DEM-VX20W-mopifunktsiooniga-3-768x489.webp 768w, https:\/\/blankpage.ee\/_ruumist-ruumi\/wp-content\/uploads\/2024\/11\/Varstolmuimeja-Deerma-DEM-VX20W-mopifunktsiooniga-3-300x191.webp 300w, https:\/\/blankpage.ee\/_ruumist-ruumi\/wp-content\/uploads\/2024\/11\/Varstolmuimeja-Deerma-DEM-VX20W-mopifunktsiooniga-3-400x255.webp 400w, https:\/\/blankpage.ee\/_ruumist-ruumi\/wp-content\/uploads\/2024\/11\/Varstolmuimeja-Deerma-DEM-VX20W-mopifunktsiooniga-3-922x587.webp 922w, https:\/\/blankpage.ee\/_ruumist-ruumi\/wp-content\/uploads\/2024\/11\/Varstolmuimeja-Deerma-DEM-VX20W-mopifunktsiooniga-3.webp 1000w\" sizes=\"auto, (max-width: 768px) 100vw, 768px\" \/><\/p>\n<h3>Kaks veepaaki<\/h3>\n<p>Tolmuimeja on varustatud kahe veepaagiga &#8211; \u00fcks puhta vee jaoks (500 ml) ja teine musta vee jaoks (600 ml). Need on piisavalt suured, et h\u00f5lpsalt puhastada kogu maja p\u00f5randaid ilma, et peaksite neid t\u00fchjendama v\u00f5i t\u00e4itma! T\u00e4nu kasutatud lahendusele ei pea te muretsema, et mustus satub uuesti \u00e4sja puhastatud p\u00f5randale.<\/p>\n<p><img loading=\"lazy\" decoding=\"async\" class=\"alignnone size-medium_large wp-image-11704\" src=\"https:\/\/blankpage.ee\/_ruumist-ruumi\/wp-content\/uploads\/2024\/11\/Varstolmuimeja-Deerma-DEM-VX20W-mopifunktsiooniga-8-768x489.webp\" alt=\"Varstolmuimeja Deerma DEM-VX20W mopifunktsiooniga\" width=\"768\" height=\"489\" srcset=\"https:\/\/blankpage.ee\/_ruumist-ruumi\/wp-content\/uploads\/2024\/11\/Varstolmuimeja-Deerma-DEM-VX20W-mopifunktsiooniga-8-768x489.webp 768w, https:\/\/blankpage.ee\/_ruumist-ruumi\/wp-content\/uploads\/2024\/11\/Varstolmuimeja-Deerma-DEM-VX20W-mopifunktsiooniga-8-300x191.webp 300w, https:\/\/blankpage.ee\/_ruumist-ruumi\/wp-content\/uploads\/2024\/11\/Varstolmuimeja-Deerma-DEM-VX20W-mopifunktsiooniga-8-400x255.webp 400w, https:\/\/blankpage.ee\/_ruumist-ruumi\/wp-content\/uploads\/2024\/11\/Varstolmuimeja-Deerma-DEM-VX20W-mopifunktsiooniga-8-922x587.webp 922w, https:\/\/blankpage.ee\/_ruumist-ruumi\/wp-content\/uploads\/2024\/11\/Varstolmuimeja-Deerma-DEM-VX20W-mopifunktsiooniga-8.webp 1000w\" sizes=\"auto, (max-width: 768px) 100vw, 768px\" \/><\/p>\n<h3>H\u00e4\u00e4lteated<\/h3>\n<p>N\u00fc\u00fcd muutub tolmuimeja kasutamine veelgi lihtsamaks. DEM-VX20W toetab h\u00e4\u00e4lteadete funktsiooni, nii et see teavitab teid koheselt valitud t\u00f6\u00f6re\u017eiimist v\u00f5i automaatse puhastamise alustamisest. Samuti tuletab see meelde, et t\u00fchjendada musta vee paak. Te ei pea seda enam meeles pidama!<\/p>\n<p><img loading=\"lazy\" decoding=\"async\" class=\"alignnone size-medium_large wp-image-11706\" src=\"https:\/\/blankpage.ee\/_ruumist-ruumi\/wp-content\/uploads\/2024\/11\/Varstolmuimeja-Deerma-DEM-VX20W-mopifunktsiooniga-4-768x489.jpg\" alt=\"Varstolmuimeja Deerma DEM-VX20W mopifunktsiooniga\" width=\"768\" height=\"489\" srcset=\"https:\/\/blankpage.ee\/_ruumist-ruumi\/wp-content\/uploads\/2024\/11\/Varstolmuimeja-Deerma-DEM-VX20W-mopifunktsiooniga-4-768x489.jpg 768w, https:\/\/blankpage.ee\/_ruumist-ruumi\/wp-content\/uploads\/2024\/11\/Varstolmuimeja-Deerma-DEM-VX20W-mopifunktsiooniga-4-300x191.jpg 300w, https:\/\/blankpage.ee\/_ruumist-ruumi\/wp-content\/uploads\/2024\/11\/Varstolmuimeja-Deerma-DEM-VX20W-mopifunktsiooniga-4-400x255.jpg 400w, https:\/\/blankpage.ee\/_ruumist-ruumi\/wp-content\/uploads\/2024\/11\/Varstolmuimeja-Deerma-DEM-VX20W-mopifunktsiooniga-4-922x587.jpg 922w, https:\/\/blankpage.ee\/_ruumist-ruumi\/wp-content\/uploads\/2024\/11\/Varstolmuimeja-Deerma-DEM-VX20W-mopifunktsiooniga-4.jpg 1000w\" sizes=\"auto, (max-width: 768px) 100vw, 768px\" \/><\/p>\n<h3>Komplektis<\/h3>\n<ul class=\"list-disc\">\n<li>Tolmuimeja<\/li>\n<li>K\u00e4epide<\/li>\n<li>Alus<\/li>\n<li>Puhastushari<\/li>\n<li>Kasutusjuhend<\/li>\n<\/ul>\n<div class=\"table-wrapper\">\n<h3><\/h3>\n<table>\n<tbody>\n<tr>\n<th>Tootja<\/th>\n<td>Deerma<\/td>\n<\/tr>\n<tr>\n<th>Mudel<\/th>\n<td>DEM-VX20<\/td>\n<\/tr>\n<tr>\n<th>V\u00f5imsus<\/th>\n<td>420 W<\/td>\n<\/tr>\n<tr>\n<th>Nimipinge<\/th>\n<td>50 Hz<\/td>\n<\/tr>\n<tr>\n<th>Nimiv\u00f5imsus<\/th>\n<td>220 V<\/td>\n<\/tr>\n<tr>\n<th>Puhas veepaagi maht<\/th>\n<td>500 ml<\/td>\n<\/tr>\n<tr>\n<th>Musta veepaagi maht<\/th>\n<td>600 ml<\/td>\n<\/tr>\n<tr>\n<th>M\u00f5\u00f5tmed<\/th>\n<td>1165 x 272 x 380 mm<\/td>\n<\/tr>\n<\/tbody>\n<\/table>\n<\/div>\n","protected":false},"excerpt":{"rendered":"<p>Deerma DEM-VX20W p\u00fcstine tolmuimeja mopifunktsiooniga. Deerma DEM-VX20W p\u00fcstine tolmuimeja v\u00f5imaldab teil mitte ainult p\u00f5randaid tolmuimejaga puhastada, vaid ka neid p\u00f5hjalikult m\u00e4rgpuhastada. T\u00e4nu kahekordsetele harjadele ja 420 W v\u00f5imsusele saab see ideaalselt hakkama kangekaelse mustusega ning selle IPX4 veekindlus v\u00f5imaldab seda muretult vannitoas kasutada. Seadmel on eraldi paagid puhta ja musta vee jaoks ning see pakub [&hellip;]<\/p>\n","protected":false},"featured_media":11383,"comment_status":"closed","ping_status":"closed","template":"","meta":[],"product_brand":[],"product_cat":[813],"product_tag":[],"class_list":{"0":"post-11382","1":"product","2":"type-product","3":"status-publish","4":"has-post-thumbnail","6":"product_cat-varstolmuimejad","7":"product_shipping_class-innpro","9":"first","10":"instock","11":"sale","12":"taxable","13":"shipping-taxable","14":"purchasable","15":"product-type-simple"},"_links":{"self":[{"href":"https:\/\/blankpage.ee\/_ruumist-ruumi\/wp-json\/wp\/v2\/product\/11382","targetHints":{"allow":["GET"]}}],"collection":[{"href":"https:\/\/blankpage.ee\/_ruumist-ruumi\/wp-json\/wp\/v2\/product"}],"about":[{"href":"https:\/\/blankpage.ee\/_ruumist-ruumi\/wp-json\/wp\/v2\/types\/product"}],"replies":[{"embeddable":true,"href":"https:\/\/blankpage.ee\/_ruumist-ruumi\/wp-json\/wp\/v2\/comments?post=11382"}],"wp:featuredmedia":[{"embeddable":true,"href":"https:\/\/blankpage.ee\/_ruumist-ruumi\/wp-json\/wp\/v2\/media\/11383"}],"wp:attachment":[{"href":"https:\/\/blankpage.ee\/_ruumist-ruumi\/wp-json\/wp\/v2\/media?parent=11382"}],"wp:term":[{"taxonomy":"product_brand","embeddable":true,"href":"https:\/\/blankpage.ee\/_ruumist-ruumi\/wp-json\/wp\/v2\/product_brand?post=11382"},{"taxonomy":"product_cat","embeddable":true,"href":"https:\/\/blankpage.ee\/_ruumist-ruumi\/wp-json\/wp\/v2\/product_cat?post=11382"},{"taxonomy":"product_tag","embeddable":true,"href":"https:\/\/blankpage.ee\/_ruumist-ruumi\/wp-json\/wp\/v2\/product_tag?post=11382"}],"curies":[{"name":"wp","href":"https:\/\/api.w.org\/{rel}","templated":true}]}}