{"id":11865,"date":"2024-11-28T15:25:33","date_gmt":"2024-11-28T15:25:33","guid":{"rendered":"https:\/\/ruumistruumi.ee\/?post_type=product&#038;p=11865"},"modified":"2025-08-21T08:21:48","modified_gmt":"2025-08-21T08:21:48","slug":"kuumaohufrituur-leacco-af016-14l","status":"publish","type":"product","link":"https:\/\/blankpage.ee\/_ruumist-ruumi\/pood\/kuumaohufrituur-leacco-af016-14l\/","title":{"rendered":"Kuuma\u00f5hufrit\u00fc\u00fcr LEACCO AF016, 14L"},"content":{"rendered":"<h3>\u00d5hufrit\u00fc\u00fcr LEACCO AF016<\/h3>\n<p>Nautige maitsvaid ja tervislikke toite Leacco \u00f5hufrit\u00fc\u00fcriga AF016! T\u00e4nu oma t\u00e4iustatud 360\u00b0 kuuma\u00f5hu tsirkulatsioonis\u00fcsteemile on teie toit alati \u00fchtlaselt k\u00fcpsetatud. See pakub kuni 16 k\u00fcpsetusre\u017eiimi, andes teile piiramatu v\u00f5imaluse kulinaarseteks katsetusteks. Spetsiaalselt disainitud suur aken ja puutetundlik paneel muudavad kasutamise veelgi lihtsamaks. Samuti paistab see silma oma 14-liitrise mahutavusega, nii et saate h\u00f5lpsasti valmistada roogi kogu perele v\u00f5i kutsutud k\u00fclalistele!<\/p>\n<p><img loading=\"lazy\" decoding=\"async\" class=\"alignnone size-medium_large wp-image-11991\" src=\"https:\/\/blankpage.ee\/_ruumist-ruumi\/wp-content\/uploads\/2024\/11\/Kuumaohufrituur-LEACCO-AF016-8-768x489.jpg\" alt=\"Kuuma\u00f5hufrit\u00fc\u00fcr LEACCO AF016\" width=\"768\" height=\"489\" srcset=\"https:\/\/blankpage.ee\/_ruumist-ruumi\/wp-content\/uploads\/2024\/11\/Kuumaohufrituur-LEACCO-AF016-8-768x489.jpg 768w, https:\/\/blankpage.ee\/_ruumist-ruumi\/wp-content\/uploads\/2024\/11\/Kuumaohufrituur-LEACCO-AF016-8-300x191.jpg 300w, https:\/\/blankpage.ee\/_ruumist-ruumi\/wp-content\/uploads\/2024\/11\/Kuumaohufrituur-LEACCO-AF016-8-400x255.jpg 400w, https:\/\/blankpage.ee\/_ruumist-ruumi\/wp-content\/uploads\/2024\/11\/Kuumaohufrituur-LEACCO-AF016-8-922x587.jpg 922w, https:\/\/blankpage.ee\/_ruumist-ruumi\/wp-content\/uploads\/2024\/11\/Kuumaohufrituur-LEACCO-AF016-8.jpg 1000w\" sizes=\"auto, (max-width: 768px) 100vw, 768px\" \/><\/p>\n<h3>Maitsvad ja madala kalorsusega toidud m\u00f5ne hetkega<\/h3>\n<p>Tervislik toiduvalmistamine pole kunagi olnud lihtsam! \u00d5hufrit\u00fc\u00fcr kasutab t\u00e4iustatud 360\u00b0 kuuma\u00f5hu tsirkulatsioonis\u00fcsteemi, mis tagab, et teie toit on \u00fchtlaselt k\u00fcpsetatud igast k\u00fcljest. See aitab saavutada t\u00e4iusliku kr\u00f5beduse v\u00e4ljast, s\u00e4ilitades samal ajal mahlakuse ja maitse sees. Seade v\u00f5imaldab ka k\u00fcpsetusaega ja temperatuuri reguleerida laias vahemikus 40\u00b0C kuni 200\u00b0C, andes teile t\u00e4ieliku kontrolli toiduvalmistamise protsessi \u00fcle. Leacco \u00f5hufrit\u00fc\u00fcriga muutub iga s\u00f6\u00f6gikord t\u00f5eliseks maitseelamuseks.<\/p>\n<p><img loading=\"lazy\" decoding=\"async\" class=\"alignnone size-medium_large wp-image-11992\" src=\"https:\/\/blankpage.ee\/_ruumist-ruumi\/wp-content\/uploads\/2024\/11\/Kuumaohufrituur-LEACCO-AF016-2-768x489.jpg\" alt=\"Kuuma\u00f5hufrit\u00fc\u00fcr LEACCO AF016\" width=\"768\" height=\"489\" srcset=\"https:\/\/blankpage.ee\/_ruumist-ruumi\/wp-content\/uploads\/2024\/11\/Kuumaohufrituur-LEACCO-AF016-2-768x489.jpg 768w, https:\/\/blankpage.ee\/_ruumist-ruumi\/wp-content\/uploads\/2024\/11\/Kuumaohufrituur-LEACCO-AF016-2-300x191.jpg 300w, https:\/\/blankpage.ee\/_ruumist-ruumi\/wp-content\/uploads\/2024\/11\/Kuumaohufrituur-LEACCO-AF016-2-400x255.jpg 400w, https:\/\/blankpage.ee\/_ruumist-ruumi\/wp-content\/uploads\/2024\/11\/Kuumaohufrituur-LEACCO-AF016-2-922x587.jpg 922w, https:\/\/blankpage.ee\/_ruumist-ruumi\/wp-content\/uploads\/2024\/11\/Kuumaohufrituur-LEACCO-AF016-2.jpg 1000w\" sizes=\"auto, (max-width: 768px) 100vw, 768px\" \/><\/p>\n<h3>16 k\u00fcpsetusre\u017eiimi piiramatu loovuse jaoks<\/h3>\n<p>Saage veelgi rohkem v\u00f5imalusi \u00f5hufrit\u00fc\u00fcriga! AF016 v\u00f5imaldab valida kuni 16 k\u00fcpsetusre\u017eiimi vahel. Kas soovite k\u00fcpsetada, praadida, grillida v\u00f5i isegi kuivatada puuvilju v\u00f5i sulatada liha, Leacco \u00f5hufrit\u00fc\u00fcril on k\u00f5ik vajalik olemas. Nii saate kiiresti ja mugavalt k\u00fcpsetada kooki, mahlast kana, kr\u00f5bedaid friikartuleid, maitsvat pitsat v\u00f5i valmistada popkorni &#8211; k\u00f5ik \u00fches seadmes. Lisaks pakub seade soojashoidmise re\u017eiimi, mis v\u00f5imaldab serveerida toite alati \u00f5ige temperatuuriga.<\/p>\n<p><img loading=\"lazy\" decoding=\"async\" class=\"alignnone size-medium_large wp-image-11990\" src=\"https:\/\/blankpage.ee\/_ruumist-ruumi\/wp-content\/uploads\/2024\/11\/Kuumaohufrituur-LEACCO-AF016-6-768x489.jpg\" alt=\"Kuuma\u00f5hufrit\u00fc\u00fcr LEACCO AF016\" width=\"768\" height=\"489\" srcset=\"https:\/\/blankpage.ee\/_ruumist-ruumi\/wp-content\/uploads\/2024\/11\/Kuumaohufrituur-LEACCO-AF016-6-768x489.jpg 768w, https:\/\/blankpage.ee\/_ruumist-ruumi\/wp-content\/uploads\/2024\/11\/Kuumaohufrituur-LEACCO-AF016-6-300x191.jpg 300w, https:\/\/blankpage.ee\/_ruumist-ruumi\/wp-content\/uploads\/2024\/11\/Kuumaohufrituur-LEACCO-AF016-6-400x255.jpg 400w, https:\/\/blankpage.ee\/_ruumist-ruumi\/wp-content\/uploads\/2024\/11\/Kuumaohufrituur-LEACCO-AF016-6-922x587.jpg 922w, https:\/\/blankpage.ee\/_ruumist-ruumi\/wp-content\/uploads\/2024\/11\/Kuumaohufrituur-LEACCO-AF016-6.jpg 1000w\" sizes=\"auto, (max-width: 768px) 100vw, 768px\" \/><\/p>\n<h3>L\u00e4bim\u00f5eldud disain &#8211; lihtne kasutamine<\/h3>\n<p>\u00d5hufrit\u00fc\u00fcr avaldab muljet mitte ainult oma funktsionaalsusega, vaid ka hoolikalt l\u00e4bim\u00f5eldud disainiga. See on varustatud suure aknaga, mis v\u00f5imaldab j\u00e4lgida k\u00fcpsetusprotsessi ilma kaant avamata. Selle mahutavus on koguni 14 liitrit &#8211; nii ei pea te muretsema ruumipuuduse v\u00f5i vajaduse p\u00e4rast s\u00fc\u00fca teha mitmes osas &#8211; \u00f5hufrit\u00fc\u00fcr mahutab k\u00f5ik vajaliku. Sisseehitatud ekraan muudab seadme kasutamise lihtsamaks. Selle abil saate h\u00f5lpsasti reguleerida aega v\u00f5i temperatuuri, samuti muuta k\u00fcpsetusre\u017eiimi. Samuti hoiate seda probleemideta puhtana.<\/p>\n<p><img loading=\"lazy\" decoding=\"async\" class=\"alignnone size-medium_large wp-image-11993\" src=\"https:\/\/blankpage.ee\/_ruumist-ruumi\/wp-content\/uploads\/2024\/11\/Kuumaohufrituur-LEACCO-AF016-4-768x489.jpg\" alt=\"Kuuma\u00f5hufrit\u00fc\u00fcr LEACCO AF016\" width=\"768\" height=\"489\" srcset=\"https:\/\/blankpage.ee\/_ruumist-ruumi\/wp-content\/uploads\/2024\/11\/Kuumaohufrituur-LEACCO-AF016-4-768x489.jpg 768w, https:\/\/blankpage.ee\/_ruumist-ruumi\/wp-content\/uploads\/2024\/11\/Kuumaohufrituur-LEACCO-AF016-4-300x191.jpg 300w, https:\/\/blankpage.ee\/_ruumist-ruumi\/wp-content\/uploads\/2024\/11\/Kuumaohufrituur-LEACCO-AF016-4-400x255.jpg 400w, https:\/\/blankpage.ee\/_ruumist-ruumi\/wp-content\/uploads\/2024\/11\/Kuumaohufrituur-LEACCO-AF016-4-922x587.jpg 922w, https:\/\/blankpage.ee\/_ruumist-ruumi\/wp-content\/uploads\/2024\/11\/Kuumaohufrituur-LEACCO-AF016-4.jpg 1000w\" sizes=\"auto, (max-width: 768px) 100vw, 768px\" \/><\/p>\n<h3>Komplekti kuulub<\/h3>\n<ul>\n<li>\u00f5hufrit\u00fc\u00fcr<\/li>\n<li>korv<\/li>\n<li>tilkumisalus<\/li>\n<li>rest<\/li>\n<li>varras<\/li>\n<li>grillitangid<\/li>\n<\/ul>\n<div class=\"table-wrapper\">\n<table>\n<tbody>\n<tr>\n<th>Tootja<\/th>\n<td>Leacco<\/td>\n<\/tr>\n<tr>\n<th>Mudel<\/th>\n<td>AF016<\/td>\n<\/tr>\n<tr>\n<th>V\u00e4rv<\/th>\n<td>Must<\/td>\n<\/tr>\n<tr>\n<th>Mahutavus<\/th>\n<td>14 l<\/td>\n<\/tr>\n<tr>\n<th>T\u00f6\u00f6tamistemperatuur<\/th>\n<td>40-200\u00b0C<\/td>\n<\/tr>\n<tr>\n<th>Juhtimine<\/th>\n<td>Puutetundlik paneel<\/td>\n<\/tr>\n<tr>\n<th>M\u00f5\u00f5tmed<\/th>\n<td>380 x 330 x 370 mm<\/td>\n<\/tr>\n<tr>\n<th>Nimipinge<\/th>\n<td>110-240V \/ 50-60 Hz<\/td>\n<\/tr>\n<tr>\n<th>V\u00f5imsus<\/th>\n<td>1700 W<\/td>\n<\/tr>\n<tr>\n<th>Kaal<\/th>\n<td>10 kg<\/td>\n<\/tr>\n<tr>\n<th>K\u00fctmismeetod<\/th>\n<td>K\u00fctmistoru \u00f5huringlus 360\u00b0<\/td>\n<\/tr>\n<tr>\n<th>Materjal<\/th>\n<td>Roostevaba teras<\/td>\n<\/tr>\n<\/tbody>\n<\/table>\n<\/div>\n","protected":false},"excerpt":{"rendered":"<p>\u00d5hufrit\u00fc\u00fcr LEACCO AF016 Nautige maitsvaid ja tervislikke toite Leacco \u00f5hufrit\u00fc\u00fcriga AF016! T\u00e4nu oma t\u00e4iustatud 360\u00b0 kuuma\u00f5hu tsirkulatsioonis\u00fcsteemile on teie toit alati \u00fchtlaselt k\u00fcpsetatud. See pakub kuni 16 k\u00fcpsetusre\u017eiimi, andes teile piiramatu v\u00f5imaluse kulinaarseteks katsetusteks. Spetsiaalselt disainitud suur aken ja puutetundlik paneel muudavad kasutamise veelgi lihtsamaks. Samuti paistab see silma oma 14-liitrise mahutavusega, nii et saate [&hellip;]<\/p>\n","protected":false},"featured_media":11866,"comment_status":"open","ping_status":"closed","template":"","meta":[],"product_brand":[],"product_cat":[814],"product_tag":[],"class_list":{"0":"post-11865","1":"product","2":"type-product","3":"status-publish","4":"has-post-thumbnail","6":"product_cat-kuumaohufrituurid","7":"product_shipping_class-innpro","9":"first","10":"instock","11":"sale","12":"taxable","13":"shipping-taxable","14":"purchasable","15":"product-type-simple"},"_links":{"self":[{"href":"https:\/\/blankpage.ee\/_ruumist-ruumi\/wp-json\/wp\/v2\/product\/11865","targetHints":{"allow":["GET"]}}],"collection":[{"href":"https:\/\/blankpage.ee\/_ruumist-ruumi\/wp-json\/wp\/v2\/product"}],"about":[{"href":"https:\/\/blankpage.ee\/_ruumist-ruumi\/wp-json\/wp\/v2\/types\/product"}],"replies":[{"embeddable":true,"href":"https:\/\/blankpage.ee\/_ruumist-ruumi\/wp-json\/wp\/v2\/comments?post=11865"}],"wp:featuredmedia":[{"embeddable":true,"href":"https:\/\/blankpage.ee\/_ruumist-ruumi\/wp-json\/wp\/v2\/media\/11866"}],"wp:attachment":[{"href":"https:\/\/blankpage.ee\/_ruumist-ruumi\/wp-json\/wp\/v2\/media?parent=11865"}],"wp:term":[{"taxonomy":"product_brand","embeddable":true,"href":"https:\/\/blankpage.ee\/_ruumist-ruumi\/wp-json\/wp\/v2\/product_brand?post=11865"},{"taxonomy":"product_cat","embeddable":true,"href":"https:\/\/blankpage.ee\/_ruumist-ruumi\/wp-json\/wp\/v2\/product_cat?post=11865"},{"taxonomy":"product_tag","embeddable":true,"href":"https:\/\/blankpage.ee\/_ruumist-ruumi\/wp-json\/wp\/v2\/product_tag?post=11865"}],"curies":[{"name":"wp","href":"https:\/\/api.w.org\/{rel}","templated":true}]}}