{"id":11924,"date":"2024-11-28T15:42:26","date_gmt":"2024-11-28T15:42:26","guid":{"rendered":"https:\/\/ruumistruumi.ee\/?post_type=product&#038;p=11924"},"modified":"2025-04-17T09:53:53","modified_gmt":"2025-04-17T09:53:53","slug":"blender-gopower-elite-must","status":"publish","type":"product","link":"https:\/\/blankpage.ee\/_ruumist-ruumi\/pood\/blender-gopower-elite-must\/","title":{"rendered":"Blender Gopower Elite (must)"},"content":{"rendered":"<h3>Cocinare GoPower eLite Blender (must)<\/h3>\n<p>Valmista maitsvaid smuutisid, proteiinikokteile ja isegi mandlipiima hetkega. Cocinare GoPower eLite blender on varustatud 6 titaanisulamist teraga. Seade eristub 1100 vatti v\u00f5imsusega ja t\u00f6\u00f6tab kiirusel 30 000 p\/min. 600 ml mahutavusega kaasaskantav \u0161eiker tagab mugava ligip\u00e4\u00e4su toitaineterikastele jookidele k\u00f5ikjal ning toote puhastamine ei ole t\u00fclikas. Spetsiaalne turvas\u00fcsteem v\u00e4hendab blenderi kahjustamise riski.<\/p>\n<p><img loading=\"lazy\" decoding=\"async\" class=\"alignnone size-medium_large wp-image-12351\" src=\"https:\/\/blankpage.ee\/_ruumist-ruumi\/wp-content\/uploads\/2024\/11\/Blender-Gopower-Elite-must-1-768x489.jpg\" alt=\"Blender Gopower Elite (must)\" width=\"768\" height=\"489\" srcset=\"https:\/\/blankpage.ee\/_ruumist-ruumi\/wp-content\/uploads\/2024\/11\/Blender-Gopower-Elite-must-1-768x489.jpg 768w, https:\/\/blankpage.ee\/_ruumist-ruumi\/wp-content\/uploads\/2024\/11\/Blender-Gopower-Elite-must-1-300x191.jpg 300w, https:\/\/blankpage.ee\/_ruumist-ruumi\/wp-content\/uploads\/2024\/11\/Blender-Gopower-Elite-must-1-400x255.jpg 400w, https:\/\/blankpage.ee\/_ruumist-ruumi\/wp-content\/uploads\/2024\/11\/Blender-Gopower-Elite-must-1-922x587.jpg 922w, https:\/\/blankpage.ee\/_ruumist-ruumi\/wp-content\/uploads\/2024\/11\/Blender-Gopower-Elite-must-1.jpg 1000w\" sizes=\"auto, (max-width: 768px) 100vw, 768px\" \/><\/p>\n<h3>T\u00f5hus t\u00f6\u00f6<\/h3>\n<p>Cocinare blender on varustatud v\u00f5imsa mootoriga, mis t\u00f6\u00f6tab kuni 1100 vatti ja kiirusel 30 000 p\/min. 6 titaanisulamist tera saavad suurep\u00e4raselt hakkama ka k\u00f5ige raskemate koostisosadega. Seade purustab k\u00fclmutatud puuviljad, j\u00e4\u00e4kuubikud ja isegi p\u00e4hklid sekunditega. Titaanpind teradel s\u00e4ilitab k\u00f5ik toiduainete toitained.<\/p>\n<p><img loading=\"lazy\" decoding=\"async\" class=\"alignnone size-medium_large wp-image-12347\" src=\"https:\/\/blankpage.ee\/_ruumist-ruumi\/wp-content\/uploads\/2024\/11\/Blender-Gopower-Elite-must-2-768x489.jpg\" alt=\"Blender Gopower Elite (must)\" width=\"768\" height=\"489\" srcset=\"https:\/\/blankpage.ee\/_ruumist-ruumi\/wp-content\/uploads\/2024\/11\/Blender-Gopower-Elite-must-2-768x489.jpg 768w, https:\/\/blankpage.ee\/_ruumist-ruumi\/wp-content\/uploads\/2024\/11\/Blender-Gopower-Elite-must-2-300x191.jpg 300w, https:\/\/blankpage.ee\/_ruumist-ruumi\/wp-content\/uploads\/2024\/11\/Blender-Gopower-Elite-must-2-400x255.jpg 400w, https:\/\/blankpage.ee\/_ruumist-ruumi\/wp-content\/uploads\/2024\/11\/Blender-Gopower-Elite-must-2-922x587.jpg 922w, https:\/\/blankpage.ee\/_ruumist-ruumi\/wp-content\/uploads\/2024\/11\/Blender-Gopower-Elite-must-2.jpg 1000w\" sizes=\"auto, (max-width: 768px) 100vw, 768px\" \/><\/p>\n<h3>Kaasaskantav \u0161eiker<\/h3>\n<p>Vali Cocinare pakkumine ja naudi mugavust, mida pakub blenderi ja \u0161eikeri integreerimine. Piisab, kui asetad soovitud koostisosad seadmesse ja vajutad vastavat nuppu. Seej\u00e4rel saad mugavalt 600 ml \u0161eikeri lahti \u00fchendada ja k\u00f5ikjale kaasa v\u00f5tta. Pudel on BPA-vaba, lekkekindel, purunemiskindel ja varustatud silikoonist libisemisvastase elemendiga lisamugavuseks.<\/p>\n<p><img loading=\"lazy\" decoding=\"async\" class=\"alignnone size-medium_large wp-image-12348\" src=\"https:\/\/blankpage.ee\/_ruumist-ruumi\/wp-content\/uploads\/2024\/11\/Blender-Gopower-Elite-must-3-768x489.jpg\" alt=\"Blender Gopower Elite (must)\" width=\"768\" height=\"489\" srcset=\"https:\/\/blankpage.ee\/_ruumist-ruumi\/wp-content\/uploads\/2024\/11\/Blender-Gopower-Elite-must-3-768x489.jpg 768w, https:\/\/blankpage.ee\/_ruumist-ruumi\/wp-content\/uploads\/2024\/11\/Blender-Gopower-Elite-must-3-300x191.jpg 300w, https:\/\/blankpage.ee\/_ruumist-ruumi\/wp-content\/uploads\/2024\/11\/Blender-Gopower-Elite-must-3-400x255.jpg 400w, https:\/\/blankpage.ee\/_ruumist-ruumi\/wp-content\/uploads\/2024\/11\/Blender-Gopower-Elite-must-3-922x587.jpg 922w, https:\/\/blankpage.ee\/_ruumist-ruumi\/wp-content\/uploads\/2024\/11\/Blender-Gopower-Elite-must-3.jpg 1000w\" sizes=\"auto, (max-width: 768px) 100vw, 768px\" \/><\/p>\n<h3>L\u00e4bim\u00f5eldud lahendused<\/h3>\n<p>Tihend on valmistatud toidukvaliteediga silikoonist ja integreeritud terade alusesse, v\u00e4listades selle \u00e4rakukkumise ja joogiga segunemise riski. Terasid saab aktiveerida ainult siis, kui pudel on korrektselt alusele asetatud &#8211; seega ei pea sa muretsema juhusliku aktiveerimise p\u00e4rast.<\/p>\n<p><img loading=\"lazy\" decoding=\"async\" class=\"alignnone size-medium_large wp-image-12349\" src=\"https:\/\/blankpage.ee\/_ruumist-ruumi\/wp-content\/uploads\/2024\/11\/Blender-Gopower-Elite-must-4-768x489.jpg\" alt=\"Blender Gopower Elite (must)\" width=\"768\" height=\"489\" srcset=\"https:\/\/blankpage.ee\/_ruumist-ruumi\/wp-content\/uploads\/2024\/11\/Blender-Gopower-Elite-must-4-768x489.jpg 768w, https:\/\/blankpage.ee\/_ruumist-ruumi\/wp-content\/uploads\/2024\/11\/Blender-Gopower-Elite-must-4-300x191.jpg 300w, https:\/\/blankpage.ee\/_ruumist-ruumi\/wp-content\/uploads\/2024\/11\/Blender-Gopower-Elite-must-4-400x255.jpg 400w, https:\/\/blankpage.ee\/_ruumist-ruumi\/wp-content\/uploads\/2024\/11\/Blender-Gopower-Elite-must-4-922x587.jpg 922w, https:\/\/blankpage.ee\/_ruumist-ruumi\/wp-content\/uploads\/2024\/11\/Blender-Gopower-Elite-must-4.jpg 1000w\" sizes=\"auto, (max-width: 768px) 100vw, 768px\" \/><\/p>\n<h3>Lai valik turvaelemente<\/h3>\n<p>T\u00e4nu termokaitsele ei pea sa muretsema seadme \u00fclekuumenemise p\u00e4rast. Blenderi kahjustuste ja v\u00f5imaliku tuleohu v\u00e4ltimiseks on mootorisse integreeritud \u00fclekoormuskaitse s\u00fcsteem, mis hoiab \u00e4ra \u00fclekoormuse v\u00f5i l\u00fchise t\u00f5ttu tekkiva \u00fclekoormuse. Seade l\u00fclitub h\u00e4daolukorras v\u00e4lja.<\/p>\n<p><img loading=\"lazy\" decoding=\"async\" class=\"alignnone size-medium_large wp-image-12350\" src=\"https:\/\/blankpage.ee\/_ruumist-ruumi\/wp-content\/uploads\/2024\/11\/Blender-Gopower-Elite-must-5-768x489.jpg\" alt=\"Blender Gopower Elite (must)\" width=\"768\" height=\"489\" srcset=\"https:\/\/blankpage.ee\/_ruumist-ruumi\/wp-content\/uploads\/2024\/11\/Blender-Gopower-Elite-must-5-768x489.jpg 768w, https:\/\/blankpage.ee\/_ruumist-ruumi\/wp-content\/uploads\/2024\/11\/Blender-Gopower-Elite-must-5-300x191.jpg 300w, https:\/\/blankpage.ee\/_ruumist-ruumi\/wp-content\/uploads\/2024\/11\/Blender-Gopower-Elite-must-5-400x255.jpg 400w, https:\/\/blankpage.ee\/_ruumist-ruumi\/wp-content\/uploads\/2024\/11\/Blender-Gopower-Elite-must-5-922x587.jpg 922w, https:\/\/blankpage.ee\/_ruumist-ruumi\/wp-content\/uploads\/2024\/11\/Blender-Gopower-Elite-must-5.jpg 1000w\" sizes=\"auto, (max-width: 768px) 100vw, 768px\" \/><\/p>\n<h3>Lihtne puhastada<\/h3>\n<p>Cocinare seadme puhtana hoidmine ei ole t\u00fclikas. Saad terad lihtsalt lahti keerata ja neid ning pudelit voolava vee all puhastada. Samuti v\u00f5id toodet muretult n\u00f5udepesumasinas puhastada. T\u00e4nu sellele lahendusele ei ole blenderi pesemine enam t\u00fclikas ja aegan\u00f5udev. Saad kiiresti ja lihtsalt eemaldada kogu mustuse ja bakterid ning su smuutid ja kokteilid on alati v\u00e4rsked ja maitsvad.<\/p>\n<h3>\nKomplektis:<\/h3>\n<ul>\n<li>Blender x1<\/li>\n<li>\u0160eiker x1<\/li>\n<li>Kasutusjuhend x1<\/li>\n<\/ul>\n<div class=\"table-wrapper\">\n<table>\n<tbody>\n<tr>\n<th>Tootja<\/th>\n<td>Cocinare<\/td>\n<\/tr>\n<tr>\n<th>Mudel<\/th>\n<td>GoPower eLite<\/td>\n<\/tr>\n<tr>\n<th>\u0160eikeri mahutavus<\/th>\n<td>600 ml<\/td>\n<\/tr>\n<tr>\n<th>Nimiv\u00f5imsus<\/th>\n<td>550 W<\/td>\n<\/tr>\n<tr>\n<th>Tippv\u00f5imsus<\/th>\n<td>1100 W<\/td>\n<\/tr>\n<tr>\n<th>Kiirus<\/th>\n<td>30 000 p\/min<\/td>\n<\/tr>\n<tr>\n<th>Laius<\/th>\n<td>5 tolli<\/td>\n<\/tr>\n<tr>\n<th>K\u00f5rgus<\/th>\n<td>18,62 tolli<\/td>\n<\/tr>\n<tr>\n<th>Toiteallikas<\/th>\n<td>220V~50Hz<\/td>\n<\/tr>\n<tr>\n<th>V\u00e4rv<\/th>\n<td>must<\/td>\n<\/tr>\n<\/tbody>\n<\/table>\n<\/div>\n","protected":false},"excerpt":{"rendered":"<p>Cocinare GoPower eLite Blender (must) Valmista maitsvaid smuutisid, proteiinikokteile ja isegi mandlipiima hetkega. Cocinare GoPower eLite blender on varustatud 6 titaanisulamist teraga. Seade eristub 1100 vatti v\u00f5imsusega ja t\u00f6\u00f6tab kiirusel 30 000 p\/min. 600 ml mahutavusega kaasaskantav \u0161eiker tagab mugava ligip\u00e4\u00e4su toitaineterikastele jookidele k\u00f5ikjal ning toote puhastamine ei ole t\u00fclikas. Spetsiaalne turvas\u00fcsteem v\u00e4hendab blenderi kahjustamise [&hellip;]<\/p>\n","protected":false},"featured_media":11925,"comment_status":"open","ping_status":"closed","template":"","meta":[],"product_brand":[],"product_cat":[816],"product_tag":[],"class_list":{"0":"post-11924","1":"product","2":"type-product","3":"status-publish","4":"has-post-thumbnail","6":"product_cat-blenderid","7":"product_shipping_class-innpro","9":"first","10":"outofstock","11":"taxable","12":"shipping-taxable","13":"purchasable","14":"product-type-simple"},"_links":{"self":[{"href":"https:\/\/blankpage.ee\/_ruumist-ruumi\/wp-json\/wp\/v2\/product\/11924","targetHints":{"allow":["GET"]}}],"collection":[{"href":"https:\/\/blankpage.ee\/_ruumist-ruumi\/wp-json\/wp\/v2\/product"}],"about":[{"href":"https:\/\/blankpage.ee\/_ruumist-ruumi\/wp-json\/wp\/v2\/types\/product"}],"replies":[{"embeddable":true,"href":"https:\/\/blankpage.ee\/_ruumist-ruumi\/wp-json\/wp\/v2\/comments?post=11924"}],"wp:featuredmedia":[{"embeddable":true,"href":"https:\/\/blankpage.ee\/_ruumist-ruumi\/wp-json\/wp\/v2\/media\/11925"}],"wp:attachment":[{"href":"https:\/\/blankpage.ee\/_ruumist-ruumi\/wp-json\/wp\/v2\/media?parent=11924"}],"wp:term":[{"taxonomy":"product_brand","embeddable":true,"href":"https:\/\/blankpage.ee\/_ruumist-ruumi\/wp-json\/wp\/v2\/product_brand?post=11924"},{"taxonomy":"product_cat","embeddable":true,"href":"https:\/\/blankpage.ee\/_ruumist-ruumi\/wp-json\/wp\/v2\/product_cat?post=11924"},{"taxonomy":"product_tag","embeddable":true,"href":"https:\/\/blankpage.ee\/_ruumist-ruumi\/wp-json\/wp\/v2\/product_tag?post=11924"}],"curies":[{"name":"wp","href":"https:\/\/api.w.org\/{rel}","templated":true}]}}