{"id":12113,"date":"2025-04-19T21:27:33","date_gmt":"2025-04-19T21:27:33","guid":{"rendered":"https:\/\/ruumistruumi.ee\/?post_type=product&#038;p=12113"},"modified":"2025-08-21T08:18:24","modified_gmt":"2025-08-21T08:18:24","slug":"intelligentne-isepuhastuv-kassiliivakast-petkit-pura-max-2-premium","status":"publish","type":"product","link":"https:\/\/blankpage.ee\/_ruumist-ruumi\/pood\/intelligentne-isepuhastuv-kassiliivakast-petkit-pura-max-2-premium\/","title":{"rendered":"Nutikas isepuhastuv kassiliivakast PetKit Pura MAX 2 PREMIUM (Wi-Fi, 7 l, P9902)"},"content":{"rendered":"<h3>Isepuhastuv kassiliivakast PetKit Pura MAX 2 PREMIUM \u2013 k\u00f5ige mugavam valik sinu kassile<\/h3>\n<p><strong>Isepuhastuv kassiliivakast<\/strong> PetKit Pura MAX 2 PREMIUM \u00fchendab uuenduslikkuse, mugavuse ja h\u00fcgieeni. Nutikad andurid, lekkekindel ShieldBase silinder ning kolmekordne l\u00f5hnakaitse hoiavad kassi tualeti alati puhta ja kodu v\u00e4rskena. 7-liitrine j\u00e4\u00e4tmeanum v\u00f5imaldab liivakasti t\u00fchjendada harvemini, kuni iga 15 p\u00e4eva tagant. K\u00f5iki seadme seadistusi ning kassi harjumusi saab mugavalt j\u00e4lgida PETKIT mobiilirakenduses.<\/p>\n<p><img decoding=\"async\" src=\"https:\/\/blankpage.ee\/_ruumist-ruumi\/wp-content\/uploads\/2025\/04\/1-648.webp\" alt=\"valge isepuhastuv kassiliivakast PetKit Pura MAX 2 PREMIUM eestvaates\"\/><\/p>\n<h3>Maksimaalne turvalisus ja lekkekindlus<\/h3>\n<p>Uuendatud ShieldBase silinder tagab liivakasti t\u00e4ieliku lekkekindluse ja hoiab \u00e4ra niiskuse ning mustuse sattumise v\u00e4ljapoole. Laborikatsetes peab kassitualett vastu kuni 2 liitrit vedelikku. Ohutust tagavad 11 sisseehitatud andurit, mis j\u00e4lgivad pidevalt kassi liikumist. Puhastusre\u017eiimi ajal j\u00e4\u00e4b avaus avatuks, et kass p\u00e4\u00e4seks vajadusel alati v\u00e4lja.<\/p>\n<p><img decoding=\"async\" src=\"https:\/\/blankpage.ee\/_ruumist-ruumi\/wp-content\/uploads\/2025\/04\/6-428.webp\" alt=\"automaatne kassiliivakast avatud ukse ja juhtpaneeliga\"\/><\/p>\n<h3>Kuni 15 p\u00e4eva ilma puhastamiseta<\/h3>\n<p>7-liitrine j\u00e4\u00e4tmeanum t\u00e4hendab, et liivakasti ei pea igap\u00e4evaselt t\u00fchjendama. See muudab toote eriti mugavaks aktiivsele kassiomanikule v\u00f5i pikemaks kodust eemalolekuks.<\/p>\n<p><img decoding=\"async\" src=\"https:\/\/blankpage.ee\/_ruumist-ruumi\/wp-content\/uploads\/2025\/04\/4-565.webp\" alt=\"isepuhastuv kassiliivakast PetKit Pura MAX suure mahutavusega j\u00e4\u00e4tmeanumaga\"\/><\/p>\n<h3>Kolmekordne l\u00f5hnakaitse<\/h3>\n<p>T\u00e4nu spetsiaalsele kolmekordsele l\u00f5hnakaitsele elimineeritakse ebameeldivad l\u00f5hnad: PETKIT Smart Spray neutraliseerib \u00f5hku, \u00f5hukindel j\u00e4\u00e4tmeanum hoiab l\u00f5hna kinni ning neutraliseeriv kassett aitab lahustada ammoniaaki. Sinu kodu on alati v\u00e4rske ning l\u00f5hnavaba.<\/p>\n<p><img decoding=\"async\" src=\"https:\/\/blankpage.ee\/_ruumist-ruumi\/wp-content\/uploads\/2025\/04\/5-495.webp\" alt=\"PETKIT \u00f5hupuhastuss\u00fcsteem isepuhastuva kassiliivakasti sees\"\/><\/p>\n<h3>K\u00f5ik kontrolli all \u00e4pi kaudu<\/h3>\n<p>Seadme t\u00f6\u00f6 on \u00fchendatud PETKIT mobiilirakendusega, kust saad n\u00e4ha kassi harjumusi, kehakaalu, seadistada puhastusre\u017eiime ja saada teavitusi vajadusel j\u00e4\u00e4tmeanuma t\u00fchjendamiseks.<\/p>\n<p><img decoding=\"async\" src=\"https:\/\/blankpage.ee\/_ruumist-ruumi\/wp-content\/uploads\/2025\/04\/3-597.webp\" alt=\"PETKIT nutirakendus isepuhastuva kassiliivakasti juhtimiseks\"\/><\/p>\n<h3>Sobib erinevatele liivat\u00fc\u00fcpidele<\/h3>\n<p>Kaasas on mitmeid vahetatavaid s\u00f5elu, mis muudavad selle isepuhastuva kassiliivakasti sobivaks bentoniit-, savi-, tofu- ja seguliiva jaoks \u2013 t\u00e4nu sellele v\u00f5id valida oma lemmiku kassiliiva.<\/p>\n<p><img decoding=\"async\" src=\"https:\/\/blankpage.ee\/_ruumist-ruumi\/wp-content\/uploads\/2025\/04\/7-387.webp\" alt=\"PetKit Pura MAX 2 PREMIUM vahetatavate s\u00f5elte ning detailidega\"\/><\/p>\n<h3>Vaikne t\u00f6\u00f6 ja lihtne hooldus<\/h3>\n<p>Seade t\u00f6\u00f6tab vaikselt (kuni 35 dB), nii et see sobib h\u00e4sti ka tundliku kuulmisega kassidele. K\u00f5ik osad on kergesti eemaldatavad, mist\u00f5ttu on puhastamine ning hooldus lihtne. Lai sissep\u00e4\u00e4s, madal l\u00e4vepakk ja avar sisemus sobivad igas vanuses ning igas suuruses kassidele. Komplekti kuuluvad ka dekoreerivad kleepsud, millega saad liivakasti isikup\u00e4rastada.<\/p>\n<p><img decoding=\"async\" src=\"https:\/\/blankpage.ee\/_ruumist-ruumi\/wp-content\/uploads\/2025\/04\/2-625.webp\" alt=\"isepuhastuv kassiliivakast lahtiv\u00f5etavate osade ja avara sissep\u00e4\u00e4suga\"\/><\/p>\n<h3>Komplekti kuulub:<\/h3>\n<ul>\n<li>Kandik<\/li>\n<li>Matt<\/li>\n<li>Smart Spray \u00f5hupuhastaja<\/li>\n<li>Tavaline liivakasti s\u00f5el<\/li>\n<li>K\u00e4rgstruktuuriga liivakasti s\u00f5el<\/li>\n<li>Magnetiline liivaeemaldaja<\/li>\n<li>Toiteadapter<\/li>\n<li>Kleebiste komplekt<\/li>\n<li>L\u00f5hnaneutraliseerija<\/li>\n<li>J\u00e4\u00e4tmekott x2<\/li>\n<li>\u00d5hupuhastaja kassett x2<\/li>\n<li>Kasutusjuhend<\/li>\n<li>Kiirpaigaldusjuhend<\/li>\n<\/ul>\n<h3>Tehnilised andmed<\/h3>\n<table>\n<tr>\n<th>Tootja<\/th>\n<td>PetKit<\/td>\n<\/tr>\n<tr>\n<th>Tootenimetus<\/th>\n<td>Pura MAX 2 PREMIUM<\/td>\n<\/tr>\n<tr>\n<th>Mudel<\/th>\n<td>P9902<\/td>\n<\/tr>\n<tr>\n<th>J\u00e4\u00e4tmeanuma maht<\/th>\n<td>7 l<\/td>\n<\/tr>\n<tr>\n<th>\u00dchenduvus<\/th>\n<td>Wi-Fi 2.4 GHz<\/td>\n<\/tr>\n<tr>\n<th>M\u00f5\u00f5tmed<\/th>\n<td>620 \u00d7 538 \u00d7 552 mm<\/td>\n<\/tr>\n<tr>\n<th>Sissep\u00e4\u00e4su k\u00f5rgus<\/th>\n<td>200 mm<\/td>\n<\/tr>\n<tr>\n<th>Kaal<\/th>\n<td>ca 10 kg<\/td>\n<\/tr>\n<tr>\n<th>Sisendvool<\/th>\n<td>12 V \u2393 2 A<\/td>\n<\/tr>\n<tr>\n<th>M\u00fcratase<\/th>\n<td>u 35 dB<\/td>\n<\/tr>\n<tr>\n<th>Materjal<\/th>\n<td>PP, ABS, TPE, silikoon<\/td>\n<\/tr>\n<tr>\n<th>Kassi minimaalne vanus<\/th>\n<td>6 kuud<\/td>\n<\/tr>\n<tr>\n<th>Kassi minimaalne kaal<\/th>\n<td>1,5 kg<\/td>\n<\/tr>\n<tr>\n<th>Rakendus<\/th>\n<td>PETKIT<\/td>\n<\/tr>\n<\/table>\n","protected":false},"excerpt":{"rendered":"<p>Isepuhastuv kassiliivakast PetKit Pura MAX 2 PREMIUM \u2013 k\u00f5ige mugavam valik sinu kassile Isepuhastuv kassiliivakast PetKit Pura MAX 2 PREMIUM \u00fchendab uuenduslikkuse, mugavuse ja h\u00fcgieeni. Nutikad andurid, lekkekindel ShieldBase silinder ning kolmekordne l\u00f5hnakaitse hoiavad kassi tualeti alati puhta ja kodu v\u00e4rskena. 7-liitrine j\u00e4\u00e4tmeanum v\u00f5imaldab liivakasti t\u00fchjendada harvemini, kuni iga 15 p\u00e4eva tagant. K\u00f5iki seadme seadistusi [&hellip;]<\/p>\n","protected":false},"featured_media":175269,"comment_status":"open","ping_status":"open","template":"","meta":[],"product_brand":[3103],"product_cat":[817],"product_tag":[],"class_list":{"0":"post-12113","1":"product","2":"type-product","3":"status-publish","4":"has-post-thumbnail","6":"product_brand-petkit","7":"product_cat-elektroonilised-kassi-liivakastid","8":"product_shipping_class-innpro","10":"first","11":"instock","12":"taxable","13":"shipping-taxable","14":"purchasable","15":"product-type-simple"},"_links":{"self":[{"href":"https:\/\/blankpage.ee\/_ruumist-ruumi\/wp-json\/wp\/v2\/product\/12113","targetHints":{"allow":["GET"]}}],"collection":[{"href":"https:\/\/blankpage.ee\/_ruumist-ruumi\/wp-json\/wp\/v2\/product"}],"about":[{"href":"https:\/\/blankpage.ee\/_ruumist-ruumi\/wp-json\/wp\/v2\/types\/product"}],"replies":[{"embeddable":true,"href":"https:\/\/blankpage.ee\/_ruumist-ruumi\/wp-json\/wp\/v2\/comments?post=12113"}],"wp:featuredmedia":[{"embeddable":true,"href":"https:\/\/blankpage.ee\/_ruumist-ruumi\/wp-json\/wp\/v2\/media\/175269"}],"wp:attachment":[{"href":"https:\/\/blankpage.ee\/_ruumist-ruumi\/wp-json\/wp\/v2\/media?parent=12113"}],"wp:term":[{"taxonomy":"product_brand","embeddable":true,"href":"https:\/\/blankpage.ee\/_ruumist-ruumi\/wp-json\/wp\/v2\/product_brand?post=12113"},{"taxonomy":"product_cat","embeddable":true,"href":"https:\/\/blankpage.ee\/_ruumist-ruumi\/wp-json\/wp\/v2\/product_cat?post=12113"},{"taxonomy":"product_tag","embeddable":true,"href":"https:\/\/blankpage.ee\/_ruumist-ruumi\/wp-json\/wp\/v2\/product_tag?post=12113"}],"curies":[{"name":"wp","href":"https:\/\/api.w.org\/{rel}","templated":true}]}}