{"id":12198,"date":"2025-04-19T11:44:14","date_gmt":"2025-04-19T11:44:14","guid":{"rendered":"https:\/\/ruumistruumi.ee\/?post_type=product&#038;p=12198"},"modified":"2025-08-21T08:18:50","modified_gmt":"2025-08-21T08:18:50","slug":"asendusfiltrid-veedosaatorile-catlink-pure-1-5-tk","status":"publish","type":"product","link":"https:\/\/blankpage.ee\/_ruumist-ruumi\/pood\/asendusfiltrid-veedosaatorile-catlink-pure-1-5-tk\/","title":{"rendered":"Kassi veefiltri asendus Catlink Pure 1 purskkaevule (5 tk, CL-WFPF-01)"},"content":{"rendered":"<h3>Kassi veefiltri asendus Catlink Pure 1 purskkaevule (5 tk, CL-WFPF-01)<\/h3>\n<p>Kassi veefiltri asendus Catlink Pure 1 purskkaevule aitab tagada sinu lemmiklooma joogivee v\u00e4rskuse ja puhtuse. Need filtrid sobivad suurep\u00e4raselt ka tundlikele kassidele, sh tiinetele loomadele ja neeruprobleemidega kassidele, kuid sobivad kasutamiseks k\u00f5igile. T\u00e4nu uuenduslikule ja mitmekihilisele filtreerimiss\u00fcsteemile eemaldatakse veest t\u00f5husalt kahjulikud ained, pakkudes kassile alati puhast joogivett.<\/p>\n<p><img decoding=\"async\" src=\"https:\/\/blankpage.ee\/_ruumist-ruumi\/wp-content\/uploads\/2025\/04\/3-481.webp\" alt=\"Kassi veefiltri asendus Catlink Pure 1 purskkaevule, 5 tk pakendis\"><\/p>\n<h3>V\u00e4rske ja puhas joogivesi igale kassile<\/h3>\n<p>Kassi veefiltri asendus tagab sinu kassile pideva juurdep\u00e4\u00e4su puhtale veele. Filtritehnoloogia eemaldab t\u00f5husalt mustuse, karvad, liigsed kaltsiumi- ja magneesiumiioonid ning muud soovimatud osakesed, mis v\u00f5ivad p\u00f5hjustada kuseteede haigusi.<\/p>\n<p><img decoding=\"async\" src=\"https:\/\/blankpage.ee\/_ruumist-ruumi\/wp-content\/uploads\/2025\/04\/2-499.webp\" alt=\"Asendusfiltri kihiline ehitus, sh antibakteriaalse kihi ja aktiivs\u00f6e kiht\"><\/p>\n<h3>Mitmekihiline ja efektiivne filtreerimine<\/h3>\n<p>Filtris olev puuvillakiht kogub suuremad osakesed ja karvad, antibakteriaalne kiht nano-h\u00f5bedaga tagab mikroobide vastase kaitse, vaigu- ja aktiivs\u00f6ekihid eemaldavad veest raskmetalle, l\u00f5hnu ning maitseid. Kasutatud kvaliteetne filtervaik on sama, mida leidub ka inimeste veepuhastites \u2013 seega on kassi veefiltri asendus Catlink Pure 1 purskkaevule usaldusv\u00e4\u00e4rne valik igale kassile.<\/p>\n<p><img decoding=\"async\" src=\"https:\/\/blankpage.ee\/_ruumist-ruumi\/wp-content\/uploads\/2025\/04\/4-468.webp\" alt=\"Kassi veefiltri asenduse l\u00e4bil\u00f5ige, eri kihid ja materjalid n\u00e4htaval\"><\/p>\n<div class=\"table-wrapper\">\n<table>\n<tbody>\n<tr>\n<th>Tootja<\/th>\n<td>Catlink<\/td>\n<\/tr>\n<tr>\n<th>Mudel<\/th>\n<td>CL-WFPF-01<\/td>\n<\/tr>\n<tr>\n<th>\u00dchilduvus<\/th>\n<td>Catlink Pure 1 purskkaev<\/td>\n<\/tr>\n<tr>\n<th>P\u00f5himaterjalid<\/th>\n<td>ABS, PP, puuvill, aktiivs\u00fcsi, antibakteriaalne osake, filtervaik<\/td>\n<\/tr>\n<tr>\n<th>M\u00f5\u00f5tmed<\/th>\n<td>163 x 39 x 100 mm<\/td>\n<\/tr>\n<\/tbody>\n<\/table>\n<\/div>\n","protected":false},"excerpt":{"rendered":"<p>Kassi veefiltri asendus Catlink Pure 1 purskkaevule (5 tk, CL-WFPF-01) Kassi veefiltri asendus Catlink Pure 1 purskkaevule aitab tagada sinu lemmiklooma joogivee v\u00e4rskuse ja puhtuse. Need filtrid sobivad suurep\u00e4raselt ka tundlikele kassidele, sh tiinetele loomadele ja neeruprobleemidega kassidele, kuid sobivad kasutamiseks k\u00f5igile. T\u00e4nu uuenduslikule ja mitmekihilisele filtreerimiss\u00fcsteemile eemaldatakse veest t\u00f5husalt kahjulikud ained, pakkudes kassile alati [&hellip;]<\/p>\n","protected":false},"featured_media":173978,"comment_status":"open","ping_status":"open","template":"","meta":[],"product_brand":[3107],"product_cat":[818],"product_tag":[],"class_list":{"0":"post-12198","1":"product","2":"type-product","3":"status-publish","4":"has-post-thumbnail","6":"product_brand-catlink","7":"product_cat-automaatsed-veedosaatorid-koduloomadele","8":"product_shipping_class-innpro","10":"first","11":"instock","12":"sale","13":"taxable","14":"shipping-taxable","15":"purchasable","16":"product-type-simple"},"_links":{"self":[{"href":"https:\/\/blankpage.ee\/_ruumist-ruumi\/wp-json\/wp\/v2\/product\/12198","targetHints":{"allow":["GET"]}}],"collection":[{"href":"https:\/\/blankpage.ee\/_ruumist-ruumi\/wp-json\/wp\/v2\/product"}],"about":[{"href":"https:\/\/blankpage.ee\/_ruumist-ruumi\/wp-json\/wp\/v2\/types\/product"}],"replies":[{"embeddable":true,"href":"https:\/\/blankpage.ee\/_ruumist-ruumi\/wp-json\/wp\/v2\/comments?post=12198"}],"wp:featuredmedia":[{"embeddable":true,"href":"https:\/\/blankpage.ee\/_ruumist-ruumi\/wp-json\/wp\/v2\/media\/173978"}],"wp:attachment":[{"href":"https:\/\/blankpage.ee\/_ruumist-ruumi\/wp-json\/wp\/v2\/media?parent=12198"}],"wp:term":[{"taxonomy":"product_brand","embeddable":true,"href":"https:\/\/blankpage.ee\/_ruumist-ruumi\/wp-json\/wp\/v2\/product_brand?post=12198"},{"taxonomy":"product_cat","embeddable":true,"href":"https:\/\/blankpage.ee\/_ruumist-ruumi\/wp-json\/wp\/v2\/product_cat?post=12198"},{"taxonomy":"product_tag","embeddable":true,"href":"https:\/\/blankpage.ee\/_ruumist-ruumi\/wp-json\/wp\/v2\/product_tag?post=12198"}],"curies":[{"name":"wp","href":"https:\/\/api.w.org\/{rel}","templated":true}]}}