{"id":122377,"date":"2025-01-01T17:32:02","date_gmt":"2025-01-01T17:32:02","guid":{"rendered":"https:\/\/ruumistruumi.ee\/pood\/aia-taimekast-pulbervarvitud-teras-40x40x36-cm-roheline\/"},"modified":"2025-08-21T02:14:42","modified_gmt":"2025-08-21T02:14:42","slug":"aia-taimekast-pulbervarvitud-teras-40x40x36-cm-roheline","status":"publish","type":"product","link":"https:\/\/blankpage.ee\/_ruumist-ruumi\/pood\/aia-taimekast-pulbervarvitud-teras-40x40x36-cm-roheline\/","title":{"rendered":"Aia taimekast, pulberv\u00e4rvitud teras, 40x40x36 cm, roheline"},"content":{"rendered":"<p>Taimekast on t\u00e4iuslik valik isetegijatele, et oma aeda, r\u00f5du v\u00f5i verandat kaunistada. Tugev raam: pulberv\u00e4rvitud terasest taimepott on \u00e4\u00e4rmiselt tugev ja vastupidav.Kvaliteetne materjal: lillepott on kaetud rooste- ja korrosioonivastase pulberv\u00e4rviga. Seet\u00f5ttu on see ilmastikukindel ja v\u00e4ga praktiline v\u00e4litingimustes kasutamiseks.Rohkelt ruumi: aia taimekast on piisavalt s\u00fcgav ja lai, et mahutada palju mulda ja pakkuda piisavalt ruumi taimedele, juurviljadele, \u00fcrtidele ja lilledele.<\/p>\n<ul>\n<li>V\u00e4rvus: roheline<\/li>\n<li>Materjal: pulberv\u00e4rvitud teras<\/li>\n<li>M\u00f5\u00f5tmed: 40 x 36 cm (l\u00e4bim\u00f5\u00f5t x K)<\/li>\n<li>\u00dcmmarguse kujuga taimekast<\/li>\n<li>Vajalik kokkupanek: jah<\/li>\n<\/ul>\n","protected":false},"excerpt":{"rendered":"<p>Taimekast on t\u00e4iuslik valik isetegijatele, et oma aeda, r\u00f5du v\u00f5i verandat kaunistada. Tugev raam: pulberv\u00e4rvitud terasest taimepott on \u00e4\u00e4rmiselt tugev ja vastupidav.Kvaliteetne materjal: lillepott on kaetud rooste- ja korrosioonivastase pulberv\u00e4rviga. Seet\u00f5ttu on see ilmastikukindel ja v\u00e4ga praktiline v\u00e4litingimustes kasutamiseks.Rohkelt ruumi: aia taimekast on piisavalt s\u00fcgav ja lai, et mahutada palju mulda ja pakkuda piisavalt ruumi [&hellip;]<\/p>\n","protected":false},"featured_media":122378,"comment_status":"open","ping_status":"open","template":"","meta":[],"product_brand":[],"product_cat":[1762],"product_tag":[],"class_list":{"0":"post-122377","1":"product","2":"type-product","3":"status-publish","4":"has-post-thumbnail","6":"product_cat-taimekastid-ja-potid","7":"product_shipping_class-vidaxl","8":"pa_varv-roheline","10":"first","11":"outofstock","12":"taxable","13":"shipping-taxable","14":"purchasable","15":"product-type-simple"},"_links":{"self":[{"href":"https:\/\/blankpage.ee\/_ruumist-ruumi\/wp-json\/wp\/v2\/product\/122377","targetHints":{"allow":["GET"]}}],"collection":[{"href":"https:\/\/blankpage.ee\/_ruumist-ruumi\/wp-json\/wp\/v2\/product"}],"about":[{"href":"https:\/\/blankpage.ee\/_ruumist-ruumi\/wp-json\/wp\/v2\/types\/product"}],"replies":[{"embeddable":true,"href":"https:\/\/blankpage.ee\/_ruumist-ruumi\/wp-json\/wp\/v2\/comments?post=122377"}],"wp:featuredmedia":[{"embeddable":true,"href":"https:\/\/blankpage.ee\/_ruumist-ruumi\/wp-json\/wp\/v2\/media\/122378"}],"wp:attachment":[{"href":"https:\/\/blankpage.ee\/_ruumist-ruumi\/wp-json\/wp\/v2\/media?parent=122377"}],"wp:term":[{"taxonomy":"product_brand","embeddable":true,"href":"https:\/\/blankpage.ee\/_ruumist-ruumi\/wp-json\/wp\/v2\/product_brand?post=122377"},{"taxonomy":"product_cat","embeddable":true,"href":"https:\/\/blankpage.ee\/_ruumist-ruumi\/wp-json\/wp\/v2\/product_cat?post=122377"},{"taxonomy":"product_tag","embeddable":true,"href":"https:\/\/blankpage.ee\/_ruumist-ruumi\/wp-json\/wp\/v2\/product_tag?post=122377"}],"curies":[{"name":"wp","href":"https:\/\/api.w.org\/{rel}","templated":true}]}}

Aia taimekast, pulbervärvitud teras, 40x40x36 cm, roheline

<p>Taimekast on täiuslik valik isetegijatele, et oma aeda, rõdu või verandat kaunistada. Tugev raam: pulbervärvitud terasest taimepott on äärmiselt tugev ja vastupidav.Kvaliteetne materjal: lillepott on kaetud rooste- ja korrosioonivastase pulbervärviga. Seetõttu on see ilmastikukindel ja väga praktiline välitingimustes kasutamiseks.Rohkelt ruumi: aia taimekast on piisavalt sügav ja lai, et mahutada palju mulda ja pakkuda piisavalt ruumi taimedele, juurviljadele, ürtidele ja lilledele.</p>
<ul>
<li>Värvus: roheline</li>
<li>Materjal: pulbervärvitud teras</li>
<li>Mõõtmed: 40 x 36 cm (läbimõõt x K)</li>
<li>Ümmarguse kujuga taimekast</li>
<li>Vajalik kokkupanek: jah</li>
</ul>

<p>Taimekast on täiuslik valik isetegijatele, et oma aeda, rõdu või verandat kaunistada. Tugev raam: pulbervärvitud terasest taimepott on äärmiselt tugev ja vastupidav.Kvaliteetne materjal: lillepott on kaetud rooste- ja korrosioonivastase pulbervärviga. Seetõttu on see ilmastikukindel ja väga praktiline välitingimustes kasutamiseks.Rohkelt ruumi: aia taimekast on piisavalt sügav ja lai, et mahutada palju mulda ja pakkuda piisavalt ruumi [&hellip;]</p>
