{"id":124237,"date":"2025-01-01T21:27:36","date_gmt":"2025-01-01T21:27:36","guid":{"rendered":"https:\/\/ruumistruumi.ee\/pood\/taimekast-valge-62x40x39-cm-teras\/"},"modified":"2025-08-21T02:14:41","modified_gmt":"2025-08-21T02:14:41","slug":"taimekast-valge-62x40x39-cm-teras","status":"publish","type":"product","link":"https:\/\/blankpage.ee\/_ruumist-ruumi\/pood\/taimekast-valge-62x40x39-cm-teras\/","title":{"rendered":"Taimekast valge 62x40x39 cm, teras"},"content":{"rendered":"<p>Taimekast on t\u00e4iuslik valik isetegijatele, et oma aeda, r\u00f5du v\u00f5i verandat kaunistada. Vastupidav materjal: k\u00fclmvaltsitud teras on madala s\u00fcsinikusisaldusega teras, mis on toodetud k\u00fclmvaltsimismeetodil ja mida t\u00f6\u00f6deldakse peaaegu normaalsel toatemperatuuril. K\u00fclmvaltsitud terasel on siledam pind, suurem tugevus ja suurem t\u00e4psus.Tugev raam: terasraam tagab k\u00f5rgendatud peenra tugevuse ja stabiilsuse.Dekoratiivne funktsioon: taimekast mahutab teie lemmiktaimed ja lilled ning on suurep\u00e4rane aiadekoratsioon.<\/p>\n<ul>\n<li>V\u00e4rvus: valge<\/li>\n<li>Materjal: k\u00fclmvaltsitud teras<\/li>\n<li>M\u00f5\u00f5dud: 62x40x39 cm (P x L x K)<\/li>\n<li>Vajalik kokkupanek: jah<\/li>\n<\/ul>\n","protected":false},"excerpt":{"rendered":"<p>Taimekast on t\u00e4iuslik valik isetegijatele, et oma aeda, r\u00f5du v\u00f5i verandat kaunistada. Vastupidav materjal: k\u00fclmvaltsitud teras on madala s\u00fcsinikusisaldusega teras, mis on toodetud k\u00fclmvaltsimismeetodil ja mida t\u00f6\u00f6deldakse peaaegu normaalsel toatemperatuuril. K\u00fclmvaltsitud terasel on siledam pind, suurem tugevus ja suurem t\u00e4psus.Tugev raam: terasraam tagab k\u00f5rgendatud peenra tugevuse ja stabiilsuse.Dekoratiivne funktsioon: taimekast mahutab teie lemmiktaimed ja lilled [&hellip;]<\/p>\n","protected":false},"featured_media":124238,"comment_status":"open","ping_status":"open","template":"","meta":[],"product_brand":[],"product_cat":[1762],"product_tag":[],"class_list":{"0":"post-124237","1":"product","2":"type-product","3":"status-publish","4":"has-post-thumbnail","6":"product_cat-taimekastid-ja-potid","7":"product_shipping_class-vidaxl","8":"pa_varv-valge","10":"first","11":"outofstock","12":"taxable","13":"shipping-taxable","14":"purchasable","15":"product-type-simple"},"_links":{"self":[{"href":"https:\/\/blankpage.ee\/_ruumist-ruumi\/wp-json\/wp\/v2\/product\/124237","targetHints":{"allow":["GET"]}}],"collection":[{"href":"https:\/\/blankpage.ee\/_ruumist-ruumi\/wp-json\/wp\/v2\/product"}],"about":[{"href":"https:\/\/blankpage.ee\/_ruumist-ruumi\/wp-json\/wp\/v2\/types\/product"}],"replies":[{"embeddable":true,"href":"https:\/\/blankpage.ee\/_ruumist-ruumi\/wp-json\/wp\/v2\/comments?post=124237"}],"wp:featuredmedia":[{"embeddable":true,"href":"https:\/\/blankpage.ee\/_ruumist-ruumi\/wp-json\/wp\/v2\/media\/124238"}],"wp:attachment":[{"href":"https:\/\/blankpage.ee\/_ruumist-ruumi\/wp-json\/wp\/v2\/media?parent=124237"}],"wp:term":[{"taxonomy":"product_brand","embeddable":true,"href":"https:\/\/blankpage.ee\/_ruumist-ruumi\/wp-json\/wp\/v2\/product_brand?post=124237"},{"taxonomy":"product_cat","embeddable":true,"href":"https:\/\/blankpage.ee\/_ruumist-ruumi\/wp-json\/wp\/v2\/product_cat?post=124237"},{"taxonomy":"product_tag","embeddable":true,"href":"https:\/\/blankpage.ee\/_ruumist-ruumi\/wp-json\/wp\/v2\/product_tag?post=124237"}],"curies":[{"name":"wp","href":"https:\/\/api.w.org\/{rel}","templated":true}]}}

<p>Taimekast on täiuslik valik isetegijatele, et oma aeda, rõdu või verandat kaunistada. Vastupidav materjal: külmvaltsitud teras on madala süsinikusisaldusega teras, mis on toodetud külmvaltsimismeetodil ja mida töödeldakse peaaegu normaalsel toatemperatuuril. Külmvaltsitud terasel on siledam pind, suurem tugevus ja suurem täpsus.Tugev raam: terasraam tagab kõrgendatud peenra tugevuse ja stabiilsuse.Dekoratiivne funktsioon: taimekast mahutab teie lemmiktaimed ja lilled ning on suurepärane aiadekoratsioon.</p>
<ul>
<li>Värvus: valge</li>
<li>Materjal: külmvaltsitud teras</li>
<li>Mõõdud: 62x40x39 cm (P x L x K)</li>
<li>Vajalik kokkupanek: jah</li>
</ul>

<p>Taimekast on täiuslik valik isetegijatele, et oma aeda, rõdu või verandat kaunistada. Vastupidav materjal: külmvaltsitud teras on madala süsinikusisaldusega teras, mis on toodetud külmvaltsimismeetodil ja mida töödeldakse peaaegu normaalsel toatemperatuuril. Külmvaltsitud terasel on siledam pind, suurem tugevus ja suurem täpsus.Tugev raam: terasraam tagab kõrgendatud peenra tugevuse ja stabiilsuse.Dekoratiivne funktsioon: taimekast mahutab teie lemmiktaimed ja lilled [&hellip;]</p>
