{"id":124315,"date":"2025-01-01T09:37:00","date_gmt":"2025-01-01T09:37:00","guid":{"rendered":"https:\/\/ruumistruumi.ee\/pood\/taimekast-62x30x29-cm-corten-teras\/"},"modified":"2025-08-21T02:14:44","modified_gmt":"2025-08-21T02:14:44","slug":"taimekast-62x30x29-cm-corten-teras","status":"publish","type":"product","link":"https:\/\/blankpage.ee\/_ruumist-ruumi\/pood\/taimekast-62x30x29-cm-corten-teras\/","title":{"rendered":"Taimekast, 62x30x29 cm, Corten teras"},"content":{"rendered":"<p>Taimekast on t\u00e4iuslik valik isetegijatele, et oma aeda, r\u00f5du v\u00f5i verandat kaunistada. Vastupidav materjal: Corteni teras, tuntud ka kui ilmastikukindel teras. See on oma olemuselt korrosioonivastane. Esmakordsel atmosf\u00e4\u00e4ritingimustega kokkupuutel tekib sellel roostes kiht, mis kaitseb korrosiooni eest. Seet\u00f5ttu ei pea te seda v\u00e4rvima. See aitab s\u00e4\u00e4sta hooldus- ja remondikuludelt. Corteni terase iseloomulik pruun v\u00e4rv p\u00fc\u00fcab pilke. L\u00f5puks on ilmastikukindel teras erakordselt vastupidav ja peab ajale vastu.Tugev raam: terasraam tagab k\u00f5rgendatud peenra tugevuse ja stabiilsuse.Dekoratiivne funktsioon: taimekast mahutab teie lemmiktaimed ja lilled ning on suurep\u00e4rane aiadekoratsioon. Hea teada:Toode ei ole veel roostetanud ja k\u00e4ttesaamisel on see tavalist metalliv\u00e4rvi, kuid aja jooksul tekib rooste. Roosteprotsessi kiirendamiseks v\u00f5ib seda pihustada seebivee ja soolase veega. V\u00e4ltige kokkupuudet tekkiva roostekihiga, et hoida r\u00f5ivaid plekkidest puhtana.Selleks, et kokkupanek oleks v\u00f5imalikult lihtne on iga tootega kaasas kasutusjuhend.<\/p>\n<ul>\n<li>V\u00e4rvus: roostes<\/li>\n<li>Materjal: Corteni teras<\/li>\n<li>M\u00f5\u00f5tmed: 62x30x29 cm (P x L x K)<\/li>\n<\/ul>\n","protected":false},"excerpt":{"rendered":"<p>Taimekast on t\u00e4iuslik valik isetegijatele, et oma aeda, r\u00f5du v\u00f5i verandat kaunistada. Vastupidav materjal: Corteni teras, tuntud ka kui ilmastikukindel teras. See on oma olemuselt korrosioonivastane. Esmakordsel atmosf\u00e4\u00e4ritingimustega kokkupuutel tekib sellel roostes kiht, mis kaitseb korrosiooni eest. Seet\u00f5ttu ei pea te seda v\u00e4rvima. See aitab s\u00e4\u00e4sta hooldus- ja remondikuludelt. Corteni terase iseloomulik pruun v\u00e4rv p\u00fc\u00fcab [&hellip;]<\/p>\n","protected":false},"featured_media":124316,"comment_status":"open","ping_status":"open","template":"","meta":[],"product_brand":[],"product_cat":[1762],"product_tag":[],"class_list":{"0":"post-124315","1":"product","2":"type-product","3":"status-publish","4":"has-post-thumbnail","6":"product_cat-taimekastid-ja-potid","7":"product_shipping_class-vidaxl","8":"pa_varv-pruun","10":"first","11":"outofstock","12":"taxable","13":"shipping-taxable","14":"purchasable","15":"product-type-simple"},"_links":{"self":[{"href":"https:\/\/blankpage.ee\/_ruumist-ruumi\/wp-json\/wp\/v2\/product\/124315","targetHints":{"allow":["GET"]}}],"collection":[{"href":"https:\/\/blankpage.ee\/_ruumist-ruumi\/wp-json\/wp\/v2\/product"}],"about":[{"href":"https:\/\/blankpage.ee\/_ruumist-ruumi\/wp-json\/wp\/v2\/types\/product"}],"replies":[{"embeddable":true,"href":"https:\/\/blankpage.ee\/_ruumist-ruumi\/wp-json\/wp\/v2\/comments?post=124315"}],"wp:featuredmedia":[{"embeddable":true,"href":"https:\/\/blankpage.ee\/_ruumist-ruumi\/wp-json\/wp\/v2\/media\/124316"}],"wp:attachment":[{"href":"https:\/\/blankpage.ee\/_ruumist-ruumi\/wp-json\/wp\/v2\/media?parent=124315"}],"wp:term":[{"taxonomy":"product_brand","embeddable":true,"href":"https:\/\/blankpage.ee\/_ruumist-ruumi\/wp-json\/wp\/v2\/product_brand?post=124315"},{"taxonomy":"product_cat","embeddable":true,"href":"https:\/\/blankpage.ee\/_ruumist-ruumi\/wp-json\/wp\/v2\/product_cat?post=124315"},{"taxonomy":"product_tag","embeddable":true,"href":"https:\/\/blankpage.ee\/_ruumist-ruumi\/wp-json\/wp\/v2\/product_tag?post=124315"}],"curies":[{"name":"wp","href":"https:\/\/api.w.org\/{rel}","templated":true}]}}

<p>Taimekast on täiuslik valik isetegijatele, et oma aeda, rõdu või verandat kaunistada. Vastupidav materjal: Corteni teras, tuntud ka kui ilmastikukindel teras. See on oma olemuselt korrosioonivastane. Esmakordsel atmosfääritingimustega kokkupuutel tekib sellel roostes kiht, mis kaitseb korrosiooni eest. Seetõttu ei pea te seda värvima. See aitab säästa hooldus- ja remondikuludelt. Corteni terase iseloomulik pruun värv püüab pilke. Lõpuks on ilmastikukindel teras erakordselt vastupidav ja peab ajale vastu.Tugev raam: terasraam tagab kõrgendatud peenra tugevuse ja stabiilsuse.Dekoratiivne funktsioon: taimekast mahutab teie lemmiktaimed ja lilled ning on suurepärane aiadekoratsioon. Hea teada:Toode ei ole veel roostetanud ja kättesaamisel on see tavalist metallivärvi, kuid aja jooksul tekib rooste. Roosteprotsessi kiirendamiseks võib seda pihustada seebivee ja soolase veega. Vältige kokkupuudet tekkiva roostekihiga, et hoida rõivaid plekkidest puhtana.Selleks, et kokkupanek oleks võimalikult lihtne on iga tootega kaasas kasutusjuhend.</p>
<ul>
<li>Värvus: roostes</li>
<li>Materjal: Corteni teras</li>
<li>Mõõtmed: 62x30x29 cm (P x L x K)</li>
</ul>

<p>Taimekast on täiuslik valik isetegijatele, et oma aeda, rõdu või verandat kaunistada. Vastupidav materjal: Corteni teras, tuntud ka kui ilmastikukindel teras. See on oma olemuselt korrosioonivastane. Esmakordsel atmosfääritingimustega kokkupuutel tekib sellel roostes kiht, mis kaitseb korrosiooni eest. Seetõttu ei pea te seda värvima. See aitab säästa hooldus- ja remondikuludelt. Corteni terase iseloomulik pruun värv püüab [&hellip;]</p>
