{"id":12562,"date":"2025-04-19T11:35:14","date_gmt":"2025-04-19T11:35:14","guid":{"rendered":"https:\/\/ruumistruumi.ee\/?post_type=product&#038;p=12562"},"modified":"2025-08-21T08:18:51","modified_gmt":"2025-08-21T08:18:51","slug":"toidudosaator-petkit-yumshare-1080p-hd-kaameraga-lemmikloomale","status":"publish","type":"product","link":"https:\/\/blankpage.ee\/_ruumist-ruumi\/pood\/toidudosaator-petkit-yumshare-1080p-hd-kaameraga-lemmikloomale\/","title":{"rendered":"Nutikas kahekambriline toidudispenser kassile PetKit Yumshare Dual Hopper, 5L, kaamera ja \u00e4pijuhtimine"},"content":{"rendered":"<h3>Nutikas toidudispenser kassile PetKit Yumshare Dual Hopper<\/h3>\n<p>Nutikas toidudispenser kassile PetKit Yumshare Dual Hopper pakub t\u00e4nap\u00e4evast ja mugavat toidu serveerimist nii kassidele kui ka v\u00e4ikestele koertele. Seadmel on lai nurga all HD-kaamera ning kahepoolne mikrofon, mis v\u00f5imaldab j\u00e4lgida ja suhelda oma lemmikuga reaalajas ning salvestada videosid. Kaamera tuvastab automaatselt toidukoguse kausis \u2013 toidu olemasolul v\u00f5ib j\u00e4rgmine portsjon vahele j\u00e4\u00e4da, aidates kontrollida lemmiku s\u00f6\u00f6misharjumusi ja v\u00e4hendada raiskamist. K\u00f5iki funktsioone saab mugavalt hallata PETKIT \u00e4pi kaudu, kus saad m\u00e4\u00e4rata t\u00e4psed toitmisajad, portsjonite suurused ja n\u00e4dalaplaane. Vajadusel saab toitu jagada ka k\u00e4sitsi seadme korpuse nuppu all hoides; see on paigutatud nii, et lemmikloom sellele ligi ei p\u00e4\u00e4se.<\/p>\n<p><img decoding=\"async\" src=\"https:\/\/blankpage.ee\/_ruumist-ruumi\/wp-content\/uploads\/2025\/04\/4-464.webp\" border=\"0\" alt=\"PetKit Yumshare Dual Hopper \u2013 valge nutikas toidudispenser kassile\" \/><\/p>\n<h3>V\u00e4rske toit ja turvaline disain<\/h3>\n<p>\u00d5hukindla kaanega toidumahuti tagab toidu v\u00e4rskuse ning niiskusekoguja hoiab \u00e4ra niiskuse sattumise toidule. Kaas sulgub automaatselt p\u00e4rast igat portsjonit, takistades putukate ja mustuse sattumist toidule. Mahuti sees olev rootor segab toitu, v\u00e4ltides klompide teket ja tagades \u00fchtlase jaotuse. Dispenser sobib erinevat t\u00fc\u00fcpi kuivtoitudele: graanulid, k\u00fclmkuivatatud, \u00f5hukuivatatud v\u00f5i segatoit. Kaheosaline mahuti v\u00f5imaldab korraga kasutada kahte erinevat toitu, mida saab serveerida kas koos v\u00f5i eraldi \u2013 k\u00f5ik juhitav \u00e4pist.<\/p>\n<p><img decoding=\"async\" src=\"https:\/\/blankpage.ee\/_ruumist-ruumi\/wp-content\/uploads\/2025\/04\/5-400.webp\" border=\"0\" alt=\"Kaheosaline lemmiklooma toidumahuti \u2013 PetKit Yumshare Dual Hopper\" \/><\/p>\n<h3>Paindlik toiteallikas<\/h3>\n<p>Nutikat toidudispenserit kassile saab kasutada nii vooluv\u00f5rgust kui ka nelja D-t\u00fc\u00fcpi patareiga. Elektrikatkestuse korral j\u00e4tkab seade t\u00f6\u00f6ta patareidel ning hoiab lemmiku toitmise katkestusteta (t\u00f6\u00f6aeg umbes 60 p\u00e4eva patareidega).<\/p>\n<p><img decoding=\"async\" src=\"https:\/\/blankpage.ee\/_ruumist-ruumi\/wp-content\/uploads\/2025\/04\/3-478.webp\" border=\"0\" alt=\"Vooluv\u00f5rgu ja patareidega t\u00f6\u00f6tav toidudispenser PetKit\" \/><\/p>\n<h3>Tark kodu lahendus rakendusest<\/h3>\n<p>PETKIT \u00e4pp v\u00f5imaldab luua iga p\u00e4eva jaoks individuaalse toitmisgraafiku, muuta portsjonite arvu ja suurust ning valida, kuidas kahte erinevat toitu serveeritakse. Lisaks saad rakenduse kaudu salvestada kuni 20-sekundilise h\u00e4\u00e4ls\u00f5numi, mis m\u00e4ngitakse ette igal toitmiskorral. Rakendusest on v\u00f5imalik j\u00e4lgida seadme seisukorda reaalajas, mist\u00f5ttu on nutikas toidudispenser kassile mugav abiline ka kodust eemal viibides.<\/p>\n<p><img decoding=\"async\" src=\"https:\/\/blankpage.ee\/_ruumist-ruumi\/wp-content\/uploads\/2025\/04\/10-49.webp\" border=\"0\" alt=\"PETKIT \u00e4piga juhitav \u2013 nutikas toidudispenser kassile ja koerale\" \/><\/p>\n<h3>Lihtne puhastus ja vastupidav konstruktsioon<\/h3>\n<p>PetKit Yumshare Dual Hopperil on minimalistlik disain ja see on kergesti puhastatav. Kogu mehhanism on loodud t\u00f6\u00f6kindlalt ning kaane ja v\u00e4ljastusava on loomale turvaliselt suletud. Eesmine l\u00e4bipaistev aken annab \u00fclevaate m\u00f5lema toiduosa t\u00e4ituvusest. Roostevabast terasest kriimustuskindel kauss p\u00fcsib kindlalt paigal ja seda on lihtne hooldada.<\/p>\n<p><img decoding=\"async\" src=\"https:\/\/blankpage.ee\/_ruumist-ruumi\/wp-content\/uploads\/2025\/04\/2-493.webp\" border=\"0\" alt=\"Minimalistlik disain \u2013 kvaliteetne roostevabast terasest toidukaus PetKit toidudispenserile\" \/><\/p>\n<h3>Komplektis<\/h3>\n<ul>\n<li>P\u00f5hiseade<\/li>\n<li>Kaheosaline toidumahuti<\/li>\n<li>Roostevabast terasest kauss<\/li>\n<li>Niiskusekoguja<\/li>\n<li>Toiteadapter<\/li>\n<li>Kasutusjuhend<\/li>\n<\/ul>\n<h3>Tehnilised andmed<\/h3>\n<table>\n<tbody>\n<tr>\n<th>Br\u00e4nd<\/th>\n<td>PetKit<\/td>\n<\/tr>\n<tr>\n<th>Mudel<\/th>\n<td>Yumshare Dual Hopper<\/td>\n<\/tr>\n<tr>\n<th>V\u00e4rvus<\/th>\n<td>Valge<\/td>\n<\/tr>\n<tr>\n<th>Kaamera<\/th>\n<td>1080p HD 140\u00b0 lainurkobjektiiv<\/td>\n<\/tr>\n<tr>\n<th>Infrapuna \u00f6\u00f6n\u00e4gemine<\/th>\n<td>Jah<\/td>\n<\/tr>\n<tr>\n<th>Tehisintellektiga liikumistuvastus<\/th>\n<td>Jah<\/td>\n<\/tr>\n<tr>\n<th>Toidumahutite maht<\/th>\n<td>5 l (v\u00e4iksem osa 2 l, suurem osa 3 l)<\/td>\n<\/tr>\n<tr>\n<th>M\u00f5\u00f5dud<\/th>\n<td>362 x 293 x 247,5 mm<\/td>\n<\/tr>\n<tr>\n<th>Kaal<\/th>\n<td>u 2,5 kg<\/td>\n<\/tr>\n<tr>\n<th>Sihtgrupp<\/th>\n<td>Kassid, v\u00e4ikesed koerad<\/td>\n<\/tr>\n<\/tbody>\n<\/table>\n","protected":false},"excerpt":{"rendered":"<p>Nutikas toidudispenser kassile PetKit Yumshare Dual Hopper Nutikas toidudispenser kassile PetKit Yumshare Dual Hopper pakub t\u00e4nap\u00e4evast ja mugavat toidu serveerimist nii kassidele kui ka v\u00e4ikestele koertele. Seadmel on lai nurga all HD-kaamera ning kahepoolne mikrofon, mis v\u00f5imaldab j\u00e4lgida ja suhelda oma lemmikuga reaalajas ning salvestada videosid. Kaamera tuvastab automaatselt toidukoguse kausis \u2013 toidu olemasolul v\u00f5ib [&hellip;]<\/p>\n","protected":false},"featured_media":173908,"comment_status":"open","ping_status":"closed","template":"","meta":[],"product_brand":[3103],"product_cat":[820],"product_tag":[],"class_list":{"0":"post-12562","1":"product","2":"type-product","3":"status-publish","4":"has-post-thumbnail","6":"product_brand-petkit","7":"product_cat-automaatsed-toidudosaatorid-koduloomadele","8":"product_shipping_class-innpro","10":"first","11":"instock","12":"taxable","13":"shipping-taxable","14":"purchasable","15":"product-type-simple"},"_links":{"self":[{"href":"https:\/\/blankpage.ee\/_ruumist-ruumi\/wp-json\/wp\/v2\/product\/12562","targetHints":{"allow":["GET"]}}],"collection":[{"href":"https:\/\/blankpage.ee\/_ruumist-ruumi\/wp-json\/wp\/v2\/product"}],"about":[{"href":"https:\/\/blankpage.ee\/_ruumist-ruumi\/wp-json\/wp\/v2\/types\/product"}],"replies":[{"embeddable":true,"href":"https:\/\/blankpage.ee\/_ruumist-ruumi\/wp-json\/wp\/v2\/comments?post=12562"}],"wp:featuredmedia":[{"embeddable":true,"href":"https:\/\/blankpage.ee\/_ruumist-ruumi\/wp-json\/wp\/v2\/media\/173908"}],"wp:attachment":[{"href":"https:\/\/blankpage.ee\/_ruumist-ruumi\/wp-json\/wp\/v2\/media?parent=12562"}],"wp:term":[{"taxonomy":"product_brand","embeddable":true,"href":"https:\/\/blankpage.ee\/_ruumist-ruumi\/wp-json\/wp\/v2\/product_brand?post=12562"},{"taxonomy":"product_cat","embeddable":true,"href":"https:\/\/blankpage.ee\/_ruumist-ruumi\/wp-json\/wp\/v2\/product_cat?post=12562"},{"taxonomy":"product_tag","embeddable":true,"href":"https:\/\/blankpage.ee\/_ruumist-ruumi\/wp-json\/wp\/v2\/product_tag?post=12562"}],"curies":[{"name":"wp","href":"https:\/\/api.w.org\/{rel}","templated":true}]}}