{"id":144014,"date":"2025-03-05T21:02:50","date_gmt":"2025-03-05T21:02:50","guid":{"rendered":"https:\/\/ruumistruumi.ee\/pood\/metallist-lamamistool-vulcano-must-9811-100\/"},"modified":"2025-08-19T22:03:49","modified_gmt":"2025-08-19T22:03:49","slug":"teraskarkassiga-lamamistool-vulcano-must-9811-100","status":"publish","type":"product","link":"https:\/\/blankpage.ee\/_ruumist-ruumi\/pood\/teraskarkassiga-lamamistool-vulcano-must-9811-100\/","title":{"rendered":"Teraskarkassiga lamamistool Vulcano, must, 9811-100"},"content":{"rendered":"<h3>Metallist lamamistool Vulcano \u2013 mugavus ja stiil igas olukorras<\/h3>\n<p>Naudi l\u00f5\u00f5gastavat puhkehetke <strong>metallist lamamistoolil Vulcano<\/strong>, mis pakub \u00fclimat mugavust ja praktilisust. Selle vastupidav terasraam tagab suurep\u00e4rase stabiilsuse ning kulumiskindlast Oxford-kangast iste toetab keha igas asendis. T\u00e4nu reguleeritavale seljatoele saad lihtsasti valida endale sobivaima istumis- v\u00f5i lamamisasendi, olgu see siis raamatu lugemiseks v\u00f5i t\u00e4ielikuks l\u00f5\u00f5gastumiseks p\u00e4ikese k\u00e4es.<\/p>\n<h3>Kompaktne ja kaasaskantav disain<\/h3>\n<p>Vulcano on loodud mugavaks kasutamiseks igas keskkonnas. T\u00e4nu kokkupandavale mehhanismile on seda lihtne transportida ja hoiustada, muutes selle ideaalseks valikuks nii randa, aeda kui ka basseini \u00e4\u00e4rde. Kuna lamamistool on kerge, saab seda h\u00f5lpsasti \u00fchest kohast teise liigutada, tagades alati parima puhkehetke.<\/p>\n<h3>Vastupidav ja stiilne<\/h3>\n<p>Must metallist raam annab lamamistoolile modernse v\u00e4limuse, mis sobib suurep\u00e4raselt igasse v\u00e4liruumi. Oxford-kangast iste on mitte ainult mugav, vaid ka ilmastikukindel, pakkudes pikaajalist kasutusmugavust. Vulcano on disainitud nii, et see \u00fchendab vastupidavuse, esteetika ja funktsionaalsuse, pakkudes maksimaalset naudingut igal kasutuskorral.<\/p>\n<p>Kui otsid kvaliteetset ja praktilist lahendust \u00f5ues l\u00f5\u00f5gastumiseks, on <strong>metallist lamamistool Vulcano<\/strong> ideaalne valik. Komplektis on kaks lamamistooli, et saaksid nautida mugavust koos kaaslasega.<\/p>\n","protected":false},"excerpt":{"rendered":"<p>Metallist lamamistool Vulcano \u2013 mugavus ja stiil igas olukorras Naudi l\u00f5\u00f5gastavat puhkehetke metallist lamamistoolil Vulcano, mis pakub \u00fclimat mugavust ja praktilisust. Selle vastupidav terasraam tagab suurep\u00e4rase stabiilsuse ning kulumiskindlast Oxford-kangast iste toetab keha igas asendis. T\u00e4nu reguleeritavale seljatoele saad lihtsasti valida endale sobivaima istumis- v\u00f5i lamamisasendi, olgu see siis raamatu lugemiseks v\u00f5i t\u00e4ielikuks l\u00f5\u00f5gastumiseks p\u00e4ikese [&hellip;]<\/p>\n","protected":false},"featured_media":144015,"comment_status":"open","ping_status":"open","template":"","meta":[],"product_brand":[1818],"product_cat":[1688],"product_tag":[],"class_list":{"0":"post-144014","1":"product","2":"type-product","3":"status-publish","4":"has-post-thumbnail","6":"product_brand-venture-design","7":"product_cat-lamamistoolid-ja-paevitustoolid","8":"product_shipping_class-venture-design","9":"pa_istme-varvus-must","10":"pa_jalgade-varv-must","11":"pa_kangas-100-oxford-kangas","12":"pa_kollektsioon-vulcano","13":"pa_mootmed-80-15664112-85cm","14":"pa_varv-must","16":"first","17":"instock","18":"sale","19":"taxable","20":"shipping-taxable","21":"purchasable","22":"product-type-simple"},"_links":{"self":[{"href":"https:\/\/blankpage.ee\/_ruumist-ruumi\/wp-json\/wp\/v2\/product\/144014","targetHints":{"allow":["GET"]}}],"collection":[{"href":"https:\/\/blankpage.ee\/_ruumist-ruumi\/wp-json\/wp\/v2\/product"}],"about":[{"href":"https:\/\/blankpage.ee\/_ruumist-ruumi\/wp-json\/wp\/v2\/types\/product"}],"replies":[{"embeddable":true,"href":"https:\/\/blankpage.ee\/_ruumist-ruumi\/wp-json\/wp\/v2\/comments?post=144014"}],"wp:featuredmedia":[{"embeddable":true,"href":"https:\/\/blankpage.ee\/_ruumist-ruumi\/wp-json\/wp\/v2\/media\/144015"}],"wp:attachment":[{"href":"https:\/\/blankpage.ee\/_ruumist-ruumi\/wp-json\/wp\/v2\/media?parent=144014"}],"wp:term":[{"taxonomy":"product_brand","embeddable":true,"href":"https:\/\/blankpage.ee\/_ruumist-ruumi\/wp-json\/wp\/v2\/product_brand?post=144014"},{"taxonomy":"product_cat","embeddable":true,"href":"https:\/\/blankpage.ee\/_ruumist-ruumi\/wp-json\/wp\/v2\/product_cat?post=144014"},{"taxonomy":"product_tag","embeddable":true,"href":"https:\/\/blankpage.ee\/_ruumist-ruumi\/wp-json\/wp\/v2\/product_tag?post=144014"}],"curies":[{"name":"wp","href":"https:\/\/api.w.org\/{rel}","templated":true}]}}