{"id":144437,"date":"2025-03-05T21:17:44","date_gmt":"2025-03-05T21:17:44","guid":{"rendered":"https:\/\/ruumistruumi.ee\/pood\/akaatsiapuidust-aia-soogilaua-komplekt-holmbeck-gr23397\/"},"modified":"2025-08-14T11:22:38","modified_gmt":"2025-08-14T11:22:38","slug":"akaatsiapuidust-aia-soogilaua-komplekt-holmbeck-gr23397","status":"publish","type":"product","link":"https:\/\/blankpage.ee\/_ruumist-ruumi\/pood\/akaatsiapuidust-aia-soogilaua-komplekt-holmbeck-gr23397\/","title":{"rendered":"Akaatsiapuidust aia s\u00f6\u00f6gilaua komplekt Holmbeck, GR23397"},"content":{"rendered":"<h3>Stiilne ja vastupidav aia s\u00f6\u00f6gilaua komplekt suvisteks hetkedeks<\/h3>\n<p>Muuda oma terrass v\u00f5i aianurk hubaseks s\u00f6\u00f6gipaigaks <strong>akaatsiast ja alumiiniumist aia s\u00f6\u00f6gilaua komplektiga Holmbeck\/Tablas<\/strong>. See maitsekalt disainitud komplekt \u00fchendab loodusliku akaatsiapuidu sooja ilme ja alumiiniumi vastupidavuse, luues ajatu ning stiilse koosluse.<\/p>\n<h3>Kvaliteetne ja ajatult elegantne disain<\/h3>\n<p>Komplekti kuuluv <strong>Holmbeck s\u00f6\u00f6gilaud<\/strong> on 200x90x75 cm m\u00f5\u00f5duga ning selle kvaliteetne akaatsiapuidust lauaplaat toob esile naturaalse puidu kauni mustri. \u00dcmarad servad lisavad pehmust ja turvalisust, samas kui minimalistlik mustast terasest raam tagab stabiilsuse ja kaasaegse v\u00e4limuse.<\/p>\n<p><strong>Tablas s\u00f6\u00f6gitoolid<\/strong> on valmistatud vastupidavast alumiiniumist, mis on kaetud s\u00fcgavmusta viimistlusega. T\u00e4nu oma t\u00f6\u00f6stuslikule stiilile sulanduvad need ideaalselt modernsesse v\u00f5i klassikalisse aiakeskkonda. Alumiiniumist konstruktsioon ei roosteta ja on ilmastikukindel, mist\u00f5ttu sobib see komplekt suurep\u00e4raselt v\u00e4listingimustesse.<\/p>\n<h3>Mitmek\u00fclgne ja praktiline valik<\/h3>\n<p>See <strong>aia s\u00f6\u00f6gilaua komplekt<\/strong> on loodud kestma ning sobib ideaalselt nii avatud terrassile kui ka talveaeda. T\u00e4nu kvaliteetsetele materjalidele on see lihtne hooldada ja s\u00e4ilitab oma kauni v\u00e4limuse aastateks. Lisa oma aeda stiili ja mugavust selle elegantse s\u00f6\u00f6gilauakomplektiga ning naudi suviseid hetki parimas seltskonnas!<\/p>\n","protected":false},"excerpt":{"rendered":"<p>Stiilne ja vastupidav aia s\u00f6\u00f6gilaua komplekt suvisteks hetkedeks Muuda oma terrass v\u00f5i aianurk hubaseks s\u00f6\u00f6gipaigaks akaatsiast ja alumiiniumist aia s\u00f6\u00f6gilaua komplektiga Holmbeck\/Tablas. See maitsekalt disainitud komplekt \u00fchendab loodusliku akaatsiapuidu sooja ilme ja alumiiniumi vastupidavuse, luues ajatu ning stiilse koosluse. Kvaliteetne ja ajatult elegantne disain Komplekti kuuluv Holmbeck s\u00f6\u00f6gilaud on 200x90x75 cm m\u00f5\u00f5duga ning selle kvaliteetne [&hellip;]<\/p>\n","protected":false},"featured_media":163539,"comment_status":"open","ping_status":"open","template":"","meta":[],"product_brand":[1818],"product_cat":[1781],"product_tag":[],"class_list":{"0":"post-144437","1":"product","2":"type-product","3":"status-publish","4":"has-post-thumbnail","6":"product_brand-venture-design","7":"product_cat-aia-soogilaua-komplektid","8":"product_shipping_class-venture-design","9":"pa_kollektsioon-holmbeck","10":"pa_kollektsioon-peking","11":"pa_laua-materjal-metall","12":"pa_laua-materjal-akaatsia","13":"pa_mootmed-laud-75x200x90-tool-48x88x48","14":"pa_tooli-materjal-alumiinium","16":"first","17":"instock","18":"sale","19":"taxable","20":"shipping-taxable","21":"purchasable","22":"product-type-simple"},"_links":{"self":[{"href":"https:\/\/blankpage.ee\/_ruumist-ruumi\/wp-json\/wp\/v2\/product\/144437","targetHints":{"allow":["GET"]}}],"collection":[{"href":"https:\/\/blankpage.ee\/_ruumist-ruumi\/wp-json\/wp\/v2\/product"}],"about":[{"href":"https:\/\/blankpage.ee\/_ruumist-ruumi\/wp-json\/wp\/v2\/types\/product"}],"replies":[{"embeddable":true,"href":"https:\/\/blankpage.ee\/_ruumist-ruumi\/wp-json\/wp\/v2\/comments?post=144437"}],"wp:featuredmedia":[{"embeddable":true,"href":"https:\/\/blankpage.ee\/_ruumist-ruumi\/wp-json\/wp\/v2\/media\/163539"}],"wp:attachment":[{"href":"https:\/\/blankpage.ee\/_ruumist-ruumi\/wp-json\/wp\/v2\/media?parent=144437"}],"wp:term":[{"taxonomy":"product_brand","embeddable":true,"href":"https:\/\/blankpage.ee\/_ruumist-ruumi\/wp-json\/wp\/v2\/product_brand?post=144437"},{"taxonomy":"product_cat","embeddable":true,"href":"https:\/\/blankpage.ee\/_ruumist-ruumi\/wp-json\/wp\/v2\/product_cat?post=144437"},{"taxonomy":"product_tag","embeddable":true,"href":"https:\/\/blankpage.ee\/_ruumist-ruumi\/wp-json\/wp\/v2\/product_tag?post=144437"}],"curies":[{"name":"wp","href":"https:\/\/api.w.org\/{rel}","templated":true}]}}