{"id":144527,"date":"2025-03-05T21:27:00","date_gmt":"2025-03-05T21:27:00","guid":{"rendered":"https:\/\/ruumistruumi.ee\/pood\/alumiiniumist-aia-soogilaua-komplekt-modena-lindos-gr22720\/"},"modified":"2025-08-14T11:22:09","modified_gmt":"2025-08-14T11:22:09","slug":"alumiiniumist-aia-soogilaua-komplekt-modena-lindos-gr22720","status":"publish","type":"product","link":"https:\/\/blankpage.ee\/_ruumist-ruumi\/pood\/alumiiniumist-aia-soogilaua-komplekt-modena-lindos-gr22720\/","title":{"rendered":"Alumiiniumist aia s\u00f6\u00f6gilaua komplekt Modena Lindos, GR22720"},"content":{"rendered":"<h3>Stiilne ja vastupidav alumiiniumist aia s\u00f6\u00f6gilaua komplekt<\/h3>\n<p>Muuda oma \u00f5ueala ideaalseks koosviibimiste paigaks <strong>alumiiniumist aia s\u00f6\u00f6gilaua komplektiga Modena<\/strong>. See modernne ja funktsionaalne komplekt \u00fchendab endas p\u00f5hjamaise disaini ja praktilisuse, pakkudes mugavat istumisv\u00f5imalust suuremale seltskonnale. T\u00e4nu oma vastupidavatele materjalidele sobib see suurep\u00e4raselt kasutamiseks v\u00e4litingimustes.<\/p>\n<h3>Minimalistlik disain ja kvaliteetsed materjalid<\/h3>\n<p>Komplekti kuulub ristk\u00fclikukujuline s\u00f6\u00f6gilaud, mille <strong>must alumiiniumist lauaplaat<\/strong> on nii stiilne kui ka ilmastikukindel. Minimalistlikud silindrikujulised jalad tagavad laua stabiilsuse ning annavad sellele modernse ilme. Alumiinium on kerge, kuid samas tugev materjal, mis ei roosteta ning vajab minimaalset hooldust.<\/p>\n<h3>Mugavad ja virnastatavad toolid<\/h3>\n<p>Koos laua ja toolidega saad luua tervikliku ning esteetilise s\u00f6\u00f6ginurga oma aias v\u00f5i terrassil. Komplektis olevad <strong>Lindos s\u00f6\u00f6gitoolid<\/strong> on valmistatud vastupidavast k\u00f6iest ning viimistletud kauni latte-tooniga, mis sulandub suurep\u00e4raselt loodusl\u00e4hedasse keskkonda. Toolid on virnastatavad, mis teeb nende hoiustamise eriti mugavaks.<\/p>\n<h3>Naudi m\u00f5nusaid hetki \u00f5ues<\/h3>\n<p><strong>Alumiiniumist aia s\u00f6\u00f6gilaua komplekt Modena<\/strong> on loodud selleks, et saaksid nautida suviseid eineid ja seltskondlikke hetki ilma kompromisse tegemata. T\u00e4nu kvaliteetsetele materjalidele ja hoolikalt l\u00e4bim\u00f5eldud disainile on see investeering, mis pakub ilu ja funktsionaalsust aastateks.<\/p>\n","protected":false},"excerpt":{"rendered":"<p>Stiilne ja vastupidav alumiiniumist aia s\u00f6\u00f6gilaua komplekt Muuda oma \u00f5ueala ideaalseks koosviibimiste paigaks alumiiniumist aia s\u00f6\u00f6gilaua komplektiga Modena. See modernne ja funktsionaalne komplekt \u00fchendab endas p\u00f5hjamaise disaini ja praktilisuse, pakkudes mugavat istumisv\u00f5imalust suuremale seltskonnale. T\u00e4nu oma vastupidavatele materjalidele sobib see suurep\u00e4raselt kasutamiseks v\u00e4litingimustes. Minimalistlik disain ja kvaliteetsed materjalid Komplekti kuulub ristk\u00fclikukujuline s\u00f6\u00f6gilaud, mille must alumiiniumist [&hellip;]<\/p>\n","protected":false},"featured_media":163328,"comment_status":"open","ping_status":"open","template":"","meta":[],"product_brand":[1818],"product_cat":[1781],"product_tag":[],"class_list":{"0":"post-144527","1":"product","2":"type-product","3":"status-publish","4":"has-post-thumbnail","6":"product_brand-venture-design","7":"product_cat-aia-soogilaua-komplektid","8":"product_shipping_class-venture-design","9":"pa_kollektsioon-lindos","10":"pa_kollektsioon-modena","11":"pa_laua-materjal-alumiinium","12":"pa_laua-tasapinna-varvus-must","13":"pa_mootmed-laud-75x200x100-tool-59x86x57","14":"pa_tooli-materjal-metall","16":"first","17":"outofstock","18":"sale","19":"taxable","20":"shipping-taxable","21":"purchasable","22":"product-type-simple"},"_links":{"self":[{"href":"https:\/\/blankpage.ee\/_ruumist-ruumi\/wp-json\/wp\/v2\/product\/144527","targetHints":{"allow":["GET"]}}],"collection":[{"href":"https:\/\/blankpage.ee\/_ruumist-ruumi\/wp-json\/wp\/v2\/product"}],"about":[{"href":"https:\/\/blankpage.ee\/_ruumist-ruumi\/wp-json\/wp\/v2\/types\/product"}],"replies":[{"embeddable":true,"href":"https:\/\/blankpage.ee\/_ruumist-ruumi\/wp-json\/wp\/v2\/comments?post=144527"}],"wp:featuredmedia":[{"embeddable":true,"href":"https:\/\/blankpage.ee\/_ruumist-ruumi\/wp-json\/wp\/v2\/media\/163328"}],"wp:attachment":[{"href":"https:\/\/blankpage.ee\/_ruumist-ruumi\/wp-json\/wp\/v2\/media?parent=144527"}],"wp:term":[{"taxonomy":"product_brand","embeddable":true,"href":"https:\/\/blankpage.ee\/_ruumist-ruumi\/wp-json\/wp\/v2\/product_brand?post=144527"},{"taxonomy":"product_cat","embeddable":true,"href":"https:\/\/blankpage.ee\/_ruumist-ruumi\/wp-json\/wp\/v2\/product_cat?post=144527"},{"taxonomy":"product_tag","embeddable":true,"href":"https:\/\/blankpage.ee\/_ruumist-ruumi\/wp-json\/wp\/v2\/product_tag?post=144527"}],"curies":[{"name":"wp","href":"https:\/\/api.w.org\/{rel}","templated":true}]}}