{"id":146664,"date":"2025-03-05T23:35:55","date_gmt":"2025-03-05T23:35:55","guid":{"rendered":"https:\/\/ruumistruumi.ee\/pood\/alumiiniumist-ripp-tool-terrassile-pulau-naturaalne-6027-089\/"},"modified":"2025-08-20T11:22:29","modified_gmt":"2025-08-20T11:22:29","slug":"alumiiniumist-ripp-tool-terrassile-pulau-naturaalne-6027-089","status":"publish","type":"product","link":"https:\/\/blankpage.ee\/_ruumist-ruumi\/pood\/alumiiniumist-ripp-tool-terrassile-pulau-naturaalne-6027-089\/","title":{"rendered":"Alumiiniumist ripp-tool terrassile Pulau, naturaalne, 6027-089"},"content":{"rendered":"<h3>Alumiiniumist ripp-tool Pulau \u2013 stiilne ja mugav valik terrassile<\/h3>\n<p>Naudi t\u00e4ielikku l\u00f5\u00f5gastust vabas \u00f5hus alumiiniumist ripp-tooliga <strong>Pulau<\/strong>. See stiilne ja mugav tool sobib suurep\u00e4raselt aeda, terrassile v\u00f5i basseini \u00e4\u00e4rde, luues sinu isikliku rahuoaasi. T\u00e4nu oma naturaalsele v\u00e4rvile sulandub see harmooniliselt looduskeskkonda, pakkudes ideaalset kohta puhkehetkedeks.<\/p>\n<h3>Vastupidav konstruktsioon ja kvaliteetsed materjalid<\/h3>\n<p><strong>Pulau ripp-tool<\/strong> on valmistatud vastupidavast s\u00fcnteetilisest rotangist, mis on punutud tugevale alumiiniumraamile. See kombinatsioon tagab toote pikaealisuse ning ilmastikukindluse, mist\u00f5ttu sobib tool suurep\u00e4raselt \u00f5ues kasutamiseks. T\u00e4nu kergusele on seda lihtne liigutada ja sobivasse kohta riputada \u2013 olgu selleks puuoks v\u00f5i spetsiaalne riputusraam.<\/p>\n<h3>\u00dclim mugavus igal hetkel<\/h3>\n<p>Komplekti kuulub pehme ja paks valget v\u00e4rvi pol\u00fcestrist padi, mis tagab maksimaalse mugavuse. Selles toolis saad rahulikult lugeda, muusikat kuulata v\u00f5i lihtsalt l\u00f5\u00f5gastuda, nautides v\u00e4rsket \u00f5hku ja looduse ilu. Lai ja ergonoomiline disain toetab keha ning loob ideaalse keskkonna puhkehetkedeks.<\/p>\n<h3>Loo enda t\u00e4iuslik puhkenurk<\/h3>\n<p>Lisa oma aeda v\u00f5i terrassile stiili ja mugavust <strong>alumiiniumist ripp-tooliga Pulau<\/strong>. See on ideaalne valik neile, kes hindavad nii funktsionaalsust kui ka silmapaistvat disaini. Too oma v\u00e4liruumidesse rohkem hubasust ja naudi iga hetke selles kaunis ripp-toolis!<\/p>\n","protected":false},"excerpt":{"rendered":"<p>Alumiiniumist ripp-tool Pulau \u2013 stiilne ja mugav valik terrassile Naudi t\u00e4ielikku l\u00f5\u00f5gastust vabas \u00f5hus alumiiniumist ripp-tooliga Pulau. See stiilne ja mugav tool sobib suurep\u00e4raselt aeda, terrassile v\u00f5i basseini \u00e4\u00e4rde, luues sinu isikliku rahuoaasi. T\u00e4nu oma naturaalsele v\u00e4rvile sulandub see harmooniliselt looduskeskkonda, pakkudes ideaalset kohta puhkehetkedeks. Vastupidav konstruktsioon ja kvaliteetsed materjalid Pulau ripp-tool on valmistatud vastupidavast [&hellip;]<\/p>\n","protected":false},"featured_media":161424,"comment_status":"open","ping_status":"open","template":"","meta":[],"product_brand":[1818],"product_cat":[1681],"product_tag":[],"class_list":{"0":"post-146664","1":"product","2":"type-product","3":"status-publish","4":"has-post-thumbnail","6":"product_brand-venture-design","7":"product_cat-ripp-toolid-terrassile","8":"product_shipping_class-venture-design","9":"pa_istme-materjal-poluester","10":"pa_istme-varvus-naturaalne","11":"pa_kangas-100-poluester","12":"pa_kollektsioon-pulau","13":"pa_mootmed-77-x-70","14":"pa_pehmenduste-materjal-poluester","15":"pa_varv-naturaalne","17":"first","18":"instock","19":"sale","20":"taxable","21":"shipping-taxable","22":"purchasable","23":"product-type-simple"},"_links":{"self":[{"href":"https:\/\/blankpage.ee\/_ruumist-ruumi\/wp-json\/wp\/v2\/product\/146664","targetHints":{"allow":["GET"]}}],"collection":[{"href":"https:\/\/blankpage.ee\/_ruumist-ruumi\/wp-json\/wp\/v2\/product"}],"about":[{"href":"https:\/\/blankpage.ee\/_ruumist-ruumi\/wp-json\/wp\/v2\/types\/product"}],"replies":[{"embeddable":true,"href":"https:\/\/blankpage.ee\/_ruumist-ruumi\/wp-json\/wp\/v2\/comments?post=146664"}],"wp:featuredmedia":[{"embeddable":true,"href":"https:\/\/blankpage.ee\/_ruumist-ruumi\/wp-json\/wp\/v2\/media\/161424"}],"wp:attachment":[{"href":"https:\/\/blankpage.ee\/_ruumist-ruumi\/wp-json\/wp\/v2\/media?parent=146664"}],"wp:term":[{"taxonomy":"product_brand","embeddable":true,"href":"https:\/\/blankpage.ee\/_ruumist-ruumi\/wp-json\/wp\/v2\/product_brand?post=146664"},{"taxonomy":"product_cat","embeddable":true,"href":"https:\/\/blankpage.ee\/_ruumist-ruumi\/wp-json\/wp\/v2\/product_cat?post=146664"},{"taxonomy":"product_tag","embeddable":true,"href":"https:\/\/blankpage.ee\/_ruumist-ruumi\/wp-json\/wp\/v2\/product_tag?post=146664"}],"curies":[{"name":"wp","href":"https:\/\/api.w.org\/{rel}","templated":true}]}}