{"id":147217,"date":"2025-03-06T00:10:41","date_gmt":"2025-03-06T00:10:41","guid":{"rendered":"https:\/\/ruumistruumi.ee\/pood\/istmepadi-ja-pehmendus-aiatoolile-off-white-3102-329\/"},"modified":"2025-08-18T19:16:19","modified_gmt":"2025-08-18T19:16:19","slug":"istmepadi-ja-pehmendus-aiatoolile-off-white-3102-329","status":"publish","type":"product","link":"https:\/\/blankpage.ee\/_ruumist-ruumi\/pood\/istmepadi-ja-pehmendus-aiatoolile-off-white-3102-329\/","title":{"rendered":"Istmepadi ja pehmendus aiatoolile, off white, 3102-329"},"content":{"rendered":"<h3>Stiilne ja mugav istmepadi aiatoolile<\/h3>\n<p>Muuda oma aiam\u00f6\u00f6bel veelgi mugavamaks ja stiilsemaks selle elegantse istmepadja abil. <strong>Istmepadi aiatoolile<\/strong> on loodud pakkuma t\u00e4iuslikku istumismugavust, olles samal ajal kaunis sisustuselement sinu aias, terrassil v\u00f5i r\u00f5dul.<\/p>\n<h3>Kvaliteetne materjal ja ajatu disain<\/h3>\n<p>Padja pealispind meenutab lina, andes sellele loomuliku ja luksusliku v\u00e4limuse. Selle off white toon sulandub kergesti erinevate aiatoolide ja interj\u00f6\u00f6ridega, luues elegantse ja hubase atmosf\u00e4\u00e4ri. T\u00e4nu kvaliteetsetele materjalidele on padi vastupidav ja pikaealine.<\/p>\n<h3>Maksimaalne mugavus ja kindel paigalp\u00fcsimine<\/h3>\n<p>See viie positsiooniga istmepadi on disainitud pakkuma optimaalset tuge ja mugavust. Lisaks on padjal eemaldatav kaelapadi, mis toetab kaela ja selga, v\u00f5imaldades l\u00f5\u00f5gastuda tundideks. Padja tagak\u00fcljel olevad kinnitused hoiavad selle kindlalt paigal, v\u00e4ltides soovimatut libisemist.<\/p>\n<h3>Lihtne hooldus ja mitmek\u00fclgne kasutus<\/h3>\n<p>Istmepadi on h\u00f5lpsasti hooldatav ja sobib suurep\u00e4raselt nii sise- kui ka v\u00e4litingimustesse. See on ideaalne lahendus neile, kes soovivad oma aiatoole mugavamaks muuta ning samal ajal stiilset ja praktilist sisustuselementi lisada.<\/p>\n<p>Kaunista oma aiam\u00f6\u00f6bel ja naudi suuremat istumismugavust selle kvaliteetse <strong>istmepadja aiatoolile<\/strong> abil!<\/p>\n","protected":false},"excerpt":{"rendered":"<p>Stiilne ja mugav istmepadi aiatoolile Muuda oma aiam\u00f6\u00f6bel veelgi mugavamaks ja stiilsemaks selle elegantse istmepadja abil. Istmepadi aiatoolile on loodud pakkuma t\u00e4iuslikku istumismugavust, olles samal ajal kaunis sisustuselement sinu aias, terrassil v\u00f5i r\u00f5dul. Kvaliteetne materjal ja ajatu disain Padja pealispind meenutab lina, andes sellele loomuliku ja luksusliku v\u00e4limuse. Selle off white toon sulandub kergesti erinevate [&hellip;]<\/p>\n","protected":false},"featured_media":165384,"comment_status":"open","ping_status":"open","template":"","meta":[],"product_brand":[1818],"product_cat":[1775],"product_tag":[],"class_list":{"0":"post-147217","1":"product","2":"type-product","3":"status-publish","4":"has-post-thumbnail","6":"product_brand-venture-design","7":"product_cat-istmepadjad-ja-pehmendused-aiatoolidele","8":"product_shipping_class-venture-design","9":"pa_kangas-100-poluester","10":"pa_kollektsioon-cushion","11":"pa_mootmed-46-x-116","12":"pa_varv-off-white","14":"first","15":"instock","16":"sale","17":"taxable","18":"shipping-taxable","19":"purchasable","20":"product-type-simple"},"_links":{"self":[{"href":"https:\/\/blankpage.ee\/_ruumist-ruumi\/wp-json\/wp\/v2\/product\/147217","targetHints":{"allow":["GET"]}}],"collection":[{"href":"https:\/\/blankpage.ee\/_ruumist-ruumi\/wp-json\/wp\/v2\/product"}],"about":[{"href":"https:\/\/blankpage.ee\/_ruumist-ruumi\/wp-json\/wp\/v2\/types\/product"}],"replies":[{"embeddable":true,"href":"https:\/\/blankpage.ee\/_ruumist-ruumi\/wp-json\/wp\/v2\/comments?post=147217"}],"wp:featuredmedia":[{"embeddable":true,"href":"https:\/\/blankpage.ee\/_ruumist-ruumi\/wp-json\/wp\/v2\/media\/165384"}],"wp:attachment":[{"href":"https:\/\/blankpage.ee\/_ruumist-ruumi\/wp-json\/wp\/v2\/media?parent=147217"}],"wp:term":[{"taxonomy":"product_brand","embeddable":true,"href":"https:\/\/blankpage.ee\/_ruumist-ruumi\/wp-json\/wp\/v2\/product_brand?post=147217"},{"taxonomy":"product_cat","embeddable":true,"href":"https:\/\/blankpage.ee\/_ruumist-ruumi\/wp-json\/wp\/v2\/product_cat?post=147217"},{"taxonomy":"product_tag","embeddable":true,"href":"https:\/\/blankpage.ee\/_ruumist-ruumi\/wp-json\/wp\/v2\/product_tag?post=147217"}],"curies":[{"name":"wp","href":"https:\/\/api.w.org\/{rel}","templated":true}]}}