{"id":147236,"date":"2025-03-06T00:10:41","date_gmt":"2025-03-06T00:10:41","guid":{"rendered":"https:\/\/ruumistruumi.ee\/pood\/vorkkiik-marbella-must-7217-358\/"},"modified":"2025-08-20T11:22:23","modified_gmt":"2025-08-20T11:22:23","slug":"vorkkiik-marbella-must-7217-358","status":"publish","type":"product","link":"https:\/\/blankpage.ee\/_ruumist-ruumi\/pood\/vorkkiik-marbella-must-7217-358\/","title":{"rendered":"V\u00f5rkkiik Marbella, must, 7217-358"},"content":{"rendered":"<h3>Naudi l\u00f5\u00f5gastavaid hetki v\u00f5rkkiiges Marbella<\/h3>\n<p><strong>V\u00f5rkkiik Marbella, must<\/strong>, on ideaalne valik neile, kes otsivad mugavust ja ajatut disaini. See stiilne musta v\u00e4rvi klassikaline \u00fche inimese v\u00f5rkkiik loob sinu aeda v\u00f5i terrassile t\u00f5elise l\u00f5\u00f5gastusoaasi. T\u00e4nu vastupidavale pol\u00fcesterkangale ja dekoratiivsetele k\u00f6itele on see nii elegantne kui ka praktiline, pakkudes sulle mugavat puhkekohta suvisteks hetkedeks.<\/p>\n<h3>Stabiilne ja vastupidav disain<\/h3>\n<p>V\u00f5rkkiige Marbella riputus koosneb mitmest k\u00f6iest, mis tagavad parema tasakaalu ja suurema mugavuse. See nutikas lahendus aitab jaotada kaalu \u00fchtlaselt, pakkudes maksimaalset l\u00f5\u00f5gastust. T\u00e4nu kvaliteetsetele materjalidele on v\u00f5rkkiik vastupidav ja sobib h\u00e4sti kasutamiseks nii aias, terrassil kui ka r\u00f5dul.<\/p>\n<h3>Kolumbia stiilis hubasus sinu aias<\/h3>\n<p>See klassikaline <strong>v\u00f5rkkiik Marbella<\/strong> on inspireeritud Kolumbia l\u00f5\u00f5gastuskultuurist, kus v\u00f5rkkiiges puhkemine on igap\u00e4evaelu osa. Selle avar ja pehme kangas v\u00f5imaldab sul s\u00fcgavalt sisse vajuda ja nautida rahulikku hetke \u2013 olgu selleks raamatu lugemine, p\u00e4ikese k\u00e4es m\u00f5nulemine v\u00f5i lihtsalt argip\u00e4evast puhkus.<\/p>\n<h3>Ajatu elegants ja lihtne paigaldus<\/h3>\n<p>Minimalistlik must v\u00e4rv lisab igale \u00f5uealale stiilsust ja sobib erinevate aiakujundustega. V\u00f5rkkiike on lihtne paigaldada \u2013 kinnita see kahe tugeva toe, n\u00e4iteks puude v\u00f5i spetsiaalsete kinnituste vahele ning naudi suviseid hetki t\u00e4iel rinnal.<\/p>\n<p>Kui otsid mugavat ja vastupidavat puhkekohta oma aeda v\u00f5i terrassile, siis <strong>must v\u00f5rkkiik Marbella<\/strong> on suurep\u00e4rane valik. Loo endale t\u00e4iuslik l\u00f5\u00f5gastumisnurk ja koge suve parimal v\u00f5imalikul viisil!<\/p>\n","protected":false},"excerpt":{"rendered":"<p>Naudi l\u00f5\u00f5gastavaid hetki v\u00f5rkkiiges Marbella V\u00f5rkkiik Marbella, must, on ideaalne valik neile, kes otsivad mugavust ja ajatut disaini. See stiilne musta v\u00e4rvi klassikaline \u00fche inimese v\u00f5rkkiik loob sinu aeda v\u00f5i terrassile t\u00f5elise l\u00f5\u00f5gastusoaasi. T\u00e4nu vastupidavale pol\u00fcesterkangale ja dekoratiivsetele k\u00f6itele on see nii elegantne kui ka praktiline, pakkudes sulle mugavat puhkekohta suvisteks hetkedeks. Stabiilne ja vastupidav [&hellip;]<\/p>\n","protected":false},"featured_media":165679,"comment_status":"open","ping_status":"open","template":"","meta":[],"product_brand":[1818],"product_cat":[1793],"product_tag":[],"class_list":{"0":"post-147236","1":"product","2":"type-product","3":"status-publish","4":"has-post-thumbnail","6":"product_brand-venture-design","7":"product_cat-vorkkiiged","8":"product_shipping_class-venture-design","9":"pa_kangas-100-poluester","10":"pa_kollektsioon-hedvig","11":"pa_mootmed-150-x-200","12":"pa_varv-must","14":"first","15":"instock","16":"sale","17":"taxable","18":"shipping-taxable","19":"purchasable","20":"product-type-simple"},"_links":{"self":[{"href":"https:\/\/blankpage.ee\/_ruumist-ruumi\/wp-json\/wp\/v2\/product\/147236","targetHints":{"allow":["GET"]}}],"collection":[{"href":"https:\/\/blankpage.ee\/_ruumist-ruumi\/wp-json\/wp\/v2\/product"}],"about":[{"href":"https:\/\/blankpage.ee\/_ruumist-ruumi\/wp-json\/wp\/v2\/types\/product"}],"replies":[{"embeddable":true,"href":"https:\/\/blankpage.ee\/_ruumist-ruumi\/wp-json\/wp\/v2\/comments?post=147236"}],"wp:featuredmedia":[{"embeddable":true,"href":"https:\/\/blankpage.ee\/_ruumist-ruumi\/wp-json\/wp\/v2\/media\/165679"}],"wp:attachment":[{"href":"https:\/\/blankpage.ee\/_ruumist-ruumi\/wp-json\/wp\/v2\/media?parent=147236"}],"wp:term":[{"taxonomy":"product_brand","embeddable":true,"href":"https:\/\/blankpage.ee\/_ruumist-ruumi\/wp-json\/wp\/v2\/product_brand?post=147236"},{"taxonomy":"product_cat","embeddable":true,"href":"https:\/\/blankpage.ee\/_ruumist-ruumi\/wp-json\/wp\/v2\/product_cat?post=147236"},{"taxonomy":"product_tag","embeddable":true,"href":"https:\/\/blankpage.ee\/_ruumist-ruumi\/wp-json\/wp\/v2\/product_tag?post=147236"}],"curies":[{"name":"wp","href":"https:\/\/api.w.org\/{rel}","templated":true}]}}