{"id":148171,"date":"2025-03-06T01:09:22","date_gmt":"2025-03-06T01:09:22","guid":{"rendered":"https:\/\/ruumistruumi.ee\/pood\/punutist-aiamoobli-komplekt-kohvinurka-savanna-2037-001\/"},"modified":"2025-08-14T11:15:32","modified_gmt":"2025-08-14T11:15:32","slug":"punutisest-aiamoobli-komplekt-kohvinurka-savanna-2037-001","status":"publish","type":"product","link":"https:\/\/blankpage.ee\/_ruumist-ruumi\/pood\/punutisest-aiamoobli-komplekt-kohvinurka-savanna-2037-001\/","title":{"rendered":"Punutisest aiam\u00f6\u00f6bli komplekt kohvinurka Savanna, 2037-001"},"content":{"rendered":"<h3>Stiilne ja vastupidav punutist aiam\u00f6\u00f6bli komplekt<\/h3>\n<p><strong>Punutist aiam\u00f6\u00f6bli komplekt kohvinurka Savanna<\/strong> on ideaalne valik v\u00e4iksemale terrassile v\u00f5i r\u00f5dule. Selle elegantne disain ja kvaliteetne materjal tagavad nii mugavuse kui ka vastupidavuse. Komplekt koosneb kahest mugavast toolist ja stiilsest lauast, mille peal on vastupidav klaasplaat. T\u00e4nu nutikale konstruktsioonile saab toole lihtsalt laua alla l\u00fckata, s\u00e4\u00e4stes nii ruumi ja hoides ala korrastatuna.<\/p>\n<h3>Kvaliteetne materjal ja ilmastikukindlus<\/h3>\n<p>Aiam\u00f6\u00f6blikomplekt on valmistatud vastupidavast tehispunutisest, mis on spetsiaalselt loodud taluma erinevaid ilmastikutingimusi. Materjal on UV-kindel, mist\u00f5ttu ei tuhmu see p\u00e4ikese k\u00e4es ning s\u00e4ilitab oma esialgse v\u00e4limuse aastateks. Lisaks on see ilmastikukindel, taludes nii niiskust kui ka tuult, mis teeb sellest suurep\u00e4rase valiku meie muutliku kliimaga tingimustes.<\/p>\n<h3>Maksimaalne mugavus ja lihtne hooldus<\/h3>\n<p>Komplekti kuuluvad pehmed istmepadjad, mis lisavad istumismugavust ja muudavad l\u00f5\u00f5gastumise veelgi meeldivamaks. Polsterdatud padjad on kergesti eemaldatavad, et neid saaks vajadusel puhastada. Hoolduse lihtsustamiseks soovitame m\u00f6\u00f6blit hoida kuivas ja jahedas kohas v\u00f5i kasutada m\u00f6\u00f6blikaitset, et pikendada selle eluiga veelgi.<\/p>\n<h3>Ruumi s\u00e4\u00e4stev ja stiilne lahendus<\/h3>\n<p>Kui otsid elegantset ja praktilist lahendust v\u00e4iksemale v\u00e4lialale, on <strong>Punutist aiam\u00f6\u00f6bli komplekt kohvinurka Savanna<\/strong> ideaalne valik. T\u00e4nu kompaktsusele ja nutikale disainile mahub see suurep\u00e4raselt r\u00f5dule, terrassile v\u00f5i aianurka, pakkudes samas maksimaalset kasutusmugavust. Naudi hommikukohvi v\u00f5i \u00f5htust l\u00f5\u00f5gastust stiilses ja vastupidavas aiakomplektis!<\/p>\n","protected":false},"excerpt":{"rendered":"<p>Stiilne ja vastupidav punutist aiam\u00f6\u00f6bli komplekt Punutist aiam\u00f6\u00f6bli komplekt kohvinurka Savanna on ideaalne valik v\u00e4iksemale terrassile v\u00f5i r\u00f5dule. Selle elegantne disain ja kvaliteetne materjal tagavad nii mugavuse kui ka vastupidavuse. Komplekt koosneb kahest mugavast toolist ja stiilsest lauast, mille peal on vastupidav klaasplaat. T\u00e4nu nutikale konstruktsioonile saab toole lihtsalt laua alla l\u00fckata, s\u00e4\u00e4stes nii ruumi [&hellip;]<\/p>\n","protected":false},"featured_media":162564,"comment_status":"open","ping_status":"open","template":"","meta":[],"product_brand":[1818],"product_cat":[1773],"product_tag":[],"class_list":{"0":"post-148171","1":"product","2":"type-product","3":"status-publish","4":"has-post-thumbnail","6":"product_brand-venture-design","7":"product_cat-aiamoobli-komplektid-kohvinurka","8":"product_shipping_class-venture-design","9":"pa_kangas-100-poluester","10":"pa_kollektsioon-savanna","11":"pa_laua-materjal-klaas","12":"pa_laua-materjal-metall","13":"pa_laua-materjal-punutis","14":"pa_laua-tasapinna-varvus-must","15":"pa_mootmed-laud-korgus-75-pikkus-66-laius-50-tool-sugavus-55-korgus-71-laius-45","16":"pa_pehmenduste-materjal-poluester","17":"pa_tooli-materjal-poluester","18":"pa_tooli-materjal-metall","19":"pa_tooli-materjal-punutis","20":"pa_tooli-materjal-vaht","22":"first","23":"instock","24":"sale","25":"taxable","26":"shipping-taxable","27":"purchasable","28":"product-type-simple"},"_links":{"self":[{"href":"https:\/\/blankpage.ee\/_ruumist-ruumi\/wp-json\/wp\/v2\/product\/148171","targetHints":{"allow":["GET"]}}],"collection":[{"href":"https:\/\/blankpage.ee\/_ruumist-ruumi\/wp-json\/wp\/v2\/product"}],"about":[{"href":"https:\/\/blankpage.ee\/_ruumist-ruumi\/wp-json\/wp\/v2\/types\/product"}],"replies":[{"embeddable":true,"href":"https:\/\/blankpage.ee\/_ruumist-ruumi\/wp-json\/wp\/v2\/comments?post=148171"}],"wp:featuredmedia":[{"embeddable":true,"href":"https:\/\/blankpage.ee\/_ruumist-ruumi\/wp-json\/wp\/v2\/media\/162564"}],"wp:attachment":[{"href":"https:\/\/blankpage.ee\/_ruumist-ruumi\/wp-json\/wp\/v2\/media?parent=148171"}],"wp:term":[{"taxonomy":"product_brand","embeddable":true,"href":"https:\/\/blankpage.ee\/_ruumist-ruumi\/wp-json\/wp\/v2\/product_brand?post=148171"},{"taxonomy":"product_cat","embeddable":true,"href":"https:\/\/blankpage.ee\/_ruumist-ruumi\/wp-json\/wp\/v2\/product_cat?post=148171"},{"taxonomy":"product_tag","embeddable":true,"href":"https:\/\/blankpage.ee\/_ruumist-ruumi\/wp-json\/wp\/v2\/product_tag?post=148171"}],"curies":[{"name":"wp","href":"https:\/\/api.w.org\/{rel}","templated":true}]}}