{"id":148432,"date":"2025-03-06T01:21:48","date_gmt":"2025-03-06T01:21:48","guid":{"rendered":"https:\/\/ruumistruumi.ee\/pood\/akaatsiapuidust-nurgadiivani-komplekt-chania-9329-013\/"},"modified":"2025-08-14T11:15:13","modified_gmt":"2025-08-14T11:15:13","slug":"akaatsiapuidust-nurgadiivani-komplekt-chania-9329-013","status":"publish","type":"product","link":"https:\/\/blankpage.ee\/_ruumist-ruumi\/pood\/akaatsiapuidust-nurgadiivani-komplekt-chania-9329-013\/","title":{"rendered":"Akaatsiapuidust nurgadiivani komplekt Chania, 9329-013"},"content":{"rendered":"<h3>Stiilne ja vastupidav akaatsiapuidust nurgadiivani komplekt<\/h3>\n<p><strong>Akaatsiapuidust nurgadiivan Chania<\/strong> on ideaalne valik neile, kes soovivad oma aeda v\u00f5i terrassi t\u00e4iendada modernse ja mugava m\u00f6\u00f6bliga. Komplekt koosneb neljakohalisest nurgadiivanist ning madalast kohvilauast, mis on valmistatud t\u00e4ielikult kvaliteetsest akaatsiapuidust. Komplekti kuuluvad ka paksud ja vastupidavad tumedashallid istmepadjad, mis lisavad istumismugavust.<\/p>\n<h3>Kvaliteetsed materjalid ja elegantne disain<\/h3>\n<p>Diivani raam on valmistatud tugevast alumiiniumist, mis tagab vastupidavuse ja kerguse, samas kui jalad ning nurgadiivani \u00fcks osa on akaatsiapuidust, andes m\u00f6\u00f6blile loodusliku ja eksklusiivse v\u00e4limuse. Selja- ja k\u00fcljeosad on punutud heledahallist vastupidavast k\u00f6iest, mis lisab disainile \u00f5hulisust ja visuaalset kergust.<\/p>\n<h3>Hooldusjuhised akaatsiapuidule<\/h3>\n<p>Selleks, et teie <strong>akaatsiapuidust nurgadiivan<\/strong> s\u00e4ilitaks oma kauni viimistluse ja vastupidavuse, on soovitatav puitpindu regulaarselt \u00f5litada. Akaatsiapuit vajab aeg-ajalt hooldust, et kaitsta seda ilmastikum\u00f5jude eest ning s\u00e4ilitada selle loomulikku ilu. Parima tulemuse saavutamiseks soovitatakse \u00f5litamist l\u00e4bi viia ka hooaja jooksul.<\/p>\n<p>Chania nurgadiivani komplekt \u00fchendab endas kaasaegse disaini, hoolikalt valitud materjalid ning praktilisuse, luues ideaalse istumisala igale \u00f5uealale. T\u00e4iendage oma terrassi v\u00f5i aeda selle stiilse ja vastupidava m\u00f6\u00f6blikomplektiga ning nautige suviseid hetki t\u00e4ielikus mugavuses.<\/p>\n","protected":false},"excerpt":{"rendered":"<p>Stiilne ja vastupidav akaatsiapuidust nurgadiivani komplekt Akaatsiapuidust nurgadiivan Chania on ideaalne valik neile, kes soovivad oma aeda v\u00f5i terrassi t\u00e4iendada modernse ja mugava m\u00f6\u00f6bliga. Komplekt koosneb neljakohalisest nurgadiivanist ning madalast kohvilauast, mis on valmistatud t\u00e4ielikult kvaliteetsest akaatsiapuidust. Komplekti kuuluvad ka paksud ja vastupidavad tumedashallid istmepadjad, mis lisavad istumismugavust. Kvaliteetsed materjalid ja elegantne disain Diivani raam [&hellip;]<\/p>\n","protected":false},"featured_media":162366,"comment_status":"open","ping_status":"closed","template":"","meta":[],"product_brand":[1818],"product_cat":[1769],"product_tag":[],"class_list":{"0":"post-148432","1":"product","2":"type-product","3":"status-publish","4":"has-post-thumbnail","6":"product_brand-venture-design","7":"product_cat-nurgadiivani-komplektid-aeda","8":"product_shipping_class-venture-design","9":"pa_diivani-sofa-materjal-akaatsia","10":"pa_diivani-sofa-materjal-kiud","11":"pa_diivani-sofa-materjal-poluesterkois","12":"pa_diivani-sofa-materjal-vaht","13":"pa_kangas-100-poluester","14":"pa_kollektsioon-chania","15":"pa_laua-materjal-akaatsia","16":"pa_laua-tasapinna-varvus-naturaalne","17":"pa_mootmed-laud-korgus-45-pikkus-110-laius-60-tool-sugavus-75-korgus-76-laius-213-diivan-sugavus-75-korgus-76-laius-210x160","18":"pa_pehmenduste-materjal-poluester","20":"first","21":"instock","22":"sale","23":"taxable","24":"shipping-taxable","25":"purchasable","26":"product-type-simple"},"_links":{"self":[{"href":"https:\/\/blankpage.ee\/_ruumist-ruumi\/wp-json\/wp\/v2\/product\/148432","targetHints":{"allow":["GET"]}}],"collection":[{"href":"https:\/\/blankpage.ee\/_ruumist-ruumi\/wp-json\/wp\/v2\/product"}],"about":[{"href":"https:\/\/blankpage.ee\/_ruumist-ruumi\/wp-json\/wp\/v2\/types\/product"}],"replies":[{"embeddable":true,"href":"https:\/\/blankpage.ee\/_ruumist-ruumi\/wp-json\/wp\/v2\/comments?post=148432"}],"wp:featuredmedia":[{"embeddable":true,"href":"https:\/\/blankpage.ee\/_ruumist-ruumi\/wp-json\/wp\/v2\/media\/162366"}],"wp:attachment":[{"href":"https:\/\/blankpage.ee\/_ruumist-ruumi\/wp-json\/wp\/v2\/media?parent=148432"}],"wp:term":[{"taxonomy":"product_brand","embeddable":true,"href":"https:\/\/blankpage.ee\/_ruumist-ruumi\/wp-json\/wp\/v2\/product_brand?post=148432"},{"taxonomy":"product_cat","embeddable":true,"href":"https:\/\/blankpage.ee\/_ruumist-ruumi\/wp-json\/wp\/v2\/product_cat?post=148432"},{"taxonomy":"product_tag","embeddable":true,"href":"https:\/\/blankpage.ee\/_ruumist-ruumi\/wp-json\/wp\/v2\/product_tag?post=148432"}],"curies":[{"name":"wp","href":"https:\/\/api.w.org\/{rel}","templated":true}]}}