{"id":148618,"date":"2025-03-06T08:26:17","date_gmt":"2025-03-06T08:26:17","guid":{"rendered":"https:\/\/ruumistruumi.ee\/pood\/punutisest-nurgadiivani-komplekt-aeda-vamos-9411-001\/"},"modified":"2025-08-14T11:14:44","modified_gmt":"2025-08-14T11:14:44","slug":"punutisest-nurgadiivani-komplekt-aeda-vamos-9411-001","status":"publish","type":"product","link":"https:\/\/blankpage.ee\/_ruumist-ruumi\/pood\/punutisest-nurgadiivani-komplekt-aeda-vamos-9411-001\/","title":{"rendered":"Punutisest nurgadiivani komplekt aeda Vamos, 9411-001"},"content":{"rendered":"<h3>Stiilne ja mugav punutisest nurgadiivan aeda<\/h3>\n<p>Loo oma aeda v\u00f5i terrassile hubane istumisala <strong>punutisest nurgadiivani komplektiga Vamos<\/strong>. Selle modernne disain ja vastupidavad materjalid muudavad selle ideaalseks valikuks, pakkudes nii stiili kui ka praktilisust.<\/p>\n<h3>Kvaliteetsed materjalid ja vastupidav konstruktsioon<\/h3>\n<p>Diivanikomplekt on valmistatud tugevast <strong>metallraamist<\/strong>, mis tagab stabiilsuse ja pika eluea. Pealispinna moodustab <strong>must kunstrottang<\/strong>, mis on ilmastikukindel ja kerge hooldada. Komplekti kuulub ka madalam kohvilaud, millel on klaasist lauaplaat ning praktiline riiul, kuhu saab paigutada ajakirjad, joogid v\u00f5i muud vajalikud esemed.<\/p>\n<h3>Mooduldisainiga nurgadiivan<\/h3>\n<p>Komplekti kuuluv nurgadiivan on <strong>moodulkujundusega<\/strong>, mis v\u00f5imaldab seda vastavalt vajadusele \u00fcmber paigutada. Diivanil on neli istumisosa ja nurgamoodul, mida saab h\u00f5lpsasti kokku panna just sellisel viisil, mis sinu \u00f5uealale k\u00f5ige paremini sobib.<\/p>\n<h3>Pehme ja mugav istumiskogemus<\/h3>\n<p>Komplektiga on kaasas <strong>tumedad hallid pehmed padjad<\/strong>, mis lisavad istumismugavust ja loovad luksusliku v\u00e4limuse. Padjakatted on vastupidavad ja kergesti hooldatavad, muutes need ideaalseks v\u00e4listingimustes kasutamiseks.<\/p>\n<h3>Lihtne hooldus ja ajatu disain<\/h3>\n<p>Kunstrottangist punutis on ilmastikukindel ning vajab minimaalset hooldust \u2013 piisab vaid aeg-ajalt niiske lapiga puhastamisest, et m\u00f6\u00f6bel n\u00e4eks alati v\u00e4lja kui uus. T\u00e4nu oma ajatul mustale v\u00e4rvitoonile ja elegantsele disainile sobib see diivanikomplekt suurep\u00e4raselt igasse aeda v\u00f5i terrassile.<\/p>\n<p>Kui otsid vastupidavat ja stiilset <strong>punutisest nurgadiivanit<\/strong>, mis pakub nii mugavust kui ka praktilisust, siis Vamos on ideaalne valik sinu \u00f5uealale.<\/p>\n","protected":false},"excerpt":{"rendered":"<p>Stiilne ja mugav punutisest nurgadiivan aeda Loo oma aeda v\u00f5i terrassile hubane istumisala punutisest nurgadiivani komplektiga Vamos. Selle modernne disain ja vastupidavad materjalid muudavad selle ideaalseks valikuks, pakkudes nii stiili kui ka praktilisust. Kvaliteetsed materjalid ja vastupidav konstruktsioon Diivanikomplekt on valmistatud tugevast metallraamist, mis tagab stabiilsuse ja pika eluea. Pealispinna moodustab must kunstrottang, mis on [&hellip;]<\/p>\n","protected":false},"featured_media":162448,"comment_status":"open","ping_status":"open","template":"","meta":[],"product_brand":[1818],"product_cat":[1769],"product_tag":[],"class_list":{"0":"post-148618","1":"product","2":"type-product","3":"status-publish","4":"has-post-thumbnail","6":"product_brand-venture-design","7":"product_cat-nurgadiivani-komplektid-aeda","8":"product_shipping_class-venture-design","9":"pa_diivani-sofa-materjal-alumiinium","10":"pa_diivani-sofa-materjal-poluester","11":"pa_diivani-sofa-materjal-kiud","12":"pa_diivani-sofa-materjal-punutis","13":"pa_diivani-sofa-materjal-vaht","14":"pa_kangas-100-poluester","15":"pa_kollektsioon-vamos","16":"pa_laua-materjal-alumiinium","17":"pa_laua-materjal-klaas","18":"pa_laua-materjal-punutis","19":"pa_laua-tasapinna-varvus-must","20":"pa_mootmed-laud-korgus-44-pikkus-65-laius-65-diivan-sugavus-75-korgus-70-laius-200x200","21":"pa_pehmenduste-materjal-poluester","23":"first","24":"outofstock","25":"sale","26":"taxable","27":"shipping-taxable","28":"purchasable","29":"product-type-simple"},"_links":{"self":[{"href":"https:\/\/blankpage.ee\/_ruumist-ruumi\/wp-json\/wp\/v2\/product\/148618","targetHints":{"allow":["GET"]}}],"collection":[{"href":"https:\/\/blankpage.ee\/_ruumist-ruumi\/wp-json\/wp\/v2\/product"}],"about":[{"href":"https:\/\/blankpage.ee\/_ruumist-ruumi\/wp-json\/wp\/v2\/types\/product"}],"replies":[{"embeddable":true,"href":"https:\/\/blankpage.ee\/_ruumist-ruumi\/wp-json\/wp\/v2\/comments?post=148618"}],"wp:featuredmedia":[{"embeddable":true,"href":"https:\/\/blankpage.ee\/_ruumist-ruumi\/wp-json\/wp\/v2\/media\/162448"}],"wp:attachment":[{"href":"https:\/\/blankpage.ee\/_ruumist-ruumi\/wp-json\/wp\/v2\/media?parent=148618"}],"wp:term":[{"taxonomy":"product_brand","embeddable":true,"href":"https:\/\/blankpage.ee\/_ruumist-ruumi\/wp-json\/wp\/v2\/product_brand?post=148618"},{"taxonomy":"product_cat","embeddable":true,"href":"https:\/\/blankpage.ee\/_ruumist-ruumi\/wp-json\/wp\/v2\/product_cat?post=148618"},{"taxonomy":"product_tag","embeddable":true,"href":"https:\/\/blankpage.ee\/_ruumist-ruumi\/wp-json\/wp\/v2\/product_tag?post=148618"}],"curies":[{"name":"wp","href":"https:\/\/api.w.org\/{rel}","templated":true}]}}