{"id":148937,"date":"2025-03-06T08:49:37","date_gmt":"2025-03-06T08:49:37","guid":{"rendered":"https:\/\/ruumistruumi.ee\/pood\/alumiiniumist-pergola-lazio-valge-9368-490\/"},"modified":"2025-08-14T11:13:46","modified_gmt":"2025-08-14T11:13:46","slug":"alumiiniumist-pergola-lazio-valge-9368-490","status":"publish","type":"product","link":"https:\/\/blankpage.ee\/_ruumist-ruumi\/pood\/alumiiniumist-pergola-lazio-valge-9368-490\/","title":{"rendered":"Alumiiniumist pergola Lazio, valge, 9368-490"},"content":{"rendered":"<h3>Alumiiniumist pergola Lazio \u2013 stiilne ja vastupidav lahendus sinu aeda<\/h3>\n<p>Naudi sooje suvep\u00e4evi stiilselt ja mugavalt <strong>alumiiniumist pergolaga Lazio<\/strong>. Selle elegantne valge raam loob kaasaegse ilme, mis sobib suurep\u00e4raselt igasse aeda v\u00f5i terrassile. T\u00e4nu vastupidavale alumiiniumkonstruktsioonile on see pergola kerge, kuid samas tugev ning ilmastikukindel.<\/p>\n<h3>Funktsionaalne ja praktiline disain<\/h3>\n<p><strong>Alumiiniumist pergola Lazio<\/strong> on varustatud pol\u00fcesterkangast katusega, mis pakub kaitset p\u00e4ikese ja kerge vihma eest. Soovi korral saab katuse eemaldada, et nautida t\u00e4ielikku p\u00e4ikesepaistet. T\u00e4nu oma nutikale disainile loob see pergola varjulise ja hubase istumisnurga, kus saad veeta m\u00f5nusalt aega pere ja s\u00f5pradega.<\/p>\n<h3>Lihtne hooldada ja hoiustada<\/h3>\n<p>Et tagada pergola pikaajaline kasutusiga, soovitame seda mitte kasutada ekstreemsete ilmastikutingimuste korral. Kui pergolat ei kasutata, on m\u00f5istlik see kokku panna ja hoiustada kuivas kohas, et v\u00e4ltida materjalide enneaegset kulumist.<\/p>\n<h3>Miks valida alumiiniumist pergola Lazio?<\/h3>\n<ul>\n<li><strong>Kerge ja vastupidav alumiiniumraam<\/strong> \u2013 roostevaba ja ilmastikukindel materjal<\/li>\n<li><strong>Pol\u00fcesterkatus<\/strong> \u2013 pakub t\u00f5husat kaitset p\u00e4ikese ja kerge vihma eest<\/li>\n<li><strong>Kaasaegne valge disain<\/strong> \u2013 sobib igasse aeda v\u00f5i terrassile<\/li>\n<li><strong>Lihtne hooldus<\/strong> \u2013 eemaldatav katus ja vastupidavad materjalid<\/li>\n<\/ul>\n<p>Too oma \u00f5ueala uuele tasemele <strong>alumiiniumist pergolaga Lazio<\/strong> ja loo ideaalne koht l\u00f5\u00f5gastumiseks igal suvep\u00e4eval!<\/p>\n","protected":false},"excerpt":{"rendered":"<p>Alumiiniumist pergola Lazio \u2013 stiilne ja vastupidav lahendus sinu aeda Naudi sooje suvep\u00e4evi stiilselt ja mugavalt alumiiniumist pergolaga Lazio. Selle elegantne valge raam loob kaasaegse ilme, mis sobib suurep\u00e4raselt igasse aeda v\u00f5i terrassile. T\u00e4nu vastupidavale alumiiniumkonstruktsioonile on see pergola kerge, kuid samas tugev ning ilmastikukindel. Funktsionaalne ja praktiline disain Alumiiniumist pergola Lazio on varustatud pol\u00fcesterkangast [&hellip;]<\/p>\n","protected":false},"featured_media":165213,"comment_status":"open","ping_status":"open","template":"","meta":[],"product_brand":[1818],"product_cat":[1800],"product_tag":[],"class_list":{"0":"post-148937","1":"product","2":"type-product","3":"status-publish","4":"has-post-thumbnail","6":"product_brand-venture-design","7":"product_cat-pergolad","8":"product_shipping_class-venture-design","9":"pa_kangas-100-poluester","10":"pa_kollektsioon-lazio","11":"pa_mootmed-295-x-245-x-395","12":"pa_varv-valge","14":"first","15":"outofstock","16":"taxable","17":"shipping-taxable","18":"purchasable","19":"product-type-simple"},"_links":{"self":[{"href":"https:\/\/blankpage.ee\/_ruumist-ruumi\/wp-json\/wp\/v2\/product\/148937","targetHints":{"allow":["GET"]}}],"collection":[{"href":"https:\/\/blankpage.ee\/_ruumist-ruumi\/wp-json\/wp\/v2\/product"}],"about":[{"href":"https:\/\/blankpage.ee\/_ruumist-ruumi\/wp-json\/wp\/v2\/types\/product"}],"replies":[{"embeddable":true,"href":"https:\/\/blankpage.ee\/_ruumist-ruumi\/wp-json\/wp\/v2\/comments?post=148937"}],"wp:featuredmedia":[{"embeddable":true,"href":"https:\/\/blankpage.ee\/_ruumist-ruumi\/wp-json\/wp\/v2\/media\/165213"}],"wp:attachment":[{"href":"https:\/\/blankpage.ee\/_ruumist-ruumi\/wp-json\/wp\/v2\/media?parent=148937"}],"wp:term":[{"taxonomy":"product_brand","embeddable":true,"href":"https:\/\/blankpage.ee\/_ruumist-ruumi\/wp-json\/wp\/v2\/product_brand?post=148937"},{"taxonomy":"product_cat","embeddable":true,"href":"https:\/\/blankpage.ee\/_ruumist-ruumi\/wp-json\/wp\/v2\/product_cat?post=148937"},{"taxonomy":"product_tag","embeddable":true,"href":"https:\/\/blankpage.ee\/_ruumist-ruumi\/wp-json\/wp\/v2\/product_tag?post=148937"}],"curies":[{"name":"wp","href":"https:\/\/api.w.org\/{rel}","templated":true}]}}