{"id":149003,"date":"2025-03-06T08:49:37","date_gmt":"2025-03-06T08:49:37","guid":{"rendered":"https:\/\/ruumistruumi.ee\/pood\/plastikust-hoiukast-aiapatjadele-amazon-naturaalne-8271-007\/"},"modified":"2025-08-14T11:14:04","modified_gmt":"2025-08-14T11:14:04","slug":"plastikust-hoiukast-aiapatjadele-amazon-naturaalne-8271-007","status":"publish","type":"product","link":"https:\/\/blankpage.ee\/_ruumist-ruumi\/pood\/plastikust-hoiukast-aiapatjadele-amazon-naturaalne-8271-007\/","title":{"rendered":"Plastikust hoiukast aiapatjadele Amazon, naturaalne, 8271-007"},"content":{"rendered":"<h3>Stiilne ja praktiline plastikust hoiukast aiapatjadele<\/h3>\n<p>\u00c4ra j\u00e4ta oma aiapatju vihma ja mustuse k\u00e4tte! <strong>Naturaalset tooni plastikust hoiukast aiapatjadele Amazon<\/strong> on ideaalne lahendus, et hoida sinu aiapadjad kuivana ja pikendada nende kasutusiga. Lisaks patjadele sobib see kast suurep\u00e4raselt ka muude aiatarvikute, m\u00e4nguasjade v\u00f5i aiat\u00f6\u00f6riistade hoiustamiseks. See on nutikas lisa igale terrassile v\u00f5i r\u00f5dule, pakkudes korrastatud ja organiseeritud hoiustamisv\u00f5imalust.<\/p>\n<h3>Vastupidav ja ilmastikukindel materjal<\/h3>\n<p>See plastikust hoiukast on valmistatud kvaliteetsest ja vastupidavast plastikmaterjalist, mis sobib ideaalselt meie p\u00f5hjamaistesse ilmastikutingimustesse. Materjal on UV-kindel, mist\u00f5ttu ei pleegi see p\u00e4ikese k\u00e4es ning talub h\u00e4sti nii vihma kui ka tuult. T\u00e4nu oma tugevale konstruktsioonile on kast pikaealine ja hooldusvaba, muutes selle praktiliseks valikuks igasse aeda.<\/p>\n<h3>Hooldusjuhised pikaajaliseks kasutamiseks<\/h3>\n<p>Kuigi plastikust hoiukast aiapatjadele on ilmastikukindel, soovitame selle kasutusaja pikendamiseks katta see m\u00f6\u00f6blikatte v\u00f5i hoiustada kuivas ja varjulises kohas. Nii s\u00e4ilitab kast oma esialgse v\u00e4limuse ja funktsionaalsuse veelgi kauem.<\/p>\n<p>Kui otsid vastupidavat ja stiilset lahendust oma aiatarvikute hoiustamiseks, siis <strong>naturaalset tooni plastikust hoiukast aiapatjadele Amazon<\/strong> on suurep\u00e4rane valik. See \u00fchendab endas praktilisuse ja modernse disaini, muutes sinu v\u00e4liruumid korrastatumaks ja funktsionaalsemaks.<\/p>\n","protected":false},"excerpt":{"rendered":"<p>Stiilne ja praktiline plastikust hoiukast aiapatjadele \u00c4ra j\u00e4ta oma aiapatju vihma ja mustuse k\u00e4tte! Naturaalset tooni plastikust hoiukast aiapatjadele Amazon on ideaalne lahendus, et hoida sinu aiapadjad kuivana ja pikendada nende kasutusiga. Lisaks patjadele sobib see kast suurep\u00e4raselt ka muude aiatarvikute, m\u00e4nguasjade v\u00f5i aiat\u00f6\u00f6riistade hoiustamiseks. See on nutikas lisa igale terrassile v\u00f5i r\u00f5dule, pakkudes korrastatud [&hellip;]<\/p>\n","protected":false},"featured_media":149006,"comment_status":"open","ping_status":"closed","template":"","meta":[],"product_brand":[1818],"product_cat":[1778],"product_tag":[],"class_list":{"0":"post-149003","1":"product","2":"type-product","3":"status-publish","4":"has-post-thumbnail","6":"product_brand-venture-design","7":"product_cat-hoiukastid-istmepatjadele","8":"product_shipping_class-venture-design","9":"pa_jalgade-varv-naturaalne","10":"pa_kangas-100-poluetuleen","11":"pa_kollektsioon-amazon","12":"pa_mootmed-90-x-100-x-150","13":"pa_varv-naturaalne","15":"first","16":"outofstock","17":"sale","18":"taxable","19":"shipping-taxable","20":"purchasable","21":"product-type-simple"},"_links":{"self":[{"href":"https:\/\/blankpage.ee\/_ruumist-ruumi\/wp-json\/wp\/v2\/product\/149003","targetHints":{"allow":["GET"]}}],"collection":[{"href":"https:\/\/blankpage.ee\/_ruumist-ruumi\/wp-json\/wp\/v2\/product"}],"about":[{"href":"https:\/\/blankpage.ee\/_ruumist-ruumi\/wp-json\/wp\/v2\/types\/product"}],"replies":[{"embeddable":true,"href":"https:\/\/blankpage.ee\/_ruumist-ruumi\/wp-json\/wp\/v2\/comments?post=149003"}],"wp:featuredmedia":[{"embeddable":true,"href":"https:\/\/blankpage.ee\/_ruumist-ruumi\/wp-json\/wp\/v2\/media\/149006"}],"wp:attachment":[{"href":"https:\/\/blankpage.ee\/_ruumist-ruumi\/wp-json\/wp\/v2\/media?parent=149003"}],"wp:term":[{"taxonomy":"product_brand","embeddable":true,"href":"https:\/\/blankpage.ee\/_ruumist-ruumi\/wp-json\/wp\/v2\/product_brand?post=149003"},{"taxonomy":"product_cat","embeddable":true,"href":"https:\/\/blankpage.ee\/_ruumist-ruumi\/wp-json\/wp\/v2\/product_cat?post=149003"},{"taxonomy":"product_tag","embeddable":true,"href":"https:\/\/blankpage.ee\/_ruumist-ruumi\/wp-json\/wp\/v2\/product_tag?post=149003"}],"curies":[{"name":"wp","href":"https:\/\/api.w.org\/{rel}","templated":true}]}}