{"id":149081,"date":"2025-03-06T08:55:59","date_gmt":"2025-03-06T08:55:59","guid":{"rendered":"https:\/\/ruumistruumi.ee\/pood\/poluesterkangast-vorkkiik-nino-must-9545-888\/"},"modified":"2025-08-14T11:13:25","modified_gmt":"2025-08-14T11:13:25","slug":"poluesterkangast-vorkkiik-nino-must-9545-888","status":"publish","type":"product","link":"https:\/\/blankpage.ee\/_ruumist-ruumi\/pood\/poluesterkangast-vorkkiik-nino-must-9545-888\/","title":{"rendered":"Pol\u00fcesterkangast v\u00f5rkkiik Ni\u00f1o, must, 9545-888"},"content":{"rendered":"<h3>Pol\u00fcesterkangast v\u00f5rkkiik Ni\u00f1o \u2013 ideaalne l\u00f5\u00f5gastumiseks<\/h3>\n<p><strong>Must pol\u00fcesterkangast v\u00f5rkkiik Ni\u00f1o<\/strong> on suurep\u00e4rane valik neile, kes soovivad nautida t\u00e4ielikku l\u00f5\u00f5gastust. Selle mugav ja vastupidav disain v\u00f5imaldab sul unustada igap\u00e4evased toimetused ning sukelduda hetkedesse, kus aeg justkui peatub. Olgu see raamatu lugemine varjus v\u00f5i p\u00e4ikesekiirte nautimine \u2013 see v\u00f5rkkiik pakub sulle t\u00e4ielikku vabaduse tunnet.<\/p>\n<h3>Vastupidav ja ilmastikukindel materjal<\/h3>\n<p>Ni\u00f1o v\u00f5rkkiik on valmistatud kvaliteetsest <strong>pol\u00fcesterkangast<\/strong>, mis on vastupidav ja sobib suurep\u00e4raselt v\u00e4listingimustesse. Pol\u00fcester on mustusele ja niiskusele vastupidav materjal, mist\u00f5ttu on seda lihtne hooldada ja see s\u00e4ilitab oma esialgse v\u00e4limuse ka pikema kasutamise j\u00e4rel.<\/p>\n<h3>Kerge ja h\u00f5lpsasti liigutatav<\/h3>\n<p>Komplekti kuuluv mustast <strong>metallist<\/strong> raam tagab stabiilsuse ja vastupidavuse. T\u00e4nu sellele konstruktsioonile saab v\u00f5rkkiike h\u00f5lpsasti liigutada ja paigutada just sinna, kus soovid \u2013 olgu see siis aias, terrassil v\u00f5i r\u00f5dul. T\u00e4nu oma kompaktsele disainile sobib see ideaalselt nii v\u00e4iksematesse kui ka avaramatesse v\u00e4liruumidesse.<\/p>\n<h3>Lihtne hooldus<\/h3>\n<p>Pol\u00fcesterkangast on lihtne puhastada \u2013 vajadusel saab seda k\u00e4sitsi pesta ning lasta \u00f5hu k\u00e4es kuivada. T\u00e4nu sellele p\u00fcsib v\u00f5rkkiik kauem v\u00e4rske ja kaunina, pakkudes sulle muretut puhkust aastateks.<\/p>\n<p>Kui otsid vastupidavat ja mugavat lahendust, mis pakub t\u00e4ielikku l\u00f5\u00f5gastust, siis <strong>pol\u00fcesterkangast v\u00f5rkkiik Ni\u00f1o<\/strong> on just see, mida vajad!<\/p>\n","protected":false},"excerpt":{"rendered":"<p>Pol\u00fcesterkangast v\u00f5rkkiik Ni\u00f1o \u2013 ideaalne l\u00f5\u00f5gastumiseks Must pol\u00fcesterkangast v\u00f5rkkiik Ni\u00f1o on suurep\u00e4rane valik neile, kes soovivad nautida t\u00e4ielikku l\u00f5\u00f5gastust. Selle mugav ja vastupidav disain v\u00f5imaldab sul unustada igap\u00e4evased toimetused ning sukelduda hetkedesse, kus aeg justkui peatub. Olgu see raamatu lugemine varjus v\u00f5i p\u00e4ikesekiirte nautimine \u2013 see v\u00f5rkkiik pakub sulle t\u00e4ielikku vabaduse tunnet. Vastupidav ja ilmastikukindel [&hellip;]<\/p>\n","protected":false},"featured_media":165703,"comment_status":"open","ping_status":"open","template":"","meta":[],"product_brand":[1818],"product_cat":[1793],"product_tag":[],"class_list":{"0":"post-149081","1":"product","2":"type-product","3":"status-publish","4":"has-post-thumbnail","6":"product_brand-venture-design","7":"product_cat-vorkkiiged","8":"product_shipping_class-venture-design","9":"pa_istme-varvus-must","10":"pa_jalgade-varv-must","11":"pa_kangas-100-poluester","12":"pa_kollektsioon-nino","13":"pa_mootmed-104-x-305-x-115","14":"pa_varv-must","16":"first","17":"outofstock","18":"sale","19":"taxable","20":"shipping-taxable","21":"purchasable","22":"product-type-simple"},"_links":{"self":[{"href":"https:\/\/blankpage.ee\/_ruumist-ruumi\/wp-json\/wp\/v2\/product\/149081","targetHints":{"allow":["GET"]}}],"collection":[{"href":"https:\/\/blankpage.ee\/_ruumist-ruumi\/wp-json\/wp\/v2\/product"}],"about":[{"href":"https:\/\/blankpage.ee\/_ruumist-ruumi\/wp-json\/wp\/v2\/types\/product"}],"replies":[{"embeddable":true,"href":"https:\/\/blankpage.ee\/_ruumist-ruumi\/wp-json\/wp\/v2\/comments?post=149081"}],"wp:featuredmedia":[{"embeddable":true,"href":"https:\/\/blankpage.ee\/_ruumist-ruumi\/wp-json\/wp\/v2\/media\/165703"}],"wp:attachment":[{"href":"https:\/\/blankpage.ee\/_ruumist-ruumi\/wp-json\/wp\/v2\/media?parent=149081"}],"wp:term":[{"taxonomy":"product_brand","embeddable":true,"href":"https:\/\/blankpage.ee\/_ruumist-ruumi\/wp-json\/wp\/v2\/product_brand?post=149081"},{"taxonomy":"product_cat","embeddable":true,"href":"https:\/\/blankpage.ee\/_ruumist-ruumi\/wp-json\/wp\/v2\/product_cat?post=149081"},{"taxonomy":"product_tag","embeddable":true,"href":"https:\/\/blankpage.ee\/_ruumist-ruumi\/wp-json\/wp\/v2\/product_tag?post=149081"}],"curies":[{"name":"wp","href":"https:\/\/api.w.org\/{rel}","templated":true}]}}