{"id":150142,"date":"2025-03-06T09:53:36","date_gmt":"2025-03-06T09:53:36","guid":{"rendered":"https:\/\/ruumistruumi.ee\/pood\/aiatool-break-reguleeritava-seljatoega-must-9276-408\/"},"modified":"2025-08-20T11:21:52","modified_gmt":"2025-08-20T11:21:52","slug":"aiatool-break-reguleeritava-seljatoega-must-9276-408","status":"publish","type":"product","link":"https:\/\/blankpage.ee\/_ruumist-ruumi\/pood\/aiatool-break-reguleeritava-seljatoega-must-9276-408\/","title":{"rendered":"Aiatool Break, reguleeritava seljatoega, must, 9276-408"},"content":{"rendered":"<h3>Stiilne ja mugav aiatool Break<\/h3>\n<p>Naudi sooje suvep\u00e4evi ja l\u00f5\u00f5gastavaid hetki \u00f5ues koos <strong>aiatooliga Break<\/strong>. See musta v\u00e4rvi kokkupandav tool on ajatu disainiga ning sobib suurep\u00e4raselt nii terrassile kui ka aeda. T\u00e4nu viiele reguleeritavale asendile ja mugavatele k\u00e4etugedele pakub see optimaalset mugavust nii s\u00f6\u00f6gilaua \u00e4\u00e4res istudes kui ka puhkehetkedel.<\/p>\n<h3>Funktsionaalne ja vastupidav materjal<\/h3>\n<p>Aiatooli iste ja seljatugi on valmistatud <strong>Textilene-kangast<\/strong>, mis on vastupidav ja ilmastikukindel. PVC-t\u00f6\u00f6tlusega pol\u00fcesterkangas on veekindel ja UV-kaitsega, mis aitab v\u00e4ltida p\u00e4ikese pleegitavat m\u00f5ju. See tagab, et tool s\u00e4ilitab oma stiilse v\u00e4limuse ka pikaajalisel kasutamisel.<\/p>\n<h3>Lihtne hooldus ja praktilisus<\/h3>\n<p><strong>Aiatooli Break<\/strong> hooldamine on lihtne \u2013 piisab kord kuus niiske lapiga puhastamisest ja kuivatamisest, et hoida see heas seisukorras. Kokkupandava mehhanismi abil saab tooli lihtsalt hoiustada, kui seda parajasti ei kasutata, muutes selle ideaalseks nii v\u00e4iksemate kui ka suuremate v\u00e4liruumide jaoks.<\/p>\n<h3>Loo t\u00e4iuslik \u00f5hkkond oma aias<\/h3>\n<p>Kombineeri <strong>aiatool Break<\/strong> sobiva s\u00f6\u00f6gilauaga ja kutsu pere ning s\u00f5brad kokku nautima m\u00f5nusaid \u00fchiseid hetki. Selle klassikaline must toon annab modernse ja elegantse ilme igale \u00f5uealale.<\/p>\n","protected":false},"excerpt":{"rendered":"<p>Stiilne ja mugav aiatool Break Naudi sooje suvep\u00e4evi ja l\u00f5\u00f5gastavaid hetki \u00f5ues koos aiatooliga Break. See musta v\u00e4rvi kokkupandav tool on ajatu disainiga ning sobib suurep\u00e4raselt nii terrassile kui ka aeda. T\u00e4nu viiele reguleeritavale asendile ja mugavatele k\u00e4etugedele pakub see optimaalset mugavust nii s\u00f6\u00f6gilaua \u00e4\u00e4res istudes kui ka puhkehetkedel. Funktsionaalne ja vastupidav materjal Aiatooli iste [&hellip;]<\/p>\n","protected":false},"featured_media":161016,"comment_status":"open","ping_status":"closed","template":"","meta":[],"product_brand":[1818],"product_cat":[1803],"product_tag":[],"class_list":{"0":"post-150142","1":"product","2":"type-product","3":"status-publish","4":"has-post-thumbnail","6":"product_brand-venture-design","7":"product_cat-reguleeritava-seljatoega-aiatoolid","8":"product_shipping_class-venture-design","9":"pa_istme-materjal-textilene","10":"pa_istme-varvus-must","11":"pa_jalgade-varv-must","12":"pa_kangas-100-textilene","13":"pa_kollektsioon-break","14":"pa_mootmed-62-x-55-x-108","15":"pa_varv-must","17":"first","18":"instock","19":"sale","20":"taxable","21":"shipping-taxable","22":"purchasable","23":"product-type-simple"},"_links":{"self":[{"href":"https:\/\/blankpage.ee\/_ruumist-ruumi\/wp-json\/wp\/v2\/product\/150142","targetHints":{"allow":["GET"]}}],"collection":[{"href":"https:\/\/blankpage.ee\/_ruumist-ruumi\/wp-json\/wp\/v2\/product"}],"about":[{"href":"https:\/\/blankpage.ee\/_ruumist-ruumi\/wp-json\/wp\/v2\/types\/product"}],"replies":[{"embeddable":true,"href":"https:\/\/blankpage.ee\/_ruumist-ruumi\/wp-json\/wp\/v2\/comments?post=150142"}],"wp:featuredmedia":[{"embeddable":true,"href":"https:\/\/blankpage.ee\/_ruumist-ruumi\/wp-json\/wp\/v2\/media\/161016"}],"wp:attachment":[{"href":"https:\/\/blankpage.ee\/_ruumist-ruumi\/wp-json\/wp\/v2\/media?parent=150142"}],"wp:term":[{"taxonomy":"product_brand","embeddable":true,"href":"https:\/\/blankpage.ee\/_ruumist-ruumi\/wp-json\/wp\/v2\/product_brand?post=150142"},{"taxonomy":"product_cat","embeddable":true,"href":"https:\/\/blankpage.ee\/_ruumist-ruumi\/wp-json\/wp\/v2\/product_cat?post=150142"},{"taxonomy":"product_tag","embeddable":true,"href":"https:\/\/blankpage.ee\/_ruumist-ruumi\/wp-json\/wp\/v2\/product_tag?post=150142"}],"curies":[{"name":"wp","href":"https:\/\/api.w.org\/{rel}","templated":true}]}}