{"id":150274,"date":"2025-03-06T10:02:50","date_gmt":"2025-03-06T10:02:50","guid":{"rendered":"https:\/\/ruumistruumi.ee\/pood\/metallist-reguleeritava-seljatoega-aiatool-panama-naturaalne-valge-6149-400\/"},"modified":"2025-06-11T09:09:56","modified_gmt":"2025-06-11T09:09:56","slug":"metallist-reguleeritava-seljatoega-aiatool-panama-naturaalne-valge-6149-400","status":"publish","type":"product","link":"https:\/\/blankpage.ee\/_ruumist-ruumi\/pood\/metallist-reguleeritava-seljatoega-aiatool-panama-naturaalne-valge-6149-400\/","title":{"rendered":"Metallist reguleeritava seljatoega aiatool Panama, naturaalne\/valge, 6149-400"},"content":{"rendered":"<h3>Stiilne ja mugav metallist aiatool Panama<\/h3>\n<p>Muuda oma terrass v\u00f5i aianurk kaasaegseks ja stiilseks <strong>metallist aiatooliga Panama<\/strong>. See kokkupandav ja reguleeritava seljatoega aiatool on loodud pakkuma nii mugavust kui ka vastupidavust. T\u00e4nu oma praktilisele disainile sobib see suurep\u00e4raselt nii modernsete kui ka klassikaliste aialaudade juurde.<\/p>\n<h3>Kvaliteetsed materjalid ja vastupidav konstruktsioon<\/h3>\n<p>Aiatooli raam on valmistatud vastupidavast metallist, mis tagab stabiilsuse ja pika eluea. Istme- ja seljatoekangas on tehtud <strong>Textilene-materjalist<\/strong>, mis on PVC-ga t\u00f6\u00f6deldud pol\u00fcesterkangas. See materjal on vett h\u00fclgav ja UV-kaitsega, aidates v\u00e4ltida p\u00e4ikese pleegitavat m\u00f5ju. Lisaks on tool varustatud <strong>tiigipuust k\u00e4etugedega<\/strong>, mis lisavad elegantsi ja loovad luksusliku ilme.<\/p>\n<h3>Mugavus ja lihtne hooldus<\/h3>\n<p>Reguleeritav seljatugi v\u00f5imaldab leida just endale sobivaima istumisasendi, mist\u00f5ttu on see ideaalne valik pikemateks \u00f5htus\u00f6\u00f6kideks v\u00f5i rahulikeks p\u00e4rastl\u00f5unadeks aias. T\u00e4nu kokkupandavale mehhanismile on tooli lihtne hoiustada ja vajadusel transportida.<\/p>\n<p><strong>Hooldussoovitused:<\/strong> Textilene-materjalist aiatoolide puhastamine on lihtne \u2013 korrap\u00e4raselt puhastades s\u00e4ilib tooli v\u00e4limus kauem. Soovitame puhastada umbes kord kuus niiske lapiga ning seej\u00e4rel kuivatada.<\/p>\n<h3>Naudi suve stiilselt<\/h3>\n<p><strong>Metallist aiatool Panama<\/strong> on ideaalne kaaslane suvistele \u00f5htus\u00f6\u00f6kidele ja aiapidudele. Selle stiilne valge ning naturaalsete toonide kombinatsioon toob aeda v\u00e4rskust ja elegantsi. Investeeri kvaliteeti ja loo oma aianurgas t\u00e4iuslik atmosf\u00e4\u00e4r!<\/p>\n","protected":false},"excerpt":{"rendered":"<p>Stiilne ja mugav metallist aiatool Panama Muuda oma terrass v\u00f5i aianurk kaasaegseks ja stiilseks metallist aiatooliga Panama. See kokkupandav ja reguleeritava seljatoega aiatool on loodud pakkuma nii mugavust kui ka vastupidavust. T\u00e4nu oma praktilisele disainile sobib see suurep\u00e4raselt nii modernsete kui ka klassikaliste aialaudade juurde. Kvaliteetsed materjalid ja vastupidav konstruktsioon Aiatooli raam on valmistatud vastupidavast [&hellip;]<\/p>\n","protected":false},"featured_media":160999,"comment_status":"open","ping_status":"open","template":"","meta":[],"product_brand":[1818],"product_cat":[1803],"product_tag":[],"class_list":{"0":"post-150274","1":"product","2":"type-product","3":"status-publish","4":"has-post-thumbnail","6":"product_brand-venture-design","7":"product_cat-reguleeritava-seljatoega-aiatoolid","8":"product_shipping_class-venture-design","9":"pa_istme-materjal-textilene","10":"pa_istme-varvus-valge","11":"pa_jalgade-varv-valge","12":"pa_kangas-100-textilene","13":"pa_kollektsioon-panama","14":"pa_mootmed-75-x-60-x-110","15":"pa_varv-naturaalne","16":"pa_varv-valge","18":"first","19":"outofstock","20":"sale","21":"taxable","22":"shipping-taxable","23":"purchasable","24":"product-type-simple"},"_links":{"self":[{"href":"https:\/\/blankpage.ee\/_ruumist-ruumi\/wp-json\/wp\/v2\/product\/150274","targetHints":{"allow":["GET"]}}],"collection":[{"href":"https:\/\/blankpage.ee\/_ruumist-ruumi\/wp-json\/wp\/v2\/product"}],"about":[{"href":"https:\/\/blankpage.ee\/_ruumist-ruumi\/wp-json\/wp\/v2\/types\/product"}],"replies":[{"embeddable":true,"href":"https:\/\/blankpage.ee\/_ruumist-ruumi\/wp-json\/wp\/v2\/comments?post=150274"}],"wp:featuredmedia":[{"embeddable":true,"href":"https:\/\/blankpage.ee\/_ruumist-ruumi\/wp-json\/wp\/v2\/media\/160999"}],"wp:attachment":[{"href":"https:\/\/blankpage.ee\/_ruumist-ruumi\/wp-json\/wp\/v2\/media?parent=150274"}],"wp:term":[{"taxonomy":"product_brand","embeddable":true,"href":"https:\/\/blankpage.ee\/_ruumist-ruumi\/wp-json\/wp\/v2\/product_brand?post=150274"},{"taxonomy":"product_cat","embeddable":true,"href":"https:\/\/blankpage.ee\/_ruumist-ruumi\/wp-json\/wp\/v2\/product_cat?post=150274"},{"taxonomy":"product_tag","embeddable":true,"href":"https:\/\/blankpage.ee\/_ruumist-ruumi\/wp-json\/wp\/v2\/product_tag?post=150274"}],"curies":[{"name":"wp","href":"https:\/\/api.w.org\/{rel}","templated":true}]}}