{"id":150542,"date":"2025-03-06T10:12:24","date_gmt":"2025-03-06T10:12:24","guid":{"rendered":"https:\/\/ruumistruumi.ee\/pood\/alumiiniumist-reguleeritava-seljatoega-aiatool-albany-hall-valge-1562-400\/"},"modified":"2025-08-14T11:10:45","modified_gmt":"2025-08-14T11:10:45","slug":"alumiiniumist-reguleeritava-seljatoega-aiatool-albany-hall-valge-1562-400","status":"publish","type":"product","link":"https:\/\/blankpage.ee\/_ruumist-ruumi\/pood\/alumiiniumist-reguleeritava-seljatoega-aiatool-albany-hall-valge-1562-400\/","title":{"rendered":"Alumiiniumist reguleeritava seljatoega aiatool Albany, hall\/valge, 1562-400"},"content":{"rendered":"<h3>Stiilne ja mugav reguleeritava seljatoega aiatool<\/h3>\n<p><strong>Alumiiniumist reguleeritava seljatoega aiatool Albany<\/strong> \u00fchendab endas stiili, praktilisuse ja mugavuse. Selle halli ja valge v\u00e4rvikombinatsiooniga tool on ideaalne nii aeda, terrassile kui ka r\u00f5dule. T\u00e4nu viieastmelisele reguleeritavale seljatoele saab iga\u00fcks leida endale sobiva istumisasendi, olgu selleks l\u00f5\u00f5gastav puhkehetk v\u00f5i hubane \u00f5htus\u00f6\u00f6k v\u00e4rskes \u00f5hus.<\/p>\n<h3>Kvaliteetsed materjalid ja vastupidav disain<\/h3>\n<p>Tooli raam on valmistatud vastupidavast alumiiniumist, mis on kerge ja roostekindel, tagades pikaajalise kasutuse ka v\u00e4listingimustes. Istumis- ja seljaosa on kaetud vastupidava <strong>Textilene-kangaga<\/strong>, mis on PVC-ga t\u00f6\u00f6deldud pol\u00fcester. See materjal on vee- ja UV-kindel, pakkudes kaitset pleekimise eest ning s\u00e4ilitades oma v\u00e4rske v\u00e4limuse ka p\u00e4ikese k\u00e4es.<\/p>\n<h3>Lihtne hooldus ja kasutajas\u00f5bralik disain<\/h3>\n<p>Textilene-materjal muudab tooli hooldamise \u00e4\u00e4rmiselt lihtsaks \u2013 piisab vaid niiske lapiga puhastamisest kord kuus ning seej\u00e4rel kuivatamisest. T\u00e4nu kokkupandavale seljatoele on tooli mugav hoiustada, kui seda parajasti ei kasutata. K\u00e4etugede ergonoomiline kuju tagab lisamugavuse, muutes iga istumiskorra nauditavaks.<\/p>\n<h3>Mitmek\u00fclgne ja praktiline valik<\/h3>\n<p>Kas otsid funktsionaalset ja vastupidavat aiatooli, mis sobituks su aia v\u00f5i r\u00f5du sisekujundusega? <strong>Alumiiniumist reguleeritava seljatoega aiatool Albany<\/strong> on suurep\u00e4rane valik igale \u00f5uealale, pakkudes nii esteetilist v\u00e4limust kui ka maksimaalset mugavust.<\/p>\n","protected":false},"excerpt":{"rendered":"<p>Stiilne ja mugav reguleeritava seljatoega aiatool Alumiiniumist reguleeritava seljatoega aiatool Albany \u00fchendab endas stiili, praktilisuse ja mugavuse. Selle halli ja valge v\u00e4rvikombinatsiooniga tool on ideaalne nii aeda, terrassile kui ka r\u00f5dule. T\u00e4nu viieastmelisele reguleeritavale seljatoele saab iga\u00fcks leida endale sobiva istumisasendi, olgu selleks l\u00f5\u00f5gastav puhkehetk v\u00f5i hubane \u00f5htus\u00f6\u00f6k v\u00e4rskes \u00f5hus. Kvaliteetsed materjalid ja vastupidav disain [&hellip;]<\/p>\n","protected":false},"featured_media":160979,"comment_status":"open","ping_status":"open","template":"","meta":[],"product_brand":[1818],"product_cat":[1803],"product_tag":[],"class_list":{"0":"post-150542","1":"product","2":"type-product","3":"status-publish","4":"has-post-thumbnail","6":"product_brand-venture-design","7":"product_cat-reguleeritava-seljatoega-aiatoolid","8":"product_shipping_class-venture-design","9":"pa_istme-materjal-textilene","10":"pa_istme-varvus-hall","11":"pa_jalgade-varv-valge","12":"pa_kangas-100-textilene","13":"pa_kollektsioon-albany","14":"pa_mootmed-67-x-59-x-1095","15":"pa_varv-valge","16":"pa_varv-hall","18":"first","19":"instock","20":"sale","21":"taxable","22":"shipping-taxable","23":"purchasable","24":"product-type-simple"},"_links":{"self":[{"href":"https:\/\/blankpage.ee\/_ruumist-ruumi\/wp-json\/wp\/v2\/product\/150542","targetHints":{"allow":["GET"]}}],"collection":[{"href":"https:\/\/blankpage.ee\/_ruumist-ruumi\/wp-json\/wp\/v2\/product"}],"about":[{"href":"https:\/\/blankpage.ee\/_ruumist-ruumi\/wp-json\/wp\/v2\/types\/product"}],"replies":[{"embeddable":true,"href":"https:\/\/blankpage.ee\/_ruumist-ruumi\/wp-json\/wp\/v2\/comments?post=150542"}],"wp:featuredmedia":[{"embeddable":true,"href":"https:\/\/blankpage.ee\/_ruumist-ruumi\/wp-json\/wp\/v2\/media\/160979"}],"wp:attachment":[{"href":"https:\/\/blankpage.ee\/_ruumist-ruumi\/wp-json\/wp\/v2\/media?parent=150542"}],"wp:term":[{"taxonomy":"product_brand","embeddable":true,"href":"https:\/\/blankpage.ee\/_ruumist-ruumi\/wp-json\/wp\/v2\/product_brand?post=150542"},{"taxonomy":"product_cat","embeddable":true,"href":"https:\/\/blankpage.ee\/_ruumist-ruumi\/wp-json\/wp\/v2\/product_cat?post=150542"},{"taxonomy":"product_tag","embeddable":true,"href":"https:\/\/blankpage.ee\/_ruumist-ruumi\/wp-json\/wp\/v2\/product_tag?post=150542"}],"curies":[{"name":"wp","href":"https:\/\/api.w.org\/{rel}","templated":true}]}}