{"id":156892,"date":"2025-03-29T13:10:19","date_gmt":"2025-03-29T13:10:19","guid":{"rendered":"https:\/\/ruumistruumi.ee\/pood\/8k-displayport-kaabel-vention-hcelh-displayport-1-4-kaabel-2m-240hz-sinine\/"},"modified":"2026-04-28T10:17:00","modified_gmt":"2026-04-28T10:17:00","slug":"8k-displayport-kaabel-vention-hcelh-displayport-1-4-kaabel-2m-240hz-sinine","status":"publish","type":"product","link":"https:\/\/blankpage.ee\/_ruumist-ruumi\/pood\/8k-displayport-kaabel-vention-hcelh-displayport-1-4-kaabel-2m-240hz-sinine\/","title":{"rendered":"8K DisplayPort kaabel &#8211; Vention HCELH DisplayPort 1.4 Kaabel 2m (240Hz, Sinine)"},"content":{"rendered":"<h3>8K DisplayPort kaabel Vention HCELH 1.4 \u2013 2m Sinine<\/h3>\n<p>See 8K DisplayPort kaabel on loodud Vention HCELH poolt ja on ideaalne valik k\u00f5rge eraldusv\u00f5imega visuaalide edastamiseks. Kaabel toetab DisplayPort versiooni 1.4, tagades muljetavaldava 7680 x 4320 pikslise eraldusv\u00f5ime. Esimene \u00fchendus v\u00f5imaldab Teil kogeda professionaalset ja detailset pilti, mis sobib suurep\u00e4raselt nii t\u00f6\u00f6ks kui ka meelelahutuseks. Lisaks on seade varustatud kolme varjestuskihiga, mis tagavad stabiilse signaali edastamise ka n\u00f5udlikes keskkondades.<\/p>\n<p><img decoding=\"async\" src=\"https:\/\/blankpage.ee\/_ruumist-ruumi\/wp-content\/uploads\/2025\/03\/1-247.webp\" border=\"0\" alt=\"8K DisplayPort kaabel omadused\" \/><\/p>\n<h3>\u00c4\u00e4rmine signaalikaitse<\/h3>\n<p>Selline 8K DisplayPort kaabel tagab erakordselt usaldusv\u00e4\u00e4rse signaali edastamise. Kolme varjestuskihiga on v\u00f5imalik v\u00e4ltida elektromagnetilisi h\u00e4ireid ning seel\u00e4bi tagada laitmatu pildikvaliteet ka mitme ekraani v\u00f5i keerulise seadistuse korral. Olgu tegemist professionaalse video- v\u00f5i graafilise t\u00f6\u00f6ga, v\u00f5ite olla kindel, et Teie visuaalne kogemus j\u00e4\u00e4b veatuks.<\/p>\n<p><img decoding=\"async\" src=\"https:\/\/blankpage.ee\/_ruumist-ruumi\/wp-content\/uploads\/2025\/03\/2-232.webp\" border=\"0\" alt=\"8K DisplayPort kaabel signaalikaitse\" \/><\/p>\n<h3>Kullatud pistikud<\/h3>\n<p>Detailidele p\u00f6\u00f6ratakse t\u00e4helepanu igas etapis, seet\u00f5ttu on see 8K DisplayPort kaabel varustatud kullatud pistikutega. Need pistikud tagavad kiire ja usaldusv\u00e4\u00e4rse \u00fchenduse, v\u00e4hendades signaali edastamisel tekkivaid kadu. Selline disain aitab s\u00e4ilitada k\u00f5rget pildikvaliteeti ka pikaajalisel kasutamisel ning muudab \u00fchendused eriti stabiilseks.<\/p>\n<p><img decoding=\"async\" src=\"https:\/\/blankpage.ee\/_ruumist-ruumi\/wp-content\/uploads\/2025\/03\/3-213.webp\" border=\"0\" alt=\"8K DisplayPort kaabel kullatud pistikud\" \/><\/p>\n<h3>Kvaliteetsed materjalid<\/h3>\n<p>Vention seab kvaliteedi esikohale. Selle 8K DisplayPort kaabli valmistamisel on kasutatud ainult vastupidavaid ja kvaliteetseid materjale nagu PVC ja ABS. 2-meetrine pikkus annab v\u00f5imaluse seadmete paigutamiseks erinevates konfiguratsioonides, samas kui 32,4 Gbps andmeedastuskiirus tagab kiire ja usaldusv\u00e4\u00e4rse signaali edastamise. Kaabel vastab rangetele standarditele ja toetab k\u00f5rge kvaliteediga visuaalseid lahendusi.<\/p>\n<p>Lisaks on kaabli disain loodud maksimeerima j\u00f5udlust ja vastupidavust erinevates rakendustes. \u00dchendus on mugav ja lihtne, v\u00f5imaldades seadmetel sujuvalt omavahel t\u00f6\u00f6tada. Ventioni 8K DisplayPort kaabel on seet\u00f5ttu ideaalne valik nii tehnilistele spetsialistidele kui ka igap\u00e4evastele kasutajatele, kes hindavad kvaliteeti, stabiilsust ja usaldusv\u00e4\u00e4rsust.<\/p>\n<p><img decoding=\"async\" src=\"https:\/\/blankpage.ee\/_ruumist-ruumi\/wp-content\/uploads\/2025\/03\/4-167.webp\" border=\"0\" alt=\"8K DisplayPort kaabel materjalid ja kvaliteet\" \/><\/p>\n<div class=\"table-wrapper\">\n<table>\n<tbody>\n<tr>\n<th>Tootja<\/th>\n<td>Vention<\/td>\n<\/tr>\n<tr>\n<th>Mudel<\/th>\n<td>HCELH<\/td>\n<\/tr>\n<tr>\n<th>Tootenimi<\/th>\n<td>HD DP 1.4 isane-isane 8K 2m kaabel<\/td>\n<\/tr>\n<tr>\n<th>V\u00e4rv<\/th>\n<td>Sinine<\/td>\n<\/tr>\n<tr>\n<th>Pistik 1<\/th>\n<td>DisplayPort isane<\/td>\n<\/tr>\n<tr>\n<th>Pistik 2<\/th>\n<td>DisplayPort isane<\/td>\n<\/tr>\n<tr>\n<th>DisplayPort versioon<\/th>\n<td>1.4<\/td>\n<\/tr>\n<tr>\n<th>Maksimaalne eraldusv\u00f5ime<\/th>\n<td>7680 x 4320 pikslit<\/td>\n<\/tr>\n<tr>\n<th>Maksimaalne v\u00e4rskendussagedus<\/th>\n<td>240 Hz<\/td>\n<\/tr>\n<tr>\n<th>Omadused<\/th>\n<td>Kaabli varjestus, alumiinium mylar foolium, kullatud pistikupinnad<\/td>\n<\/tr>\n<tr>\n<th>Varjestuse kihtide arv<\/th>\n<td>3<\/td>\n<\/tr>\n<tr>\n<th>Materjalid<\/th>\n<td>PVC, ABS<\/td>\n<\/tr>\n<tr>\n<th>Kaabli juhtme suurus<\/th>\n<td>AWG 30<\/td>\n<\/tr>\n<tr>\n<th>Andmeedastuskiirus<\/th>\n<td>32,4 Gbps<\/td>\n<\/tr>\n<\/tbody>\n<\/table>\n<\/div>\n","protected":false},"excerpt":{"rendered":"<p>8K DisplayPort kaabel Vention HCELH 1.4 \u2013 2m Sinine See 8K DisplayPort kaabel on loodud Vention HCELH poolt ja on ideaalne valik k\u00f5rge eraldusv\u00f5imega visuaalide edastamiseks. Kaabel toetab DisplayPort versiooni 1.4, tagades muljetavaldava 7680 x 4320 pikslise eraldusv\u00f5ime. Esimene \u00fchendus v\u00f5imaldab Teil kogeda professionaalset ja detailset pilti, mis sobib suurep\u00e4raselt nii t\u00f6\u00f6ks kui ka meelelahutuseks. [&hellip;]<\/p>\n","protected":false},"featured_media":156897,"comment_status":"open","ping_status":"closed","template":"","meta":[],"product_brand":[2980],"product_cat":[2952],"product_tag":[],"class_list":{"0":"post-156892","1":"product","2":"type-product","3":"status-publish","4":"has-post-thumbnail","6":"product_brand-vention","7":"product_cat-videokaablid","8":"product_shipping_class-innpro","10":"first","11":"instock","12":"sale","13":"taxable","14":"shipping-taxable","15":"purchasable","16":"product-type-simple"},"_links":{"self":[{"href":"https:\/\/blankpage.ee\/_ruumist-ruumi\/wp-json\/wp\/v2\/product\/156892","targetHints":{"allow":["GET"]}}],"collection":[{"href":"https:\/\/blankpage.ee\/_ruumist-ruumi\/wp-json\/wp\/v2\/product"}],"about":[{"href":"https:\/\/blankpage.ee\/_ruumist-ruumi\/wp-json\/wp\/v2\/types\/product"}],"replies":[{"embeddable":true,"href":"https:\/\/blankpage.ee\/_ruumist-ruumi\/wp-json\/wp\/v2\/comments?post=156892"}],"wp:featuredmedia":[{"embeddable":true,"href":"https:\/\/blankpage.ee\/_ruumist-ruumi\/wp-json\/wp\/v2\/media\/156897"}],"wp:attachment":[{"href":"https:\/\/blankpage.ee\/_ruumist-ruumi\/wp-json\/wp\/v2\/media?parent=156892"}],"wp:term":[{"taxonomy":"product_brand","embeddable":true,"href":"https:\/\/blankpage.ee\/_ruumist-ruumi\/wp-json\/wp\/v2\/product_brand?post=156892"},{"taxonomy":"product_cat","embeddable":true,"href":"https:\/\/blankpage.ee\/_ruumist-ruumi\/wp-json\/wp\/v2\/product_cat?post=156892"},{"taxonomy":"product_tag","embeddable":true,"href":"https:\/\/blankpage.ee\/_ruumist-ruumi\/wp-json\/wp\/v2\/product_tag?post=156892"}],"curies":[{"name":"wp","href":"https:\/\/api.w.org\/{rel}","templated":true}]}}