{"id":158460,"date":"2025-03-29T19:17:15","date_gmt":"2025-03-29T19:17:15","guid":{"rendered":"https:\/\/ruumistruumi.ee\/pood\/baseus-fastjoy-1300mbps-wifi-adapter-must-reguleeritavad-antennid\/"},"modified":"2025-08-21T08:20:33","modified_gmt":"2025-08-21T08:20:33","slug":"baseus-fastjoy-1300mbps-wifi-adapter-must-reguleeritavad-antennid","status":"publish","type":"product","link":"https:\/\/blankpage.ee\/_ruumist-ruumi\/pood\/baseus-fastjoy-1300mbps-wifi-adapter-must-reguleeritavad-antennid\/","title":{"rendered":"Baseus FastJoy 1300Mbps WiFi adapter (must, reguleeritavad antennid)"},"content":{"rendered":"<h3>Baseus FastJoy 1300Mbps WiFi adapter (must)<\/h3>\n<p>Baseus FastJoy WiFi adapter pakub erakordset andmeedastuskiirust kuni 1300 Mbps. T\u00e4nu kahe edastusala toele \u2013 2,4 GHz (400 Mbps) ja 5,8 GHz (867 Mbps) \u2013 on see seade ideaalne lahendus k\u00f5rge kvaliteediga filmide vaatlemiseks, online-m\u00e4ngude m\u00e4ngimiseks ja interneti kasutamiseks ilma katkestusteta. Baseus WiFi adapter tagab stabiilse ja usaldusv\u00e4\u00e4rse \u00fchenduse ning sobib n\u00f5udlikele kasutajatele, kes hindavad kiiret andmeedastust. Kui kasutate seda Baseus WiFi adapterit, saate nautida sujuvat internetikogemust igasugustes oludes.<\/p>\n<p><img decoding=\"async\" border=\"0\" src=\"https:\/\/blankpage.ee\/_ruumist-ruumi\/wp-content\/uploads\/2025\/03\/1-400.webp\" alt=\"Baseus WiFi adapter kiire andmeedastus\"\/><\/p>\n<h3>Suurep\u00e4rane leviala ja kohandatavad antennid<\/h3>\n<p>Tootel on kaks 5 dBi antenni, mis tagavad laia leviala ja stabiilse interneti\u00fchenduse kogu kodus, isegi kui signaal peab l\u00e4bima mitu seina. Antennid on reguleeritavad, v\u00f5imaldades neid kallutada soovitud nurga all, et saavutada parim v\u00f5imalik signaal.<\/p>\n<p><img decoding=\"async\" border=\"0\" src=\"https:\/\/blankpage.ee\/_ruumist-ruumi\/wp-content\/uploads\/2025\/03\/6-201.webp\" alt=\"Baseus WiFi adapter reguleeritavad antennid\"\/><\/p>\n<h3>Paindlikkus ja mugavus<\/h3>\n<p>Baseus FastJoy WiFi adapteri pikk 1-meetrine kaabel v\u00f5imaldab seadme paigutada paindlikult igasse ruumi ilma takistusteta. Lisaks tagavad madal energiatarbimine ja minimaalne viivitus kiire, energias\u00e4\u00e4stliku \u00fchenduse.<\/p>\n<p><img decoding=\"async\" border=\"0\" src=\"https:\/\/blankpage.ee\/_ruumist-ruumi\/wp-content\/uploads\/2025\/03\/4-289.webp\" alt=\"Baseus WiFi adapter paigutusvabadus\"\/><\/p>\n<h3>Lihtne paigaldus ja turvaline kasutus<\/h3>\n<p>Seadme lihtne paigaldus teeb Baseus FastJoy kasutamise erakordselt mugavaks \u2013 t\u00e4iendavate draiverite allalaadimine pole vajalik. Kaasaegsed kr\u00fcptimisstandardid nagu WPA-PSK, WPA2-PSK, WPA\/WPA2-PSK ja 64\/128 WEP tagavad k\u00f5rge turvalisuse ning privaatsuskaitse.<\/p>\n<p><img decoding=\"async\" border=\"0\" src=\"https:\/\/blankpage.ee\/_ruumist-ruumi\/wp-content\/uploads\/2025\/03\/2-348.webp\" alt=\"Baseus WiFi adapter lihtne paigaldus\"\/><\/p>\n<h3>MU-MIMO, OFDMA ja CCA tehnoloogia<\/h3>\n<p>MU-MIMO tehnoloogia v\u00f5imaldab Baseus FastJoy WiFi adapteril edastada andmeid mitmele seadmele samaaegselt, muutes selle ideaalseks lahenduseks nii kodu kui kontori v\u00f5rkudele. OFDMA lahendus v\u00e4hendab viivitusi, mis on eriti kasulik intensiivsete online-m\u00e4ngude ajal. CCA tehnoloogia aitab automaatselt valida parima kanali, v\u00e4hendades h\u00e4ireid ja tagades stabiilse \u00fchenduse.<\/p>\n<p><img decoding=\"async\" border=\"0\" src=\"https:\/\/blankpage.ee\/_ruumist-ruumi\/wp-content\/uploads\/2025\/03\/3-319.webp\" alt=\"Baseus WiFi adapter tehnoloogia ja kiirus\"\/><\/p>\n<h3>Kaks t\u00f6\u00f6re\u017eiimi<\/h3>\n<p>Baseus FastJoy t\u00f6\u00f6tab nii WiFi vastuv\u00f5tja kui levialana, pakkudes mitmek\u00fclgseid kasutusv\u00f5imalusi. T\u00e4nap\u00e4evased kiibid tagavad kindla signaali edastuse, stabiilse \u00fchenduse ja madala viivituse, mis loob sujuva internetikogemuse.<\/p>\n<p><img decoding=\"async\" border=\"0\" src=\"https:\/\/blankpage.ee\/_ruumist-ruumi\/wp-content\/uploads\/2025\/03\/7-160.webp\" alt=\"Baseus WiFi adapter multifunktsionaalne\"\/><\/p>\n<h3>\u00dchilduvus ja stiilne disain<\/h3>\n<p>Baseus FastJoy WiFi adapter on loodud \u00fchilduvaks laia operatsioonis\u00fcsteemide valikuga, sealhulgas Windows 7\u201311, Linux (2.6.24\u20135.11) ja macOS 10.11\u201310.15. Elegantne disain ja sinine valgusindikaator annavad seadmest kaasaegse ilme, sobitudes ideaalselt igasse interj\u00f6\u00f6ri.<\/p>\n<p><img decoding=\"async\" border=\"0\" src=\"https:\/\/blankpage.ee\/_ruumist-ruumi\/wp-content\/uploads\/2025\/03\/5-256.webp\" alt=\"Baseus WiFi adapter stiilne disain\"\/><\/p>\n<div class=\"table-wrapper\">\n<p>\u00a0<\/p>\n<h3><\/h3>\n<table>\n<tbody>\n<tr>\n<th>Tootja<\/th>\n<td>Baseus<\/td>\n<\/tr>\n<tr>\n<th>Nimetus<\/th>\n<td>FastJoy WiFi Adapter 1300Mbps (V\u00e4line antenn)<\/td>\n<\/tr>\n<tr>\n<th>Mudel<\/th>\n<td>B01317600111-05<\/td>\n<\/tr>\n<tr>\n<th>V\u00e4rv<\/th>\n<td>Must<\/td>\n<\/tr>\n<tr>\n<th>Materjal<\/th>\n<td>PC + ABS<\/td>\n<\/tr>\n<tr>\n<th>Kaal<\/th>\n<td>U. 100 g<\/td>\n<\/tr>\n<tr>\n<th>T\u00f6\u00f6 sagedusalad<\/th>\n<td>2,4 GHz ja 5,8 GHz<\/td>\n<\/tr>\n<tr>\n<th>Edastuskiirus<\/th>\n<td>2,4 GHz: 400 Mbps; 5,8 GHz: 867 Mbps;<\/td>\n<\/tr>\n<tr>\n<th>Juhtmeta side standardid<\/th>\n<td>IEEE 802.11 b\/g\/n, IEEE 802.11 a\/ac<\/td>\n<\/tr>\n<tr>\n<th>Kr\u00fcptimisstandardid<\/th>\n<td>WPA-PSK, WPA2-PSK, WPA\/WPA2-PSK, 64\/128 WEP<\/td>\n<\/tr>\n<tr>\n<th>T\u00f6\u00f6 re\u017eiim<\/th>\n<td>NIC ja leviala<\/td>\n<\/tr>\n<tr>\n<th>\u00dchilduvad operatsioonis\u00fcsteemid<\/th>\n<td>Windows 7-11, Linux 2.6.24-5.11, macOS 10.11-10.15<\/td>\n<\/tr>\n<\/tbody>\n<\/table>\n<\/div>\n","protected":false},"excerpt":{"rendered":"<p>Baseus FastJoy 1300Mbps WiFi adapter (must) Baseus FastJoy WiFi adapter pakub erakordset andmeedastuskiirust kuni 1300 Mbps. T\u00e4nu kahe edastusala toele \u2013 2,4 GHz (400 Mbps) ja 5,8 GHz (867 Mbps) \u2013 on see seade ideaalne lahendus k\u00f5rge kvaliteediga filmide vaatlemiseks, online-m\u00e4ngude m\u00e4ngimiseks ja interneti kasutamiseks ilma katkestusteta. Baseus WiFi adapter tagab stabiilse ja usaldusv\u00e4\u00e4rse \u00fchenduse [&hellip;]<\/p>\n","protected":false},"featured_media":158468,"comment_status":"open","ping_status":"open","template":"","meta":[],"product_brand":[2876],"product_cat":[2915],"product_tag":[],"class_list":{"0":"post-158460","1":"product","2":"type-product","3":"status-publish","4":"has-post-thumbnail","6":"product_brand-baseus","7":"product_cat-adapterid-uhendused-ja-konverterid-it-tarvikud-elektroonika","8":"product_shipping_class-innpro","10":"first","11":"instock","12":"sale","13":"taxable","14":"shipping-taxable","15":"purchasable","16":"product-type-simple"},"_links":{"self":[{"href":"https:\/\/blankpage.ee\/_ruumist-ruumi\/wp-json\/wp\/v2\/product\/158460","targetHints":{"allow":["GET"]}}],"collection":[{"href":"https:\/\/blankpage.ee\/_ruumist-ruumi\/wp-json\/wp\/v2\/product"}],"about":[{"href":"https:\/\/blankpage.ee\/_ruumist-ruumi\/wp-json\/wp\/v2\/types\/product"}],"replies":[{"embeddable":true,"href":"https:\/\/blankpage.ee\/_ruumist-ruumi\/wp-json\/wp\/v2\/comments?post=158460"}],"wp:featuredmedia":[{"embeddable":true,"href":"https:\/\/blankpage.ee\/_ruumist-ruumi\/wp-json\/wp\/v2\/media\/158468"}],"wp:attachment":[{"href":"https:\/\/blankpage.ee\/_ruumist-ruumi\/wp-json\/wp\/v2\/media?parent=158460"}],"wp:term":[{"taxonomy":"product_brand","embeddable":true,"href":"https:\/\/blankpage.ee\/_ruumist-ruumi\/wp-json\/wp\/v2\/product_brand?post=158460"},{"taxonomy":"product_cat","embeddable":true,"href":"https:\/\/blankpage.ee\/_ruumist-ruumi\/wp-json\/wp\/v2\/product_cat?post=158460"},{"taxonomy":"product_tag","embeddable":true,"href":"https:\/\/blankpage.ee\/_ruumist-ruumi\/wp-json\/wp\/v2\/product_tag?post=158460"}],"curies":[{"name":"wp","href":"https:\/\/api.w.org\/{rel}","templated":true}]}}