{"id":158861,"date":"2025-03-30T09:40:02","date_gmt":"2025-03-30T09:40:02","guid":{"rendered":"https:\/\/ruumistruumi.ee\/pood\/kolmekordne-monitorikinnitus-huanuo-hnts3b-uk-17-32-vesa-gaasvedrustusega\/"},"modified":"2025-08-21T08:20:18","modified_gmt":"2025-08-21T08:20:18","slug":"kolmekordne-monitorikinnitus-huanuo-hnts3b-uk-17-32-vesa-gaasvedrustusega","status":"publish","type":"product","link":"https:\/\/blankpage.ee\/_ruumist-ruumi\/pood\/kolmekordne-monitorikinnitus-huanuo-hnts3b-uk-17-32-vesa-gaasvedrustusega\/","title":{"rendered":"Kolmekordne monitorikinnitus Huanuo HNTS3B-UK (17-32&#8243;, VESA, gaasvedrustusega)"},"content":{"rendered":"<h3>Kolmekordne monitorikinnitus 17-32&#8243; Huanuo HNTS3B-UK<\/h3>\n<p>Huanuo kolmekordne monitorikinnitus on loodud neile, kes hindavad laia ja korrastatud t\u00f6\u00f6pinda, mugavust ja turvalisust lauaarvutiga t\u00f6\u00f6tamisel. Monitorite \u00fcheaegne kinnitamine v\u00f5imaldab pikendada t\u00f6\u00f6 efektiivsust ning loob korrastatud ja kaasaegse t\u00f6\u00f6keskkonna. K\u00f5rge kvaliteediga materjalid tagavad seadmetele t\u00e4iendava ohutuse. Sobib ideaalselt m\u00e4nguritele, graafilistele disaineritele ja illustraatoritele, olles kasulik mitmesugustes t\u00f6\u00f6olukordades.<\/p>\n<p>\n  <img decoding=\"async\" border=\"0\" src=\"https:\/\/blankpage.ee\/_ruumist-ruumi\/wp-content\/uploads\/2025\/03\/1-436.webp\" alt=\"Kolmekordne monitorikinnitus t\u00f6\u00f6lauale\"\/>\n<\/p>\n<h3>Kohandatav vastavalt vajadustele<\/h3>\n<p>Huanuo HNTS3B-UK pakub erakordset paindlikkust monitoride asukoha reguleerimisel. Kinnitusele on lisatud gaasvedru, mis v\u00f5imaldab sujuvalt reguleerida k\u00f5rgust vaid kerge liigutusega. Lihtsalt suruge kergelt kinnitusele, et monitor peatuks Teile sobival k\u00f5rgusel. See lahendus on palju praktilisem kui traditsioonilised monitorialused, mille puhul tuleb korduvalt kruvisid lahti ja kinni keerata.<\/p>\n<p>\n  <img decoding=\"async\" border=\"0\" src=\"https:\/\/blankpage.ee\/_ruumist-ruumi\/wp-content\/uploads\/2025\/03\/2-381.webp\" alt=\"Kolmekordne monitorikinnitus - k\u00f5rguse reguleerimine gaasvedru abil\"\/>\n<\/p>\n<h3>Ruumi optimeerimine ja kaablite korrastamine<\/h3>\n<p>Huanuo kinnitus aitab s\u00e4\u00e4sta v\u00e4\u00e4rtuslikku lauaruumi, mis on t\u00e4nap\u00e4eva minimalistlikus t\u00f6\u00f6keskkonnas \u00fclimalt oluline. Samuti pakub kinnitus efektiivset kaablite korrastamist, v\u00e4ltides sassi minekut ja hoides t\u00f6\u00f6koha puhta ja organiseerituna. K\u00f5ik see muudab Teie laua mitte ainult funktsionaalseks, vaid ka esteetiliseks. See kolmekordne monitorikinnitus t\u00f5stab Teie t\u00f6\u00f6ruumi kasutusmugavust ja innovaatilist funktsionaalsust.<\/p>\n<p>\n  <img decoding=\"async\" border=\"0\" src=\"https:\/\/blankpage.ee\/_ruumist-ruumi\/wp-content\/uploads\/2025\/03\/3-357.webp\" alt=\"Kolmekordne monitorikinnitus - kaablite haldus ja ruumi kokkuhoid\"\/>\n<\/p>\n<h3>Ergonomiline disain tervise ja mugavuse tagamiseks<\/h3>\n<p>Tervis ja mugavus on Huanuo HNTS3B-UK kinnituse disaini keskmes. Seade v\u00f5imaldab monitoride vaatenurka t\u00e4ielikult kasutajale kohandada, aidates v\u00e4hendada kaela ja selgroo pinget. V\u00f5imalused, nagu 360\u00b0 p\u00f6\u00f6ramine, kaldenurga reguleerimine (+85\u00b0\/-90\u00b0) ning k\u00fclgsuunaline p\u00f6\u00f6ramine (+90\u00b0\/-90\u00b0), tagavad, et ekraanid saaksid ideaalselt asetada vastavalt individuaalsetele vajadustele.<\/p>\n<p>\n  <img decoding=\"async\" border=\"0\" src=\"https:\/\/blankpage.ee\/_ruumist-ruumi\/wp-content\/uploads\/2025\/03\/6-221.webp\" alt=\"Kolmekordne monitorikinnitus - ergonoomiline disain mugavaks vaatamiseks\"\/>\n<\/p>\n<h3>Kinnituse ja rakenduse mitmek\u00fclgsus<\/h3>\n<p>HNTS3B-UK sobib monitoridele ekraanisuurusega 17 kuni 32 tolli ja kaaluga kuni 7.98 kg. Seade toetab VESA kinnitusstandardeid (75 x 75 mm \/ 100 x 100 mm), muutes selle mitmek\u00fclgseks lahenduseks erinevatele monitorimudelitele. Lisaks on v\u00f5imalik valida kahe paigaldusv\u00f5imaluse vahel \u2013 C-klamber v\u00f5i l\u00e4biviigu kaudu, v\u00f5imaldades kinnitust kohandada vastavalt laua omadustele. Valige Huanuo HNTS3B-UK kolmekordne monitorikinnitus ja looge ergonoomiline, funktsionaalne ning esteetiliselt meeldiv t\u00f6\u00f6koht, mis on investeering mugavusse, tervisesse ja efektiivsusesse aastateks.<\/p>\n<p>\n  <img decoding=\"async\" border=\"0\" src=\"https:\/\/blankpage.ee\/_ruumist-ruumi\/wp-content\/uploads\/2025\/03\/5-285.webp\" alt=\"Kolmekordne monitorikinnitus - VESA standarditega ja erinevate paigaldusv\u00f5imalustega\"\/>\n<\/p>\n<h3>Komplekti kuulub<\/h3>\n<ul class=\"list-disc pl-5\">\n<li>post<\/li>\n<li>alus<\/li>\n<li>aluseplaat<\/li>\n<li>v\u00e4ike kuuskantv\u00f5ti (3 mm)<\/li>\n<li>keskmine kuuskantv\u00f5ti (4 mm)<\/li>\n<li>suur kuuskantv\u00f5ti (5 mm)<\/li>\n<li>monitori \u00fchendus<\/li>\n<li>hoova tugi<\/li>\n<li>pikendushoob 4x<\/li>\n<li>survehoob 2x<\/li>\n<li>dekoratiivne kate 6x<\/li>\n<li>kaablihalduskaas 2x<\/li>\n<li>varu survekruvi M6 (6mm) 2x<\/li>\n<li>M5 (6mm) kruvi 6x<\/li>\n<li>M4 kruvi (12mm) 12x<\/li>\n<li>M4 kruvi (30 mm) 12x<\/li>\n<li>seib (10 x 4.3 x 1 mm) 12x<\/li>\n<li>liigend (10 x 5.2 x 13 mm) 12x<\/li>\n<li>monitori plaat 3x<\/li>\n<li>M6 kruvi (8 mm) 3x<\/li>\n<li>kaablipinguti 2x<\/li>\n<\/ul>\n<div class=\"table-wrapper\">\n<p>\u00a0<\/p>\n<h3><\/h3>\n<table>\n<tbody>\n<tr>\n<th>Tootja<\/th>\n<td>Huanuo<\/td>\n<\/tr>\n<tr>\n<th>Mudel<\/th>\n<td>HNTS3B-UK<\/td>\n<\/tr>\n<tr>\n<th>Monitoride diagonaal<\/th>\n<td>17&#8243;-32&#8243;<\/td>\n<\/tr>\n<tr>\n<th>VESA standard<\/th>\n<td>75 x 75 mm \/ 100 x 100 mm<\/td>\n<\/tr>\n<tr>\n<th>Maksimaalne monitoride kaal<\/th>\n<td>7.98 kg *3<\/td>\n<\/tr>\n<tr>\n<th>Maksimaalne kinnituse laius<\/th>\n<td>1630.68 mm<\/td>\n<\/tr>\n<tr>\n<th>Maksimaalne pikkus<\/th>\n<td>665.48 mm<\/td>\n<\/tr>\n<tr>\n<th>Minimaalne kaugus lauast<\/th>\n<td>264.15 mm<\/td>\n<\/tr>\n<tr>\n<th>Kinnitus C-klambriga<\/th>\n<td>Laua paksus kuni 3.15&#8243;<\/td>\n<\/tr>\n<tr>\n<th>Kinnitus l\u00e4biviiguga<\/th>\n<td>Ava l\u00e4bim\u00f5\u00f5t 0.39&#8243;-0.8&#8243;; lauapaksus kuni 2.36&#8243;<\/td>\n<\/tr>\n<tr>\n<th>Konstruktsiooni materjal<\/th>\n<td>metall, alumiinium<\/td>\n<\/tr>\n<\/tbody>\n<\/table>\n<\/div>\n","protected":false},"excerpt":{"rendered":"<p>Kolmekordne monitorikinnitus 17-32&#8243; Huanuo HNTS3B-UK Huanuo kolmekordne monitorikinnitus on loodud neile, kes hindavad laia ja korrastatud t\u00f6\u00f6pinda, mugavust ja turvalisust lauaarvutiga t\u00f6\u00f6tamisel. Monitorite \u00fcheaegne kinnitamine v\u00f5imaldab pikendada t\u00f6\u00f6 efektiivsust ning loob korrastatud ja kaasaegse t\u00f6\u00f6keskkonna. K\u00f5rge kvaliteediga materjalid tagavad seadmetele t\u00e4iendava ohutuse. Sobib ideaalselt m\u00e4nguritele, graafilistele disaineritele ja illustraatoritele, olles kasulik mitmesugustes t\u00f6\u00f6olukordades. Kohandatav vastavalt [&hellip;]<\/p>\n","protected":false},"featured_media":158867,"comment_status":"open","ping_status":"open","template":"","meta":[],"product_brand":[3019],"product_cat":[3020],"product_tag":[],"class_list":{"0":"post-158861","1":"product","2":"type-product","3":"status-publish","4":"has-post-thumbnail","6":"product_brand-huanuo","7":"product_cat-monitori-alused","8":"product_shipping_class-innpro","10":"first","11":"outofstock","12":"sale","13":"taxable","14":"shipping-taxable","15":"purchasable","16":"product-type-simple"},"_links":{"self":[{"href":"https:\/\/blankpage.ee\/_ruumist-ruumi\/wp-json\/wp\/v2\/product\/158861","targetHints":{"allow":["GET"]}}],"collection":[{"href":"https:\/\/blankpage.ee\/_ruumist-ruumi\/wp-json\/wp\/v2\/product"}],"about":[{"href":"https:\/\/blankpage.ee\/_ruumist-ruumi\/wp-json\/wp\/v2\/types\/product"}],"replies":[{"embeddable":true,"href":"https:\/\/blankpage.ee\/_ruumist-ruumi\/wp-json\/wp\/v2\/comments?post=158861"}],"wp:featuredmedia":[{"embeddable":true,"href":"https:\/\/blankpage.ee\/_ruumist-ruumi\/wp-json\/wp\/v2\/media\/158867"}],"wp:attachment":[{"href":"https:\/\/blankpage.ee\/_ruumist-ruumi\/wp-json\/wp\/v2\/media?parent=158861"}],"wp:term":[{"taxonomy":"product_brand","embeddable":true,"href":"https:\/\/blankpage.ee\/_ruumist-ruumi\/wp-json\/wp\/v2\/product_brand?post=158861"},{"taxonomy":"product_cat","embeddable":true,"href":"https:\/\/blankpage.ee\/_ruumist-ruumi\/wp-json\/wp\/v2\/product_cat?post=158861"},{"taxonomy":"product_tag","embeddable":true,"href":"https:\/\/blankpage.ee\/_ruumist-ruumi\/wp-json\/wp\/v2\/product_tag?post=158861"}],"curies":[{"name":"wp","href":"https:\/\/api.w.org\/{rel}","templated":true}]}}