{"id":159366,"date":"2025-03-30T16:53:55","date_gmt":"2025-03-30T16:53:55","guid":{"rendered":"https:\/\/ruumistruumi.ee\/pood\/vastupidav-tahvelarvuti-hotwav-tab-r7-10-1%e2%80%b3-66-256gb-hall\/"},"modified":"2025-07-18T14:25:29","modified_gmt":"2025-07-18T14:25:29","slug":"vastupidav-tahvelarvuti-hotwav-tab-r7-10-1%e2%80%b3-66-256gb-hall","status":"publish","type":"product","link":"https:\/\/blankpage.ee\/_ruumist-ruumi\/pood\/vastupidav-tahvelarvuti-hotwav-tab-r7-10-1%e2%80%b3-66-256gb-hall\/","title":{"rendered":"Vastupidav tahvelarvuti: HOTWAV TAB R7 \u2013 10.1\u2033 6+6\/256GB Hall"},"content":{"rendered":"<h3>Vastupidav tahvelarvuti: HOTWAV TAB R7 \u2013 10.1\u2033 6+6\/256GB Hall<\/h3>\n<p>See vastupidav tahvelarvuti on ideaalne lahendus neile, kes vajavad t\u00f6\u00f6kindlat ja mitmek\u00fclgset seadet ka k\u00f5ige n\u00f5udlikumates tingimustes. HOTWAV TAB R7 \u00fchendab endas elava 10,1-tolline HD+ ekraani, pikaajalise 15600mAh aku ning tugevdatud disaini, mis vastab IP68, IP69K ja MIL-STD-810H standarditele. Samuti tagab 256GB sisem\u00e4lu \u2013 laiendatav kuni 2TB-ni \u2013 piisava ruumi k\u00f5igi rakenduste, fotode ja videote jaoks.<\/p>\n<p>\n  <img decoding=\"async\" border=\"0\" src=\"https:\/\/blankpage.ee\/_ruumist-ruumi\/wp-content\/uploads\/2025\/03\/1-480.webp\" alt=\"HOTWAV TAB R7 vastupidav tahvelarvuti \u2013 tugev korpus ja kaitse\"\/>\n<\/p>\n<h3>Disain ja vastupidavus<\/h3>\n<p>HOTWAV TAB R7 on loodud professionaalsete kasutajate vajadusi silmas pidades. Selle vastupidav tahvelarvuti disain tagab laitmatu veekindluse, tolmukindluse ja l\u00f6\u00f6gikindluse, mist\u00f5ttu sobib seade suurep\u00e4raselt nii ehitusplatsidele kui ka v\u00e4litingimustesse. Tugev kaitsekorpus kaitseb seadet igasuguste l\u00f6\u00f6kide ja kukkumiste eest.<\/p>\n<p>\n  <img decoding=\"async\" border=\"0\" src=\"https:\/\/blankpage.ee\/_ruumist-ruumi\/wp-content\/uploads\/2025\/03\/12-13.webp\" alt=\"HOTWAV TAB R7 vastupidav tahvelarvuti \u2013 veekindel ja tolmukindel disain\"\/>\n<\/p>\n<h3>Aku ja j\u00f5udlus<\/h3>\n<p>15600mAh aku v\u00f5imaldab pikemat t\u00f6\u00f6aega \u2013 loodetavasti kuni 20 tundi erinevate tegevuste, nagu k\u00f5ned, videod ja m\u00e4ngud. Unisoc T606 kaheksatuumaline protsessor koos 6GB muutm\u00e4lu (ja t\u00e4iendava virtuaalse 6GB-ga) tagab sujuva ja t\u00f5husa t\u00f6\u00f6 isegi n\u00f5udlike rakenduste puhul. Sellest tulenevalt on teie vastupidav tahvelarvuti m\u00f5eldud pidevaks ja intensiivseks kasutamiseks.<\/p>\n<p>\n  <img decoding=\"async\" border=\"0\" src=\"https:\/\/blankpage.ee\/_ruumist-ruumi\/wp-content\/uploads\/2025\/03\/9-64.webp\" alt=\"HOTWAV TAB R7 vastupidav tahvelarvuti \u2013 pika kestvusega 15600mAh aku\"\/>\n<\/p>\n<h3>Ekraan, kaamera ja \u00fchenduvus<\/h3>\n<p>10,1-tolline HD+ ekraan tagab elava ja detailse pildikogemuse, muutes selle ideaalseks seadeks nii meelelahutuseks kui ka t\u00f6\u00f6ks. 16MP ees- ja tagakaamerad v\u00f5imaldavad j\u00e4\u00e4dvustada olulisi hetki k\u00f5rge kvaliteediga. Lisaks toetab seade globaalset 4G-LTE \u00fchendust, pakkudes kiiret interneti\u00fchendust k\u00f5ikjal, kus see on vajalik. Ka kaasaegsed navigatsioonis\u00fcsteemid (GPS, GLONASS, Beidou, Galileo) tagavad t\u00e4pse asukoha m\u00e4\u00e4ramise.\n<\/p>\n<p>\n  <img decoding=\"async\" border=\"0\" src=\"https:\/\/blankpage.ee\/_ruumist-ruumi\/wp-content\/uploads\/2025\/03\/3-401.webp\" alt=\"HOTWAV TAB R7 vastupidav tahvelarvuti \u2013 v\u00f5imas protsessor ja m\u00e4lumahuga disain\"\/>\n<\/p>\n<p>\n  <img decoding=\"async\" border=\"0\" src=\"https:\/\/blankpage.ee\/_ruumist-ruumi\/wp-content\/uploads\/2025\/03\/4-355.webp\" alt=\"HOTWAV TAB R7 vastupidav tahvelarvuti \u2013 selge HD+ ekraaniga\"\/>\n<\/p>\n<p>\n  <img decoding=\"async\" border=\"0\" src=\"https:\/\/blankpage.ee\/_ruumist-ruumi\/wp-content\/uploads\/2025\/03\/5-325.webp\" alt=\"HOTWAV TAB R7 vastupidav tahvelarvuti \u2013 kvaliteetsed kaamerad\"\/>\n<\/p>\n<p>\n  <img decoding=\"async\" border=\"0\" src=\"https:\/\/blankpage.ee\/_ruumist-ruumi\/wp-content\/uploads\/2025\/03\/2-425.webp\" alt=\"HOTWAV TAB R7 vastupidav tahvelarvuti \u2013 globaalne 4G-LTE \u00fchenduvus\"\/>\n<\/p>\n<p>\n  <img decoding=\"async\" border=\"0\" src=\"https:\/\/blankpage.ee\/_ruumist-ruumi\/wp-content\/uploads\/2025\/03\/10-23.webp\" alt=\"HOTWAV TAB R7 vastupidav tahvelarvuti \u2013 edasij\u00f5udnud n\u00e4otuvastus\"\/>\n<\/p>\n<p>\n  <img decoding=\"async\" border=\"0\" src=\"https:\/\/blankpage.ee\/_ruumist-ruumi\/wp-content\/uploads\/2025\/03\/14-5.webp\" alt=\"HOTWAV TAB R7 vastupidav tahvelarvuti \u2013 mugav k\u00e4epide\"\/>\n<\/p>\n<h3>Komplekti kuulub:<\/h3>\n<ul class=\"list-disc pl-5\">\n<li>Tahvelarvuti<\/li>\n<li>Vooluadapter<\/li>\n<li>USB-C kaabel<\/li>\n<li>OTG kaabel<\/li>\n<li>SIM-kaardi v\u00f5ti<\/li>\n<li>Alkoholi salvr\u00e4tikud<\/li>\n<li>K\u00f5rge tugevusega klaas<\/li>\n<li>K\u00e4epideme rihm<\/li>\n<li>K\u00e4epide x 2<\/li>\n<li>Varukruvid<\/li>\n<li>Kruvikeeraja<\/li>\n<li>Kasutusjuhend<\/li>\n<\/ul>\n<div class=\"table-wrapper\">\n<table>\n<tbody>\n<tr>\n<th>Tootja<\/th>\n<td>HOTWAV<\/td>\n<\/tr>\n<tr>\n<th>Mudel<\/th>\n<td>TAB R7<\/td>\n<\/tr>\n<tr>\n<th>M\u00f5\u00f5tmed<\/th>\n<td>K\u00f5rgus: 252,5 mm; Laius: 168,5 mm; Paksus: 15,5 mm<\/td>\n<\/tr>\n<tr>\n<th>Kaal<\/th>\n<td>960 g<\/td>\n<\/tr>\n<tr>\n<th>V\u00e4rv<\/th>\n<td>H\u00f5be Hall<\/td>\n<\/tr>\n<tr>\n<th>Kiibistik<\/th>\n<td>Unisoc T606, kaheksatuumaline<\/td>\n<\/tr>\n<tr>\n<th>Protsessor<\/th>\n<td>2x A75 1.6GHz + 6x A55 1.6GHz<\/td>\n<\/tr>\n<tr>\n<th>RAM<\/th>\n<td>6GB + 6GB (virtuaalne)<\/td>\n<\/tr>\n<tr>\n<th>Sisem\u00e4lu<\/th>\n<td>256GB (laiendatav kuni 2TB)<\/td>\n<\/tr>\n<tr>\n<th>Akumaht<\/th>\n<td>15600mAh<\/td>\n<\/tr>\n<tr>\n<th>Operatsioonis\u00fcsteem<\/th>\n<td>Android 13<\/td>\n<\/tr>\n<tr>\n<th>GPU<\/th>\n<td>G57_1Core@650MHz<\/td>\n<\/tr>\n<tr>\n<th>Ekraan<\/th>\n<td>10,1-tolline HD+; Resolutsioon: 800&#215;1280 pikslit; Kuvasuhe: 16:10<\/td>\n<\/tr>\n<tr>\n<th>Kaamera<\/th>\n<td>Eesmine: 16MP; Tagumine: 16MP<\/td>\n<\/tr>\n<tr>\n<th>\u00dchenduvus<\/th>\n<td>2G, 3G, 4G LTE<\/td>\n<\/tr>\n<tr>\n<th>Navigatsioon<\/th>\n<td>GPS, GLONASS, Beidou, Galileo<\/td>\n<\/tr>\n<tr>\n<th>Bluetooth<\/th>\n<td>5.1<\/td>\n<\/tr>\n<tr>\n<th>WiFi<\/th>\n<td>2.4 + 5GHz<\/td>\n<\/tr>\n<\/tbody>\n<\/table>\n<\/div>\n","protected":false},"excerpt":{"rendered":"<p>Vastupidav tahvelarvuti: HOTWAV TAB R7 \u2013 10.1\u2033 6+6\/256GB Hall See vastupidav tahvelarvuti on ideaalne lahendus neile, kes vajavad t\u00f6\u00f6kindlat ja mitmek\u00fclgset seadet ka k\u00f5ige n\u00f5udlikumates tingimustes. HOTWAV TAB R7 \u00fchendab endas elava 10,1-tolline HD+ ekraani, pikaajalise 15600mAh aku ning tugevdatud disaini, mis vastab IP68, IP69K ja MIL-STD-810H standarditele. Samuti tagab 256GB sisem\u00e4lu \u2013 laiendatav kuni [&hellip;]<\/p>\n","protected":false},"featured_media":159376,"comment_status":"open","ping_status":"open","template":"","meta":[],"product_brand":[3025],"product_cat":[3005],"product_tag":[],"class_list":{"0":"post-159366","1":"product","2":"type-product","3":"status-publish","4":"has-post-thumbnail","6":"product_brand-hotwav","7":"product_cat-tahvelarvutid","8":"product_shipping_class-innpro","10":"first","11":"outofstock","12":"sale","13":"taxable","14":"shipping-taxable","15":"purchasable","16":"product-type-simple"},"_links":{"self":[{"href":"https:\/\/blankpage.ee\/_ruumist-ruumi\/wp-json\/wp\/v2\/product\/159366","targetHints":{"allow":["GET"]}}],"collection":[{"href":"https:\/\/blankpage.ee\/_ruumist-ruumi\/wp-json\/wp\/v2\/product"}],"about":[{"href":"https:\/\/blankpage.ee\/_ruumist-ruumi\/wp-json\/wp\/v2\/types\/product"}],"replies":[{"embeddable":true,"href":"https:\/\/blankpage.ee\/_ruumist-ruumi\/wp-json\/wp\/v2\/comments?post=159366"}],"wp:featuredmedia":[{"embeddable":true,"href":"https:\/\/blankpage.ee\/_ruumist-ruumi\/wp-json\/wp\/v2\/media\/159376"}],"wp:attachment":[{"href":"https:\/\/blankpage.ee\/_ruumist-ruumi\/wp-json\/wp\/v2\/media?parent=159366"}],"wp:term":[{"taxonomy":"product_brand","embeddable":true,"href":"https:\/\/blankpage.ee\/_ruumist-ruumi\/wp-json\/wp\/v2\/product_brand?post=159366"},{"taxonomy":"product_cat","embeddable":true,"href":"https:\/\/blankpage.ee\/_ruumist-ruumi\/wp-json\/wp\/v2\/product_cat?post=159366"},{"taxonomy":"product_tag","embeddable":true,"href":"https:\/\/blankpage.ee\/_ruumist-ruumi\/wp-json\/wp\/v2\/product_tag?post=159366"}],"curies":[{"name":"wp","href":"https:\/\/api.w.org\/{rel}","templated":true}]}}