{"id":159743,"date":"2025-03-30T17:09:48","date_gmt":"2025-03-30T17:09:48","guid":{"rendered":"https:\/\/ruumistruumi.ee\/pood\/naiste-reisikott-kosmeetikakotiga-matein-1342-usb-veekindel-must\/"},"modified":"2025-07-08T20:13:47","modified_gmt":"2025-07-08T20:13:47","slug":"naiste-reisikott-kosmeetikakotiga-matein-1342-usb-veekindel-must","status":"publish","type":"product","link":"https:\/\/blankpage.ee\/_ruumist-ruumi\/pood\/naiste-reisikott-kosmeetikakotiga-matein-1342-usb-veekindel-must\/","title":{"rendered":"Naiste reisikott kosmeetikakotiga Matein 1342 (USB, veekindel, must)"},"content":{"rendered":"<h3>Naiste reisikott kosmeetikakotiga 10,5&#8221; Matein 1342 Must<\/h3>\n<p>MATEIN on elegantne ja praktiline naiste reisikott, mis \u00fchendab moodsa disaini ning tipptasemel funktsionaalsuse. Selle stiilse kotiga, millel on eemaldatav lussu liips ja kuldsed t\u00f5mblukud, on iga naise igap\u00e4evane kaaslane. Veekindel ning valmistatud kvaliteetsest pol\u00fcestrist, kaitseb see kott teie dokumente, tahvelarvutit ja muid esemeid isegi r\u00e4ngamate ilmastikutingimuste korral. Lisaks kaasas olev praktiline kosmeetikakott v\u00f5imaldab tarvikud organiseeritult hoida.<\/p>\n<p>\n  <img decoding=\"async\" src=\"https:\/\/blankpage.ee\/_ruumist-ruumi\/wp-content\/uploads\/2025\/03\/5-345.webp\" alt=\"Naiste reisikott \u2013 must Matein 1342, stiilne disain\" \/>\n<\/p>\n<h3>Mugav laadimine liikvel olles<\/h3>\n<p>Kotis on sisseehitatud USB-port, mis v\u00f5imaldab mugavat laadimist liikvel olles. Naiste reisikott on ideaalne neile, kes pole alati ligip\u00e4\u00e4su pistikupesadele. See nutikas funktsioon pakub kiiret ja efektiivset lahendust mobiilseadmete laadimiseks, v\u00f5imaldades teil oma telefoni v\u00f5i tahvelarvutit h\u00f5lpsasti laadida, kui olete v\u00e4ljas ja tegevuses.<\/p>\n<p>\n  <img decoding=\"async\" src=\"https:\/\/blankpage.ee\/_ruumist-ruumi\/wp-content\/uploads\/2025\/03\/1-502.webp\" alt=\"Naiste reisikott USB-\u00fchendusega \u2013 Matein mudel 1342\" \/>\n<\/p>\n<h3>L\u00e4bim\u00f5eldud ruumikorraldus<\/h3>\n<p>Naiste reisikott on varustatud mitmete nutikate taskutega, mis hoiavad k\u00f5ik vajalikud esemed alati k\u00e4eulatuses. Eraldi iPadile m\u00f5eldud tasku, vargavastane tasku ja v\u00e4ikeste tarvikute korraldaja aitavad tagada, et k\u00f5ik oleks korrap\u00e4raselt organiseeritud. Reguleeritavad \u00f5larihmad tagavad mugava kandmise ning eesmine tasku v\u00f5imaldab kiiret ligip\u00e4\u00e4su olulistele dokumentidele ja v\u00f5tmetele.<\/p>\n<p>\n  <img decoding=\"async\" src=\"https:\/\/blankpage.ee\/_ruumist-ruumi\/wp-content\/uploads\/2025\/03\/8-103.webp\" alt=\"Naiste reisikott \u2013 l\u00e4bim\u00f5eldud taskudega Matein seljakott\" \/>\n<\/p>\n<h3>Praktiline kosmeetikakott komplektis<\/h3>\n<p>Lisaks peamisele kottile sisaldab komplekti kaasas olev praktiline kosmeetikakott. See lisakomponent hoiab teie kosmeetika ja elektroonikatarvikud korrastatult \u00fches kohas, muutes naiste reisikoti veelgi funktsionaalsemaks. Olgu tegemist kaablite, laadijate v\u00f5i v\u00e4ikeste tarvikutega \u2013 k\u00f5ik leiavad oma ideaalse paiga.<\/p>\n<p>\n  <img decoding=\"async\" src=\"https:\/\/blankpage.ee\/_ruumist-ruumi\/wp-content\/uploads\/2025\/03\/3-419.webp\" alt=\"Naiste reisikott \u2013 kosmeetikakotiga Matein seljakott\" \/>\n<\/p>\n<h3>Kompaktne, kuid mahukas<\/h3>\n<p>Kuigi kott on kompaktsete m\u00f5\u00f5tmetega (31,75 x 26,67 x 15,24 cm), ei tee see v\u00e4\u00e4ra ruumi hinnatud mahutavuse eest. Naiste reisikotti saab h\u00f5lpsasti kanda A4 formaadis dokumente, tahvelarvutit ja teisi igap\u00e4evaseid tarvikuid, pakkudes praktilist lahendust neile, kes hindavad nii stiili kui mugavust. Ka kaasaegne disain lisab kottile isikup\u00e4ra.<\/p>\n<p>\n  <img decoding=\"async\" src=\"https:\/\/blankpage.ee\/_ruumist-ruumi\/wp-content\/uploads\/2025\/03\/2-446.webp\" alt=\"Naiste reisikott \u2013 kompaktne ja mahukas Matein seljakott\" \/>\n<\/p>\n<h3>Kvaliteet ja detailidele keskendumine<\/h3>\n<p>MATEIN naiste reisikott on valmistatud vastupidavast pol\u00fcestrist, tagades pikaajalise kasutuse ning kaitstes sisu niiskuse ja vihma eest. Topeltt\u00f5mblukkud ja stiilsed viimistlused r\u00f5hutavad toote kvaliteeti. Iga detail on l\u00e4bi m\u00f5eldud, et pakkuda maksimaalset mugavust ja praktilisust igap\u00e4evases kasutuses, muutes selle ideaalseks kaaslaseks kaasaegsele naisele.<\/p>\n<p>\n  <img decoding=\"async\" src=\"https:\/\/blankpage.ee\/_ruumist-ruumi\/wp-content\/uploads\/2025\/03\/4-377.webp\" alt=\"Naiste reisikott \u2013 kvaliteetne ja veekindel Matein seljakott\" \/>\n<\/p>\n<div class=\"table-wrapper\">\n<p>\u00a0<\/p>\n<table>\n<tbody>\n<tr>\n<th>Tootja<\/th>\n<td>Matein<\/td>\n<\/tr>\n<tr>\n<th>Mudel<\/th>\n<td>1342<\/td>\n<\/tr>\n<tr>\n<th>V\u00e4rv<\/th>\n<td>must<\/td>\n<\/tr>\n<tr>\n<th>Materjal<\/th>\n<td>pol\u00fcester<\/td>\n<\/tr>\n<tr>\n<th>M\u00f5\u00f5tmed<\/th>\n<td>31,75 x 26,67 x 15,24 cm<\/td>\n<\/tr>\n<tr>\n<th>Maht<\/th>\n<td>13 L<\/td>\n<\/tr>\n<tr>\n<th>Veekindel<\/th>\n<td>jah<\/td>\n<\/tr>\n<tr>\n<th>Taskute arv<\/th>\n<td>5<\/td>\n<\/tr>\n<tr>\n<th>Koosk\u00f5las s\u00fclearvutitega<\/th>\n<td>kuni 10,5&#8243;<\/td>\n<\/tr>\n<tr>\n<th>Kinnituss\u00fcsteem<\/th>\n<td>t\u00f5mblukk<\/td>\n<\/tr>\n<tr>\n<th>Helkurid<\/th>\n<td>ei<\/td>\n<\/tr>\n<tr>\n<th>Sisseehitatud USB-port<\/th>\n<td>jah<\/td>\n<\/tr>\n<\/tbody>\n<\/table>\n<\/div>\n","protected":false},"excerpt":{"rendered":"<p>Naiste reisikott kosmeetikakotiga 10,5&#8221; Matein 1342 Must MATEIN on elegantne ja praktiline naiste reisikott, mis \u00fchendab moodsa disaini ning tipptasemel funktsionaalsuse. Selle stiilse kotiga, millel on eemaldatav lussu liips ja kuldsed t\u00f5mblukud, on iga naise igap\u00e4evane kaaslane. Veekindel ning valmistatud kvaliteetsest pol\u00fcestrist, kaitseb see kott teie dokumente, tahvelarvutit ja muid esemeid isegi r\u00e4ngamate ilmastikutingimuste korral. [&hellip;]<\/p>\n","protected":false},"featured_media":159750,"comment_status":"open","ping_status":"open","template":"","meta":[],"product_brand":[3027],"product_cat":[2990],"product_tag":[],"class_list":{"0":"post-159743","1":"product","2":"type-product","3":"status-publish","4":"has-post-thumbnail","6":"product_brand-matein","7":"product_cat-hoiukotid-kestad-ja-seljakotid","8":"product_shipping_class-innpro","10":"first","11":"outofstock","12":"sale","13":"taxable","14":"shipping-taxable","15":"purchasable","16":"product-type-simple"},"_links":{"self":[{"href":"https:\/\/blankpage.ee\/_ruumist-ruumi\/wp-json\/wp\/v2\/product\/159743","targetHints":{"allow":["GET"]}}],"collection":[{"href":"https:\/\/blankpage.ee\/_ruumist-ruumi\/wp-json\/wp\/v2\/product"}],"about":[{"href":"https:\/\/blankpage.ee\/_ruumist-ruumi\/wp-json\/wp\/v2\/types\/product"}],"replies":[{"embeddable":true,"href":"https:\/\/blankpage.ee\/_ruumist-ruumi\/wp-json\/wp\/v2\/comments?post=159743"}],"wp:featuredmedia":[{"embeddable":true,"href":"https:\/\/blankpage.ee\/_ruumist-ruumi\/wp-json\/wp\/v2\/media\/159750"}],"wp:attachment":[{"href":"https:\/\/blankpage.ee\/_ruumist-ruumi\/wp-json\/wp\/v2\/media?parent=159743"}],"wp:term":[{"taxonomy":"product_brand","embeddable":true,"href":"https:\/\/blankpage.ee\/_ruumist-ruumi\/wp-json\/wp\/v2\/product_brand?post=159743"},{"taxonomy":"product_cat","embeddable":true,"href":"https:\/\/blankpage.ee\/_ruumist-ruumi\/wp-json\/wp\/v2\/product_cat?post=159743"},{"taxonomy":"product_tag","embeddable":true,"href":"https:\/\/blankpage.ee\/_ruumist-ruumi\/wp-json\/wp\/v2\/product_tag?post=159743"}],"curies":[{"name":"wp","href":"https:\/\/api.w.org\/{rel}","templated":true}]}}