{"id":159977,"date":"2025-03-30T17:23:48","date_gmt":"2025-03-30T17:23:48","guid":{"rendered":"https:\/\/ruumistruumi.ee\/pood\/viture-pro-dokkimisjaam-xr-3d-7500-mah-hdmi-usb-c\/"},"modified":"2025-08-21T08:20:11","modified_gmt":"2025-08-21T08:20:11","slug":"viture-pro-dokkimisjaam-xr-3d-7500-mah-hdmi-usb-c","status":"publish","type":"product","link":"https:\/\/blankpage.ee\/_ruumist-ruumi\/pood\/viture-pro-dokkimisjaam-xr-3d-7500-mah-hdmi-usb-c\/","title":{"rendered":"VITURE Pro dokkimisjaam (XR, 3D, 7500 mAh, HDMI &#038; USB-C)"},"content":{"rendered":"<h3>VITURE Pro dokkimisjaam<\/h3>\n<p>Kui kasutad XR-prille, viib VITURE Pro dokkimisjaam sinu meelelahutuse t\u00e4iesti uuele tasemele. See mobiilne dokkimisjaam on loodud nii Nintendo Switch&#8217;i entusiastidele kui ka teistele videov\u00e4ljundiga seadmetele, pakkudes elavat ja detailirohket kogemust. Dokkimisjaama muljetavaldav 135-tolline Full HD ekraan koos 120 Hz v\u00e4rskendussagedusega loob t\u00f5elise kinolaadse elamuse.<\/p>\n<p><img decoding=\"async\" src=\"https:\/\/blankpage.ee\/_ruumist-ruumi\/wp-content\/uploads\/2025\/03\/1-521.webp\" alt=\"VITURE Pro dokkimisjaam - ideaalne XR meelelahutuseks\" border=\"0\" \/><\/p>\n<h3>Jagatud kogemused s\u00f5pradega<\/h3>\n<p>VITURE Pro dokkimisjaam v\u00f5imaldab sul m\u00e4ngida kohaliku multiplayer m\u00e4ngu nagu \u201cSuper Smash Bros\u201d v\u00f5i \u201cMario Kart\u201d, jagades ekraani otse s\u00f5pradega. Lihtne seadmete \u00fchendamine toob esile dokkimisjaama mitmek\u00fclgsuse ja muudab iga koosviibimise unustamatuks.<\/p>\n<p><img decoding=\"async\" src=\"https:\/\/blankpage.ee\/_ruumist-ruumi\/wp-content\/uploads\/2025\/03\/6-281.webp\" alt=\"VITURE Pro dokkimisjaam - jagatud ekraanikogemus\" border=\"0\" \/><\/p>\n<h3>3D sisu ja innovaatiline disain<\/h3>\n<p>Doksimisega saad nautida ka kaasaegset 3D sisu, mis toob sinu lemmikfilmid ja -m\u00e4ngud ellu uues dimensioonis. See funktsioon lisab s\u00fcgavust ja realismi, viies visuaalse kogemuse t\u00e4iesti uuele tasemele.<\/p>\n<p><img decoding=\"async\" src=\"https:\/\/blankpage.ee\/_ruumist-ruumi\/wp-content\/uploads\/2025\/03\/10-31.webp\" alt=\"VITURE Pro dokkimisjaam - 3D toe toel\" border=\"0\" \/><\/p>\n<h3>T\u00e4ielik \u00fchilduvus HDMI ja USB-C-ga<\/h3>\n<p>Dokkimisjaama kasutamine on lihtne t\u00e4nu laiale \u00fchilduvusele. \u00dchenda seadmeid, mis toetavad HDMI v\u00f5i USB-C v\u00e4ljundit \u2013 olgu selleks arvuti, m\u00e4ngukonsool v\u00f5i nutitelefon. See paindlik \u00fchenduvus tagab sujuva ja stabiilse videoedastuse igas olukorras.<\/p>\n<p><img decoding=\"async\" src=\"https:\/\/blankpage.ee\/_ruumist-ruumi\/wp-content\/uploads\/2025\/03\/7-211.webp\" alt=\"VITURE Pro dokkimisjaam - \u00fchenduvus HDMI ja USB-C-ga\" border=\"0\" \/><\/p>\n<h3>Pikem t\u00f6\u00f6aeg ja lisavarustus<\/h3>\n<p>Doksimisel kaasneb laetav aku, mis v\u00f5imaldab nautida kuni 8 tundi kasutusaega Nintendo Switch&#8217;il ja kuni 20 tundi videov\u00e4ljundiga seadmetel. VITURE Pro dokkimisjaam on usaldusv\u00e4\u00e4rne valik igale meelelahutuse armastajale, kes hindab nii funktsionaalsust kui ka kaasaegset disaini.<\/p>\n<p><img decoding=\"async\" src=\"https:\/\/blankpage.ee\/_ruumist-ruumi\/wp-content\/uploads\/2025\/03\/8-110.webp\" alt=\"VITURE Pro dokkimisjaam - pika t\u00f6\u00f6ajaga akuga\" border=\"0\" \/><\/p>\n<h3>Komplekti kuulub<\/h3>\n<ul class=\"list-disc pl-5\">\n<li>VITURE Pro dokkimisjaam<\/li>\n<li>USB-C \u2013 USB-C kaabel<\/li>\n<li>Kaitse\u00fcmbris<\/li>\n<li>Kiire alustamise juhend<\/li>\n<\/ul>\n<table>\n<tbody>\n<tr>\n<th>Tootja<\/th>\n<td>VITURE<\/td>\n<\/tr>\n<tr>\n<th>Mudel<\/th>\n<td>VITURE Pro Mobiilne Dokk<\/td>\n<\/tr>\n<tr>\n<th>Tootja kood<\/th>\n<td>Pro-MbDk-Blk<\/td>\n<\/tr>\n<tr>\n<th>HDMI port<\/th>\n<td>\u00dchildub Chromecast, Fire TV Stick, PlayStation 4\/5, Xbox Series, Roku Streaming Stick ja teiste HDMI v\u00e4ljundiga seadmetega.<\/td>\n<\/tr>\n<tr>\n<th>USB-C port<\/th>\n<td>Toetus Nintendo Switch, Switch OLED, k\u00e4eshoitav konsool, iPhone 15 seeria ja teiste nutitelefonide ning tahvelarvutitega, millel on videov\u00e4ljund.<\/td>\n<\/tr>\n<tr>\n<th>Akumaht<\/th>\n<td>7500 mAh (5V\/3A) (kuni 8h); \u00fchendatud Steam Deckiga (kuni 3h); \u00fchendatud HDMI-ga (kuni 20h)<\/td>\n<\/tr>\n<tr>\n<th>\u00dchilduvus<\/th>\n<td>HDMI v\u00e4ljundiga seadmed: m\u00e4ngukonsoolid, s\u00fclearvutid, TV-pulgad; USB-C v\u00e4ljundiga seadmed: nutitelefonid, tahvelarvutid, Nintendo Switch ja muud videov\u00e4ljundiga mobiilsed seadmed.<\/td>\n<\/tr>\n<tr>\n<th>M\u00f5\u00f5tmed<\/th>\n<td>167 x 90.4 x 17.5 mm<\/td>\n<\/tr>\n<tr>\n<th>Kaal<\/th>\n<td>359 g<\/td>\n<\/tr>\n<tr>\n<th>Liides<\/th>\n<td>HDMI 1.4; USB-C 1: sisend: 5V\/3A; 9V\/2.22A; 12V\/1.67A; 15V\/1.33A; USB-C2: v\u00e4ljund: 5V\/1A; USB-C3: v\u00e4ljund: 5V\/1A.<\/td>\n<\/tr>\n<\/tbody>\n<\/table>\n","protected":false},"excerpt":{"rendered":"<p>VITURE Pro dokkimisjaam Kui kasutad XR-prille, viib VITURE Pro dokkimisjaam sinu meelelahutuse t\u00e4iesti uuele tasemele. See mobiilne dokkimisjaam on loodud nii Nintendo Switch&#8217;i entusiastidele kui ka teistele videov\u00e4ljundiga seadmetele, pakkudes elavat ja detailirohket kogemust. Dokkimisjaama muljetavaldav 135-tolline Full HD ekraan koos 120 Hz v\u00e4rskendussagedusega loob t\u00f5elise kinolaadse elamuse. Jagatud kogemused s\u00f5pradega VITURE Pro dokkimisjaam v\u00f5imaldab [&hellip;]<\/p>\n","protected":false},"featured_media":159983,"comment_status":"open","ping_status":"closed","template":"","meta":[],"product_brand":[3029],"product_cat":[3002],"product_tag":[],"class_list":{"0":"post-159977","1":"product","2":"type-product","3":"status-publish","4":"has-post-thumbnail","6":"product_brand-viture","7":"product_cat-dokkimisjaamad","8":"product_shipping_class-innpro","10":"first","11":"instock","12":"sale","13":"taxable","14":"shipping-taxable","15":"purchasable","16":"product-type-simple"},"_links":{"self":[{"href":"https:\/\/blankpage.ee\/_ruumist-ruumi\/wp-json\/wp\/v2\/product\/159977","targetHints":{"allow":["GET"]}}],"collection":[{"href":"https:\/\/blankpage.ee\/_ruumist-ruumi\/wp-json\/wp\/v2\/product"}],"about":[{"href":"https:\/\/blankpage.ee\/_ruumist-ruumi\/wp-json\/wp\/v2\/types\/product"}],"replies":[{"embeddable":true,"href":"https:\/\/blankpage.ee\/_ruumist-ruumi\/wp-json\/wp\/v2\/comments?post=159977"}],"wp:featuredmedia":[{"embeddable":true,"href":"https:\/\/blankpage.ee\/_ruumist-ruumi\/wp-json\/wp\/v2\/media\/159983"}],"wp:attachment":[{"href":"https:\/\/blankpage.ee\/_ruumist-ruumi\/wp-json\/wp\/v2\/media?parent=159977"}],"wp:term":[{"taxonomy":"product_brand","embeddable":true,"href":"https:\/\/blankpage.ee\/_ruumist-ruumi\/wp-json\/wp\/v2\/product_brand?post=159977"},{"taxonomy":"product_cat","embeddable":true,"href":"https:\/\/blankpage.ee\/_ruumist-ruumi\/wp-json\/wp\/v2\/product_cat?post=159977"},{"taxonomy":"product_tag","embeddable":true,"href":"https:\/\/blankpage.ee\/_ruumist-ruumi\/wp-json\/wp\/v2\/product_tag?post=159977"}],"curies":[{"name":"wp","href":"https:\/\/api.w.org\/{rel}","templated":true}]}}