{"id":166847,"date":"2025-04-17T09:38:31","date_gmt":"2025-04-17T09:38:31","guid":{"rendered":"https:\/\/ruumistruumi.ee\/pood\/nutikas-usb-adapter-sonoff-micro-wi-fi-haaljuhtimine-5v-25a\/"},"modified":"2025-08-21T08:20:08","modified_gmt":"2025-08-21T08:20:08","slug":"nutikas-usb-adapter-sonoff-micro-wi-fi-haaljuhtimine-5v-25a","status":"publish","type":"product","link":"https:\/\/blankpage.ee\/_ruumist-ruumi\/pood\/nutikas-usb-adapter-sonoff-micro-wi-fi-haaljuhtimine-5v-25a\/","title":{"rendered":"Nutikas USB adapter Sonoff Micro (Wi-Fi, h\u00e4\u00e4ljuhtimine, 5V 2,5A)"},"content":{"rendered":"<h3>Nutikas USB adapter Sonoff Micro<\/h3>\n<p>Nutikas USB adapter Sonoff Micro muudab sinu nutikodu seadmete juhtimise lihtsaks ja paindlikuks. Selle seadme abil saad kontrollida USB-toitega valgusteid ja teisi seadmeid nii rakenduse kaudu distantsilt kui ka h\u00e4\u00e4ljuhtimisega Google Assistanti v\u00f5i Amazon Alexa abil. Samuti v\u00f5imaldab Sonoff Micro luua automaatsed ajakavad ning hallata seadmete t\u00f6\u00f6d vastavalt sinu vajadustele.<\/p>\n<p><img decoding=\"async\" src=\"https:\/\/blankpage.ee\/_ruumist-ruumi\/wp-content\/uploads\/2025\/04\/01_MICRO_03.webp\" alt=\"Nutikas USB adapter Sonoff Micro l\u00e4hivaates\"\/><\/p>\n<h3>Valgustuse kaugjuhtimine nutika USB adapteriga<\/h3>\n<p>Koduste seadmete kaugjuhtimine on nutika USB adapteriga mugav ja turvaline. Saad valgusteid v\u00f5i muid USB-toitega seadmeid sisse ja v\u00e4lja l\u00fclitada, olenemata oma asukohast. V\u00f5imalus simuleerida kodus viibimist lisab turvalisust ka siis, kui oled ise eemal.<\/p>\n<p><img decoding=\"async\" src=\"https:\/\/blankpage.ee\/_ruumist-ruumi\/wp-content\/uploads\/2025\/04\/1-15.webp\" alt=\"Valgustuse kaugjuhtimine nutika USB adapteri abil\"\/><\/p>\n<h3>H\u00e4\u00e4ljuhtimine igap\u00e4evaelus<\/h3>\n<p>Mugav h\u00e4\u00e4ljuhtimine v\u00f5imaldab sul seadmeid sisse ja v\u00e4lja l\u00fclitada ilma f\u00fc\u00fcsilise kontaktita. Sonoff Micro nutikas USB adapter t\u00f6\u00f6tab sujuvalt nii Google Assistanti kui Amazon Alexa nutiabilistega, pakkudes k\u00e4ed-vabad kasutuskogemust.<\/p>\n<p><img decoding=\"async\" src=\"https:\/\/blankpage.ee\/_ruumist-ruumi\/wp-content\/uploads\/2025\/04\/1-16.webp\" alt=\"H\u00e4\u00e4ljuhtimise v\u00f5imalus Sonoff Microga\"\/><\/p>\n<h3>Automaatikaga ajastamine (turvalisus ja mugavus)<\/h3>\n<p>M\u00e4\u00e4ra seadmetele kindlad t\u00f6\u00f6graafikud ning valgus l\u00fclitub automaatselt sisse v\u00f5i v\u00e4lja t\u00e4pselt sinu soovitud ajal. See nutikas USB adapter aitab rutiinseid tegevusi t\u00f5husamalt korraldada ning v\u00e4hendab k\u00e4sitsi sekkumise vajadust.<\/p>\n<p><img decoding=\"async\" src=\"https:\/\/blankpage.ee\/_ruumist-ruumi\/wp-content\/uploads\/2025\/04\/5-9.webp\" alt=\"Ajastatud USB-adapteri funktsioon t\u00f6\u00f6ks erinevate seadmetega\"\/><\/p>\n<h3>Turvaline laadimine<\/h3>\n<p>Sonoff Micro nutikas USB adapter kaitseb \u00fchendatud seadmeid \u00fclelaadimise eest, v\u00f5imaldades seadistada voolu katkestusaega. See pikendab sinu seadmete eluiga ja tagab turvalise kasutamise.<\/p>\n<p><img decoding=\"async\" src=\"https:\/\/blankpage.ee\/_ruumist-ruumi\/wp-content\/uploads\/2025\/04\/7-5.webp\" alt=\"Turvalise laadimise funktsioon nutikal USB adapteril\"\/><\/p>\n<h3>Kompaktne ja vastupidav disain<\/h3>\n<p>Adapter on valmistatud vastupidavast, kuumuskindlast PC V0 plastikust, tagades kaitse \u00fclekuumenemise eest. V\u00e4ike m\u00f5\u00f5t (45 x 30,5 x 26 mm) ja kaal 17 g muudavad Sonoff Micro mugavaks kaasaskandmiseks. LED-indikaatorid annavad teavet Wi-Fi oleku ja seadme t\u00f6\u00f6 kohta, lihtsasti kasutatav nupp v\u00f5imaldab kiiret k\u00e4sitsi juhtimist.<\/p>\n<p><img decoding=\"async\" src=\"https:\/\/blankpage.ee\/_ruumist-ruumi\/wp-content\/uploads\/2025\/04\/01_MICRO_14.webp\" alt=\"Vastupidav ja kompaktne Sonoff Micro koos LED-indikaatoritega\"\/><\/p>\n<h3>Paindlik kasutus igale seadmele<\/h3>\n<p>Sonoff Micro nutikas USB adapter \u00fchildub erinevate USB-kaablite ja adapteritega ning sobib suurep\u00e4raselt nii koduseks kui mobiilseks kasutamiseks. Proovi selle v\u00f5imalusi juba oma nutikodus!<\/p>\n<p><img decoding=\"async\" src=\"https:\/\/blankpage.ee\/_ruumist-ruumi\/wp-content\/uploads\/2025\/04\/4-11.webp\" alt=\"Kompaktne Sonoff Micro USB adapter kasutuses mitme seadmega\"\/><\/p>\n<h3>Tehnilised andmed<\/h3>\n<div class=\"table-wrapper\">\n<table class=\"table-specs\">\n<tbody>\n<tr>\n<th>Mudel<\/th>\n<td>Micro<\/td>\n<\/tr>\n<tr>\n<th>T\u00fc\u00fcp<\/th>\n<td>USB-adapter<\/td>\n<\/tr>\n<tr>\n<th>Sisend<\/th>\n<td>Max. DC 5V \/ 2,5A<\/td>\n<\/tr>\n<tr>\n<th>V\u00e4ljund<\/th>\n<td>Max. DC 5V \/ 2,5A (toetab ainult BC 1.2 laadimisprotokolli)<\/td>\n<\/tr>\n<tr>\n<th>Wi-Fi<\/th>\n<td>IEEE 802.11 b\/g\/n 2,4 GHz<\/td>\n<\/tr>\n<tr>\n<th>Materjal<\/th>\n<td>PC V0<\/td>\n<\/tr>\n<tr>\n<th>M\u00f5\u00f5dud<\/th>\n<td>45 x 30,5 x 26 mm<\/td>\n<\/tr>\n<tr>\n<th>Kaal<\/th>\n<td>17 g<\/td>\n<\/tr>\n<tr>\n<th>Sertifikaadid<\/th>\n<td>CE, FCC<\/td>\n<\/tr>\n<\/tbody>\n<\/table>\n<\/div>\n","protected":false},"excerpt":{"rendered":"<p>Nutikas USB adapter Sonoff Micro Nutikas USB adapter Sonoff Micro muudab sinu nutikodu seadmete juhtimise lihtsaks ja paindlikuks. Selle seadme abil saad kontrollida USB-toitega valgusteid ja teisi seadmeid nii rakenduse kaudu distantsilt kui ka h\u00e4\u00e4ljuhtimisega Google Assistanti v\u00f5i Amazon Alexa abil. Samuti v\u00f5imaldab Sonoff Micro luua automaatsed ajakavad ning hallata seadmete t\u00f6\u00f6d vastavalt sinu vajadustele. [&hellip;]<\/p>\n","protected":false},"featured_media":166855,"comment_status":"open","ping_status":"open","template":"","meta":[],"product_brand":[3037],"product_cat":[3036],"product_tag":[],"class_list":{"0":"post-166847","1":"product","2":"type-product","3":"status-publish","4":"has-post-thumbnail","6":"product_brand-sonoff","7":"product_cat-toitepistikud","8":"product_shipping_class-innpro","10":"first","11":"instock","12":"sale","13":"taxable","14":"shipping-taxable","15":"purchasable","16":"product-type-simple"},"_links":{"self":[{"href":"https:\/\/blankpage.ee\/_ruumist-ruumi\/wp-json\/wp\/v2\/product\/166847","targetHints":{"allow":["GET"]}}],"collection":[{"href":"https:\/\/blankpage.ee\/_ruumist-ruumi\/wp-json\/wp\/v2\/product"}],"about":[{"href":"https:\/\/blankpage.ee\/_ruumist-ruumi\/wp-json\/wp\/v2\/types\/product"}],"replies":[{"embeddable":true,"href":"https:\/\/blankpage.ee\/_ruumist-ruumi\/wp-json\/wp\/v2\/comments?post=166847"}],"wp:featuredmedia":[{"embeddable":true,"href":"https:\/\/blankpage.ee\/_ruumist-ruumi\/wp-json\/wp\/v2\/media\/166855"}],"wp:attachment":[{"href":"https:\/\/blankpage.ee\/_ruumist-ruumi\/wp-json\/wp\/v2\/media?parent=166847"}],"wp:term":[{"taxonomy":"product_brand","embeddable":true,"href":"https:\/\/blankpage.ee\/_ruumist-ruumi\/wp-json\/wp\/v2\/product_brand?post=166847"},{"taxonomy":"product_cat","embeddable":true,"href":"https:\/\/blankpage.ee\/_ruumist-ruumi\/wp-json\/wp\/v2\/product_cat?post=166847"},{"taxonomy":"product_tag","embeddable":true,"href":"https:\/\/blankpage.ee\/_ruumist-ruumi\/wp-json\/wp\/v2\/product_tag?post=166847"}],"curies":[{"name":"wp","href":"https:\/\/api.w.org\/{rel}","templated":true}]}}