{"id":166993,"date":"2025-04-17T09:41:20","date_gmt":"2025-04-17T09:41:20","guid":{"rendered":"https:\/\/ruumistruumi.ee\/pood\/nutikas-laevalgusti-yeelight-arwen-550s-led-rgb-3500-lm-o555-mm-wi-fi-homekit\/"},"modified":"2025-08-21T08:20:06","modified_gmt":"2025-08-21T08:20:06","slug":"nutikas-laevalgusti-yeelight-arwen-550s-led-rgb-3500-lm-o555-mm-wi-fi-homekit","status":"publish","type":"product","link":"https:\/\/blankpage.ee\/_ruumist-ruumi\/pood\/nutikas-laevalgusti-yeelight-arwen-550s-led-rgb-3500-lm-o555-mm-wi-fi-homekit\/","title":{"rendered":"Nutikas laevalgusti Yeelight Arwen 550S (LED, RGB, 3500 lm, \u00d8555 mm, Wi-Fi, HomeKit)"},"content":{"rendered":"<h3>Nutikas laevalgusti Yeelight Arwen 550S (LED, RGB, 3500 lm, \u00d8555 mm, Wi-Fi, HomeKit)<\/h3>\n<p><img decoding=\"async\" src=\"https:\/\/blankpage.ee\/_ruumist-ruumi\/wp-content\/uploads\/2025\/04\/xiaomi_logo1.webp\" alt=\"Xiaomi \u00f6kos\u00fcsteemi logo\" \/><\/p>\n<p>Yeelight on osa Xiaomi \u00f6kos\u00fcsteemist, pakkudes nutikaid ja kvaliteetseid valguslahendusi.<\/p>\n<hr \/>\n<p><strong>Arwen S-seeria nutikas laevalgusti<\/strong><\/p>\n<p>Yeelight Arwen S-seeria nutikas laevalgusti aitab luua just sellise valguse, nagu teie kodu v\u00f5i kontor vajab. Valgustil saab reguleerida nii heledust kui ka v\u00e4rvustemperatuuri ning RGB-v\u00e4rvilahendused v\u00f5imaldavad valida enam kui 16 miljoni v\u00e4rvitooni vahel. Lisavalgus lae poole lisab hubasust, muutes toad veelgi m\u00f5nusamaks. Nutika laevalgusti paigaldamine on kiire ja mugav ning selle minimalistlik disain sobitub igasse interj\u00f6\u00f6ri. Saadaval kahes suuruses \u2013 leiab sobiva nii v\u00e4iksemasse kui ka avaramasse ruumi.<\/p>\n<p><img loading=\"lazy\" decoding=\"async\" src=\"https:\/\/blankpage.ee\/_ruumist-ruumi\/wp-content\/uploads\/2025\/04\/poprawione.webp\" alt=\"nutikas laevalgusti valgustatud elutoas\" width=\"1100\" height=\"700\" \/><\/p>\n<hr \/>\n<h3>Kohanda valgus vastavalt s\u00fcndmusele<\/h3>\n<p>Nutikas laevalgusti v\u00f5imaldab m\u00e4\u00e4rata sobiva v\u00e4rvuse ja heledustaseme \u2013 vali 16 miljoni v\u00e4rvi vahel ning kohanda v\u00e4rvustemperatuuri vahemikus 2700\u20136500K. See lubab Sul luua meeleolu t\u00f6\u00f6ks, puhkamiseks v\u00f5i romantiliseks \u00f5htuks. RGB laevalgustid v\u00f5imaldavad t\u00f6\u00f6- ja puhkeruume erinevateks hetkedeks seada.<\/p>\n<p><img loading=\"lazy\" decoding=\"async\" src=\"https:\/\/blankpage.ee\/_ruumist-ruumi\/wp-content\/uploads\/2025\/04\/1-25.webp\" alt=\"V\u00e4rviline valgus nutika laevalgusti abil koduses interj\u00f6\u00f6ris\" width=\"1920\" height=\"964\" \/><\/p>\n<hr \/>\n<h3>T\u00e4iustatud juhtimisv\u00f5imalused<\/h3>\n<p>Valgustit saad mugavalt juhtida nii \u00e4pist kui ka populaarsete h\u00e4\u00e4leabiliste (Google Assistant, Apple HomeKit, Samsung SmartThings, Amazon Alexa) kaudu. Lisaks v\u00f5imaldab Yeelight kaugjuhtimispult v\u00f5i Smart Dimmer l\u00fcliti h\u00f5lpsat ja sujuvat juhtimist.<\/p>\n<p><img loading=\"lazy\" decoding=\"async\" src=\"https:\/\/blankpage.ee\/_ruumist-ruumi\/wp-content\/uploads\/2025\/04\/3-19.webp\" alt=\"Nutika laevalgusti juhtimine mobiilirakenduse abil\" width=\"1920\" height=\"1222\" \/><\/p>\n<hr \/>\n<h3>Loomulik valgus ja kirkad toonid<\/h3>\n<p>V\u00e4rviedastusindeks Ra 90 v\u00f5imaldab igap\u00e4evastes toimetustes kogeda loomulikku ja selget valgust. K\u00f5ik toonid paistavad t\u00e4pselt v\u00e4lja ning interj\u00f6\u00f6r m\u00f5jub erksana.<\/p>\n<p><img loading=\"lazy\" decoding=\"async\" src=\"https:\/\/blankpage.ee\/_ruumist-ruumi\/wp-content\/uploads\/2025\/04\/shutterstock_1414318694.webp\" alt=\"Elutuba, mida valgustab loomulikuna m\u00f5juv nutikas laevalgusti\" width=\"1920\" height=\"937\" \/><\/p>\n<hr \/>\n<h3>Kuuvalguse re\u017eiim magamistuppa<\/h3>\n<p>Kuuvalgusre\u017eiim pakub \u00f6isteks hetkeks v\u00e4ga \u00f5rna valgust, kaitseb silmi ja loob rahuliku atmosf\u00e4\u00e4ri magamistoas. Sobib h\u00e4sti neile, kes ei soovi uinuda t\u00e4ielikus pimeduses.<\/p>\n<p><img loading=\"lazy\" decoding=\"async\" src=\"https:\/\/blankpage.ee\/_ruumist-ruumi\/wp-content\/uploads\/2025\/04\/7-9.webp\" alt=\"Magamistuba kuuvalguse re\u017eiimis, mida loob nutikas laevalgusti\" width=\"1917\" height=\"1027\" \/><\/p>\n<hr \/>\n<h3>Minimalistlik ja tolmukindel disain<\/h3>\n<p>Yeelight Arwen S-seeria nutikas laevalgusti sobib nii klassikalisse kui modernsesse interj\u00f6\u00f6ri. Disain v\u00e4ldib tolmu ja putukate sattumist lampelemendile. Kaks erinevat suurust tagavad sobivuse ka v\u00e4iksemasse tuppa.<\/p>\n<p><img loading=\"lazy\" decoding=\"async\" src=\"https:\/\/blankpage.ee\/_ruumist-ruumi\/wp-content\/uploads\/2025\/04\/2-20.webp\" alt=\"Minimalistlik ja elegantne laevalgusti kaasaegses interj\u00f6\u00f6ris\" width=\"1920\" height=\"942\" \/><\/p>\n<ul>\n<li>Kasutusjuhend<\/li>\n<li>Kaugjuhtimispult<\/li>\n<li>Paigalduskomplekt<\/li>\n<\/ul>\n<h4>Tehnilised andmed<\/h4>\n<table>\n<tr>\n<td>Mudel<\/td>\n<td>YLXD013-A<\/td>\n<\/tr>\n<tr>\n<td>L\u00e4bim\u00f5\u00f5t<\/td>\n<td>\u00d8555 mm<\/td>\n<\/tr>\n<tr>\n<td>K\u00f5rgus<\/td>\n<td>99,1 mm<\/td>\n<\/tr>\n<tr>\n<td>Kaal<\/td>\n<td>3094 g<\/td>\n<\/tr>\n<tr>\n<td>Heledus<\/td>\n<td>3500 lm (reguleeritav)<\/td>\n<\/tr>\n<tr>\n<td>V\u00e4rvustemperatuur<\/td>\n<td>2700\u20136500K (reguleeritav)<\/td>\n<\/tr>\n<tr>\n<td>V\u00f5imsus<\/td>\n<td>50 W<\/td>\n<\/tr>\n<tr>\n<td>T\u00f6\u00f6iga<\/td>\n<td>25 000 tundi<\/td>\n<\/tr>\n<tr>\n<td>\u00dchenduvus<\/td>\n<td>Wi-Fi (2,4 GHz), Bluetooth 4.2 BLE<\/td>\n<\/tr>\n<tr>\n<td>IP klass<\/td>\n<td>IP20<\/td>\n<\/tr>\n<\/table>\n<p>Komplekt sisaldab kasutusjuhendit, kaugjuhtimispulti ja paigaldusvahendeid. Nutikas laevalgusti muudab koduse valguse juhtimise lihtsaks ja paindlikuks \u2013 igal ajal ja igas ruumis.<\/p>\n","protected":false},"excerpt":{"rendered":"<p>Nutikas laevalgusti Yeelight Arwen 550S (LED, RGB, 3500 lm, \u00d8555 mm, Wi-Fi, HomeKit) Yeelight on osa Xiaomi \u00f6kos\u00fcsteemist, pakkudes nutikaid ja kvaliteetseid valguslahendusi. Arwen S-seeria nutikas laevalgusti Yeelight Arwen S-seeria nutikas laevalgusti aitab luua just sellise valguse, nagu teie kodu v\u00f5i kontor vajab. Valgustil saab reguleerida nii heledust kui ka v\u00e4rvustemperatuuri ning RGB-v\u00e4rvilahendused v\u00f5imaldavad valida [&hellip;]<\/p>\n","protected":false},"featured_media":166994,"comment_status":"open","ping_status":"open","template":"","meta":[],"product_brand":[2933],"product_cat":[3049],"product_tag":[],"class_list":{"0":"post-166993","1":"product","2":"type-product","3":"status-publish","4":"has-post-thumbnail","6":"product_brand-yeelight","7":"product_cat-laelambid","8":"product_shipping_class-innpro","10":"first","11":"instock","12":"sale","13":"taxable","14":"shipping-taxable","15":"purchasable","16":"product-type-simple"},"_links":{"self":[{"href":"https:\/\/blankpage.ee\/_ruumist-ruumi\/wp-json\/wp\/v2\/product\/166993","targetHints":{"allow":["GET"]}}],"collection":[{"href":"https:\/\/blankpage.ee\/_ruumist-ruumi\/wp-json\/wp\/v2\/product"}],"about":[{"href":"https:\/\/blankpage.ee\/_ruumist-ruumi\/wp-json\/wp\/v2\/types\/product"}],"replies":[{"embeddable":true,"href":"https:\/\/blankpage.ee\/_ruumist-ruumi\/wp-json\/wp\/v2\/comments?post=166993"}],"wp:featuredmedia":[{"embeddable":true,"href":"https:\/\/blankpage.ee\/_ruumist-ruumi\/wp-json\/wp\/v2\/media\/166994"}],"wp:attachment":[{"href":"https:\/\/blankpage.ee\/_ruumist-ruumi\/wp-json\/wp\/v2\/media?parent=166993"}],"wp:term":[{"taxonomy":"product_brand","embeddable":true,"href":"https:\/\/blankpage.ee\/_ruumist-ruumi\/wp-json\/wp\/v2\/product_brand?post=166993"},{"taxonomy":"product_cat","embeddable":true,"href":"https:\/\/blankpage.ee\/_ruumist-ruumi\/wp-json\/wp\/v2\/product_cat?post=166993"},{"taxonomy":"product_tag","embeddable":true,"href":"https:\/\/blankpage.ee\/_ruumist-ruumi\/wp-json\/wp\/v2\/product_tag?post=166993"}],"curies":[{"name":"wp","href":"https:\/\/api.w.org\/{rel}","templated":true}]}}