{"id":167402,"date":"2025-04-17T17:07:56","date_gmt":"2025-04-17T17:07:56","guid":{"rendered":"https:\/\/ruumistruumi.ee\/pood\/nutikas-led-valgusriba-yeelight-lightstrip-pro-2m-wi-fi-apple-homekit-laiendatav\/"},"modified":"2025-08-21T08:20:02","modified_gmt":"2025-08-21T08:20:02","slug":"nutikas-led-valgusriba-yeelight-lightstrip-pro-2m-wi-fi-apple-homekit-laiendatav","status":"publish","type":"product","link":"https:\/\/blankpage.ee\/_ruumist-ruumi\/pood\/nutikas-led-valgusriba-yeelight-lightstrip-pro-2m-wi-fi-apple-homekit-laiendatav\/","title":{"rendered":"Nutikas LED valgusriba Yeelight Lightstrip Pro 2m (Wi-Fi, Apple HomeKit, laiendatav)"},"content":{"rendered":"<h3>Nutikas LED valgusriba Yeelight Lightstrip Pro 2m (Wi-Fi, Apple HomeKit, laiendatav)<\/h3>\n<p><img decoding=\"async\" src=\"https:\/\/blankpage.ee\/_ruumist-ruumi\/wp-content\/uploads\/2025\/04\/xiaomi_logo1.webp\" border=\"0\" alt=\"Xiaomi logo\" \/><\/p>\n<p><strong><span>Yeelight kuulub Xiaomi \u00f6kos\u00fcsteemi.<\/span><\/strong><\/p>\n<p>\u00a0<\/p>\n<div class=\"table-wrapper\">\n<h3>Intelligentne nutikas LED valgusriba \u2013 Yeelight Lightstrip Pro<\/h3>\n<p>Loo igasse olukorda sobiv meeleolu. Nutikas LED valgusriba Yeelight Lightstrip Pro on adresseeritav LED-riba, mille iga LED v\u00f5ib s\u00e4rada eraldi valitud v\u00e4rvitoonis. Valgusriba saad h\u00f5lpsasti juhtida Yeelight rakenduse kaudu ning valida kuni 16 miljoni v\u00e4rvitooni vahel. Toode \u00fchildub Razer Chroma, Overwolf, Apple HomeKit, Samsung SmartThings, Google Assistanti ja Amazon Alexa s\u00fcsteemidega ning toetab juhtimist ka h\u00e4\u00e4lk\u00e4sklustega. Lisaks saab valgusriba pikkust vajadusel kohandada \u2013 l\u00f5ika selleks sobiv koht v\u00f5i kasuta spetsiaalset pikendust (m\u00fc\u00fcgil eraldi).<\/p>\n<p><img loading=\"lazy\" decoding=\"async\" src=\"https:\/\/blankpage.ee\/_ruumist-ruumi\/wp-content\/uploads\/2025\/04\/6-32.webp\" border=\"0\" width=\"1100\" height=\"700\" alt=\"Mitmev\u00e4rviline nutikas LED valgusriba rullis, Yeelight Lightstrip Pro\" \/><\/p>\n<h3>Lai v\u00e4rvivalik ja kohandatavad valgusefektid<\/h3>\n<p>Olgu tegu s\u00f5prade kogunemise, s\u00fcnnip\u00e4evale v\u00f5i \u00f5htus\u00f6\u00f6giga \u2013 nutikas LED valgusriba Yeelight Lightstrip Pro aitab luua sobiva meeleolu. T\u00e4nu arenenud IC-kiipidele saab igal LED-il eraldi toon s\u00e4rada, v\u00f5imaldades luua unikaalseid valgusefekte. Rakenduses saad valida ligi 100 erineva programmilise valgusre\u017eiimi vahel ning kohandada valguslahendust t\u00e4pselt oma soovide j\u00e4rgi. Kohandatavad efektid on saadaval ka Mi Home \u00e4pis.<\/p>\n<p><img loading=\"lazy\" decoding=\"async\" src=\"https:\/\/blankpage.ee\/_ruumist-ruumi\/wp-content\/uploads\/2025\/04\/2-46.webp\" border=\"0\" alt=\"LED valgusriba v\u00e4rviline valgus eluruumis, Yeelight Lightstrip Pro\" width=\"1100\" height=\"700\" \/><\/p>\n<h3>Kaasahaarav m\u00e4ngukogemus<\/h3>\n<p>Nutikas LED valgusriba Yeelight Lightstrip Pro sobib suurep\u00e4raselt ka m\u00e4nguhuvilistele. \u00dchildumine Razer Chroma ja Overwolf platvormidega v\u00f5imaldab valgusribal reageerida m\u00e4ngus\u00fcndmustele reaalajas ning s\u00fcnkroniseerida valgusefekte teiste Razer seadmetega \u2013 tulemuseks t\u00f5eliselt l\u00e4bim\u00f5eldud m\u00e4nguelamus.<\/p>\n<p><img loading=\"lazy\" decoding=\"async\" src=\"https:\/\/blankpage.ee\/_ruumist-ruumi\/wp-content\/uploads\/2025\/04\/3-44.webp\" border=\"0\" alt=\"Nutikas LED valgusriba m\u00e4nguri t\u00f6\u00f6laual, Yeelight Lightstrip Pro\" width=\"1100\" height=\"701\" \/><\/p>\n<h3>Lai \u00fchilduvus ja mugav juhtimine<\/h3>\n<p>Yeelight Lightstrip Pro \u00fchildub Google Assistanti, Apple HomeKiti, Samsung SmartThingsi ja Amazon Alexa\u2019ga. See t\u00e4hendab, et saad valgusriba h\u00f5lpsalt lisada oma nutikodu s\u00fcsteemi ning hallata seda keskse rakenduse kaudu. H\u00e4\u00e4ljuhtimine teeb valguse sisse- ja v\u00e4ljal\u00fclitamise eriti mugavaks isegi siis, kui telefon ei ole k\u00e4ep\u00e4rast.<\/p>\n<p><img loading=\"lazy\" decoding=\"async\" src=\"https:\/\/blankpage.ee\/_ruumist-ruumi\/wp-content\/uploads\/2025\/04\/4-43.webp\" border=\"0\" alt=\"LED valgusriba juhtimine mobiilirakenduse ja h\u00e4\u00e4lassistentidega, Yeelight Lightstrip Pro\" width=\"1100\" height=\"700\" \/><\/p>\n<h3>Lihtne ja mugav kasutada<\/h3>\n<p>Nutikas LED valgusriba Yeelight Lightstrip Pro kasutamine on lihtne: \u00fchel l\u00fclitil on k\u00f5ik p\u00f5hifunktsioonid \u2013 \u00fche vajutusega sisse\/v\u00e4lja, pika vajutusega v\u00e4rvivahetus, topeltvajutusega re\u017eiimide muutmine. Katseta erinevaid v\u00f5imalusi ja leia oma ruumile sobivaim lahendus.<\/p>\n<p><img loading=\"lazy\" decoding=\"async\" src=\"https:\/\/blankpage.ee\/_ruumist-ruumi\/wp-content\/uploads\/2025\/04\/8-23.webp\" border=\"0\" alt=\"LED valgusriba juhtimise nupp l\u00e4hiplaanis, Yeelight Lightstrip Pro\" width=\"1100\" height=\"701\" \/><\/p>\n<h3>Kohandatav vastavalt vajadusele<\/h3>\n<p>Yeelight LED valgusriba p\u00f5hipikkus on 2 meetrit, kuid vajadusel saab seda pikendada kuni 10 meetrini, lisades 1 meetri pikkuse pikenduse (m\u00fc\u00fcgil eraldi). Samuti saab valgusriba l\u00f5igata vastavalt markeeringutele, et see sobituks seinale, teleri taha, k\u00f6\u00f6ki v\u00f5i magamistuppa. L\u00f5igata tohib ainult vastavalt m\u00e4rgistustele!<\/p>\n<h3><img loading=\"lazy\" decoding=\"async\" src=\"https:\/\/blankpage.ee\/_ruumist-ruumi\/wp-content\/uploads\/2025\/04\/9-9.webp\" border=\"0\" alt=\"LED valgusriba paigaldamine teleri taha, Yeelight Lightstrip Pro\" width=\"1100\" height=\"700\" \/><\/h3>\n<div class=\"table-wrapper\">\n<table>\n<tbody>\n<tr>\n<th>Br\u00e4nd<\/th>\n<td>Yeelight<\/td>\n<\/tr>\n<tr>\n<th>Nimetus<\/th>\n<td>Yeelight LED Lightstrip Pro<\/td>\n<\/tr>\n<tr>\n<th>Mudel<\/th>\n<td>YLDD005<\/td>\n<\/tr>\n<tr>\n<th>M\u00f5\u00f5tmed<\/th>\n<td>2860 x 36,2 x 13,5 mm<\/td>\n<\/tr>\n<tr>\n<th>Pikkus<\/th>\n<td>2 m (laiendatav kuni 10 m)<\/td>\n<\/tr>\n<tr>\n<th>Kaal<\/th>\n<td>380 g<\/td>\n<\/tr>\n<tr>\n<th>Pinge<\/th>\n<td>110-240 V ~50\/60 Hz<\/td>\n<\/tr>\n<tr>\n<th>Nominaalv\u00f5imsus<\/th>\n<td>5,5 W (2 m), 24 W (10 m)<\/td>\n<\/tr>\n<tr>\n<th>T\u00f6\u00f6temperatuur<\/th>\n<td>-10\u00b0C kuni 40\u00b0C<\/td>\n<\/tr>\n<tr>\n<th>T\u00f6\u00f6niiskus<\/th>\n<td>0\u201390%<\/td>\n<\/tr>\n<tr>\n<th>Pindmine temperatuur<\/th>\n<td>\u226460\u00b0C (25\u00b0C juures)<\/td>\n<\/tr>\n<tr>\n<th>V\u00e4rviedastuse indeks (CRI)<\/th>\n<td>Ra 80<\/td>\n<\/tr>\n<tr>\n<th>IP-klass<\/th>\n<td>IP20<\/td>\n<\/tr>\n<tr>\n<th>Juhtmevaba \u00fchendus<\/th>\n<td>WLAN IEEE 802.11 b\/g\/n 2.4GHz, Bluetooth 4.2<\/td>\n<\/tr>\n<tr>\n<th>Eluiga<\/th>\n<td>Kuni 25 000 tundi<\/td>\n<\/tr>\n<tr>\n<th>LEDide arv<\/th>\n<td>24 \/ m<\/td>\n<\/tr>\n<tr>\n<th>V\u00e4ljundite l\u00fchisekaitse<\/th>\n<td>Jah<\/td>\n<\/tr>\n<tr>\n<th>Ootere\u017eiimi v\u00f5imsus<\/th>\n<td>1,2 W<\/td>\n<\/tr>\n<\/tbody>\n<\/table>\n<p>\u00a0<\/p>\n<p>Yeelight LED valgusriba sobib suurep\u00e4raselt nii m\u00e4nguruumi, t\u00f6\u00f6koha kui ka kodu interj\u00f6\u00f6ri efektiivseks ning nutikaks valgustamiseks.<\/p>\n<\/div>\n","protected":false},"excerpt":{"rendered":"<p>Nutikas LED valgusriba Yeelight Lightstrip Pro 2m (Wi-Fi, Apple HomeKit, laiendatav) Yeelight kuulub Xiaomi \u00f6kos\u00fcsteemi. \u00a0 Intelligentne nutikas LED valgusriba \u2013 Yeelight Lightstrip Pro Loo igasse olukorda sobiv meeleolu. Nutikas LED valgusriba Yeelight Lightstrip Pro on adresseeritav LED-riba, mille iga LED v\u00f5ib s\u00e4rada eraldi valitud v\u00e4rvitoonis. Valgusriba saad h\u00f5lpsasti juhtida Yeelight rakenduse kaudu ning valida [&hellip;]<\/p>\n","protected":false},"featured_media":167409,"comment_status":"open","ping_status":"open","template":"","meta":[],"product_brand":[2933],"product_cat":[3033],"product_tag":[],"class_list":{"0":"post-167402","1":"product","2":"type-product","3":"status-publish","4":"has-post-thumbnail","6":"product_brand-yeelight","7":"product_cat-led-ribad","8":"product_shipping_class-innpro","10":"first","11":"instock","12":"sale","13":"taxable","14":"shipping-taxable","15":"purchasable","16":"product-type-simple"},"_links":{"self":[{"href":"https:\/\/blankpage.ee\/_ruumist-ruumi\/wp-json\/wp\/v2\/product\/167402","targetHints":{"allow":["GET"]}}],"collection":[{"href":"https:\/\/blankpage.ee\/_ruumist-ruumi\/wp-json\/wp\/v2\/product"}],"about":[{"href":"https:\/\/blankpage.ee\/_ruumist-ruumi\/wp-json\/wp\/v2\/types\/product"}],"replies":[{"embeddable":true,"href":"https:\/\/blankpage.ee\/_ruumist-ruumi\/wp-json\/wp\/v2\/comments?post=167402"}],"wp:featuredmedia":[{"embeddable":true,"href":"https:\/\/blankpage.ee\/_ruumist-ruumi\/wp-json\/wp\/v2\/media\/167409"}],"wp:attachment":[{"href":"https:\/\/blankpage.ee\/_ruumist-ruumi\/wp-json\/wp\/v2\/media?parent=167402"}],"wp:term":[{"taxonomy":"product_brand","embeddable":true,"href":"https:\/\/blankpage.ee\/_ruumist-ruumi\/wp-json\/wp\/v2\/product_brand?post=167402"},{"taxonomy":"product_cat","embeddable":true,"href":"https:\/\/blankpage.ee\/_ruumist-ruumi\/wp-json\/wp\/v2\/product_cat?post=167402"},{"taxonomy":"product_tag","embeddable":true,"href":"https:\/\/blankpage.ee\/_ruumist-ruumi\/wp-json\/wp\/v2\/product_tag?post=167402"}],"curies":[{"name":"wp","href":"https:\/\/api.w.org\/{rel}","templated":true}]}}