{"id":167463,"date":"2025-04-17T17:09:11","date_gmt":"2025-04-17T17:09:11","guid":{"rendered":"https:\/\/ruumistruumi.ee\/pood\/nutikas-valgusluliti-meross-mss510-eu-wifi-homekit-alexa-google-assistant\/"},"modified":"2025-08-21T08:20:01","modified_gmt":"2025-08-21T08:20:01","slug":"nutikas-valgusluliti-meross-mss510-eu-wifi-homekit-alexa-google-assistant","status":"publish","type":"product","link":"https:\/\/blankpage.ee\/_ruumist-ruumi\/pood\/nutikas-valgusluliti-meross-mss510-eu-wifi-homekit-alexa-google-assistant\/","title":{"rendered":"Nutikas valgusl\u00fcliti Meross MSS510 EU (WiFi, HomeKit, Alexa, Google Assistant)"},"content":{"rendered":"<h3>Nutikas valgusl\u00fcliti Meross MSS510 EU \u2013 juhtmevaba koduvalgustus<\/h3>\n<p>Nutikas valgusl\u00fcliti Meross MSS510 EU v\u00f5imaldab mugavat ja paindlikku valguse juhtimist k\u00f5ikjal kodus ning eemalt. L\u00fclitit v\u00f5ib kasutada k\u00e4sitsi v\u00f5i kaugjuhtimisega l\u00e4bi Meross rakenduse ning h\u00e4\u00e4lk\u00e4sklustega populaarsete assistentide abil. Toode \u00fchildub Apple HomeKiti, Amazon Alexa, Google Assistanti ja Samsung SmartThingsiga, v\u00f5imaldades valguse sisse- ja v\u00e4ljal\u00fclitamist kas v\u00f5i lihtsalt h\u00e4\u00e4lega. Nutika valgusl\u00fcliti paigaldamiseks on vajalik neutraalne (sinine) juhe ja sobiv paigalduskast (ei kuulu komplekti).<\/p>\n<p><img decoding=\"async\" src=\"https:\/\/blankpage.ee\/_ruumist-ruumi\/wp-content\/uploads\/2025\/04\/3-49.webp\" border=\"0\" alt=\"nutikas valgusl\u00fcliti Meross MSS510 EU esivaade\" \/><\/p>\n<h3>Juhi valgustust k\u00f5ikjal ja igal ajal<\/h3>\n<p>MSS510 EU t\u00f6\u00f6tab sujuvalt Meross rakenduse ning erinevate h\u00e4\u00e4lassistentidega. Nutitelefoni v\u00f5i tahvelarvutit kasutades saad juhtida kodu valgusteid nii kodust kui mujalt \u2013 n\u00e4iteks kontorist v\u00f5i reisilt. H\u00e4\u00e4ljuhtimisel piisab lihtsast k\u00e4sust ja valgus s\u00fcttib v\u00f5i kustub automaatselt \u2013 l\u00fcliti juurde minemine pole vajalik.<\/p>\n<p><img decoding=\"async\" src=\"https:\/\/blankpage.ee\/_ruumist-ruumi\/wp-content\/uploads\/2025\/04\/1-55.webp\" border=\"0\" alt=\"valgusl\u00fcliti juhtimine nutitelefoniga Meross rakenduses\" \/><\/p>\n<h3>Ajasta kodu valgustus ja kasuta automaatikat<\/h3>\n<p>Rakenduse kaudu saab seadistada ajagraafikuid ning kasutada taimerifunktsiooni. Nutikad stseenid v\u00f5imaldavad m\u00e4\u00e4rata, et valgus s\u00fcttib sinu koju saabudes v\u00f5i kustub lahkudes. K\u00f5iki seadeid saad h\u00f5lpsasti muuta otse telefonist v\u00f5i tahvelarvutist.<\/p>\n<p><img decoding=\"async\" src=\"https:\/\/blankpage.ee\/_ruumist-ruumi\/wp-content\/uploads\/2025\/04\/5-41.webp\" border=\"0\" alt=\"valgustuse ajastamine ja nutikas valgusautomaatika Meross l\u00fclitiga\" \/><\/p>\n<h3>Puutetundlik ja kasutajas\u00f5bralik disain<\/h3>\n<p>L\u00fcliti pind on tundlik puutele ning sisseehitatud LED-valgusti muudab selle lihtsasti leitavaks ka pimedas. Seade \u00fchildub olemasoleva WiFi v\u00f5rguga ega vaja eraldi keskseadet v\u00f5i tugijaama. Paigaldus ja seadistamine on lihtsad ning eestikeelne juhend on kaasas, et saaksid nutika valgusl\u00fcliti kergesti t\u00f6\u00f6le panna.<\/p>\n<p><img decoding=\"async\" src=\"https:\/\/blankpage.ee\/_ruumist-ruumi\/wp-content\/uploads\/2025\/04\/2-51.webp\" border=\"0\" alt=\"paigaldatav puutetundlik valgusl\u00fcliti Meross\" \/><\/p>\n<h3>Komplektis:<\/h3>\n<ul>\n<li>Nutikas valgusl\u00fcliti x1<\/li>\n<li>Kruvid x4<\/li>\n<li>Kasutusjuhend x1<\/li>\n<\/ul>\n<div class=\"table-wrapper\">\n<table>\n<tbody>\n<tr>\n<th>Tootja<\/th>\n<td>Meross<\/td>\n<\/tr>\n<tr>\n<th>Sisend<\/th>\n<td>100\u2013240 V~, 50\/60 Hz<\/td>\n<\/tr>\n<tr>\n<th>V\u00e4ljund<\/th>\n<td>100\u2013240 V~, 50\/60 Hz, maks. 400 W h\u00f5\u00f5glampidele, maks. 150 W LED- ja CFL-lampidele<\/td>\n<\/tr>\n<tr>\n<th>L\u00fcliti nupp<\/th>\n<td>1\u00d7 sisse\/v\u00e4lja nupp (5 s vajutuses taastab tehases\u00e4tted)<\/td>\n<\/tr>\n<tr>\n<th>LED-indikaator<\/th>\n<td>1\u00d7 seadme oleku LED<\/td>\n<\/tr>\n<tr>\n<th>M\u00f5\u00f5dud<\/th>\n<td>8,6 \u00d7 8,6 \u00d7 3,5 cm<\/td>\n<\/tr>\n<tr>\n<th>Sisemine antenn<\/th>\n<td>1\u00d7<\/td>\n<\/tr>\n<tr>\n<th>L\u00fcliti t\u00fc\u00fcp<\/th>\n<td>\u00dcksik<\/td>\n<\/tr>\n<tr>\n<th>Traadita \u00fchendus<\/th>\n<td>IEEE 802.11 b\/g\/n, 2,4 GHz, 1T1R<\/td>\n<\/tr>\n<tr>\n<th>Turvalisus<\/th>\n<td>64\/128-bit WEP, WPA-PSK, WPA2-PSK (ei toeta Enterprise WiFi-v\u00f5rke)<\/td>\n<\/tr>\n<tr>\n<th>Sertifikaadid<\/th>\n<td>CE, RoHS, WEEE<\/td>\n<\/tr>\n<tr>\n<th>Tarkvaran\u00f5uded<\/th>\n<td>iOS 13.0 v\u00f5i uuem \/ Android 4.1 v\u00f5i uuem, toimiv WiFi-\u00fchendus<\/td>\n<\/tr>\n<tr>\n<th>Kasutustemperatuur<\/th>\n<td>0\u00b0C \u2013 40\u00b0C<\/td>\n<\/tr>\n<tr>\n<th>Hoiustamistemperatuur<\/th>\n<td>\u201340\u00b0C \u2013 70\u00b0C<\/td>\n<\/tr>\n<tr>\n<th>Kasutusniiskus<\/th>\n<td>10\u201390% (kondenseerumata)<\/td>\n<\/tr>\n<tr>\n<th>Hoiustamisniiskus<\/th>\n<td>5\u201390% (kondenseerumata)<\/td>\n<\/tr>\n<tr>\n<th>Rakendus<\/th>\n<td>Meross<\/td>\n<\/tr>\n<tr>\n<th>\u00dchilduvus<\/th>\n<td>Apple HomeKit, Amazon Alexa, Google Assistant, Samsung SmartThings<\/td>\n<\/tr>\n<\/tbody>\n<\/table>\n<\/div>\n","protected":false},"excerpt":{"rendered":"<p>Nutikas valgusl\u00fcliti Meross MSS510 EU \u2013 juhtmevaba koduvalgustus Nutikas valgusl\u00fcliti Meross MSS510 EU v\u00f5imaldab mugavat ja paindlikku valguse juhtimist k\u00f5ikjal kodus ning eemalt. L\u00fclitit v\u00f5ib kasutada k\u00e4sitsi v\u00f5i kaugjuhtimisega l\u00e4bi Meross rakenduse ning h\u00e4\u00e4lk\u00e4sklustega populaarsete assistentide abil. Toode \u00fchildub Apple HomeKiti, Amazon Alexa, Google Assistanti ja Samsung SmartThingsiga, v\u00f5imaldades valguse sisse- ja v\u00e4ljal\u00fclitamist kas v\u00f5i [&hellip;]<\/p>\n","protected":false},"featured_media":167468,"comment_status":"open","ping_status":"open","template":"","meta":[],"product_brand":[3050],"product_cat":[3039],"product_tag":[],"class_list":{"0":"post-167463","1":"product","2":"type-product","3":"status-publish","4":"has-post-thumbnail","6":"product_brand-meross","7":"product_cat-lulitid","8":"product_shipping_class-innpro","10":"first","11":"instock","12":"sale","13":"taxable","14":"shipping-taxable","15":"purchasable","16":"product-type-simple"},"_links":{"self":[{"href":"https:\/\/blankpage.ee\/_ruumist-ruumi\/wp-json\/wp\/v2\/product\/167463","targetHints":{"allow":["GET"]}}],"collection":[{"href":"https:\/\/blankpage.ee\/_ruumist-ruumi\/wp-json\/wp\/v2\/product"}],"about":[{"href":"https:\/\/blankpage.ee\/_ruumist-ruumi\/wp-json\/wp\/v2\/types\/product"}],"replies":[{"embeddable":true,"href":"https:\/\/blankpage.ee\/_ruumist-ruumi\/wp-json\/wp\/v2\/comments?post=167463"}],"wp:featuredmedia":[{"embeddable":true,"href":"https:\/\/blankpage.ee\/_ruumist-ruumi\/wp-json\/wp\/v2\/media\/167468"}],"wp:attachment":[{"href":"https:\/\/blankpage.ee\/_ruumist-ruumi\/wp-json\/wp\/v2\/media?parent=167463"}],"wp:term":[{"taxonomy":"product_brand","embeddable":true,"href":"https:\/\/blankpage.ee\/_ruumist-ruumi\/wp-json\/wp\/v2\/product_brand?post=167463"},{"taxonomy":"product_cat","embeddable":true,"href":"https:\/\/blankpage.ee\/_ruumist-ruumi\/wp-json\/wp\/v2\/product_cat?post=167463"},{"taxonomy":"product_tag","embeddable":true,"href":"https:\/\/blankpage.ee\/_ruumist-ruumi\/wp-json\/wp\/v2\/product_tag?post=167463"}],"curies":[{"name":"wp","href":"https:\/\/api.w.org\/{rel}","templated":true}]}}