{"id":167645,"date":"2025-04-17T17:11:15","date_gmt":"2025-04-17T17:11:15","guid":{"rendered":"https:\/\/ruumistruumi.ee\/pood\/nutikas-ripplamp-led-yeelight-crystal-yldl01yl-valge-33w-wi-fi\/"},"modified":"2025-08-21T08:20:00","modified_gmt":"2025-08-21T08:20:00","slug":"nutikas-ripplamp-led-yeelight-crystal-yldl01yl-valge-33w-wi-fi","status":"publish","type":"product","link":"https:\/\/blankpage.ee\/_ruumist-ruumi\/pood\/nutikas-ripplamp-led-yeelight-crystal-yldl01yl-valge-33w-wi-fi\/","title":{"rendered":"Nutikas ripplamp LED Yeelight Crystal YLDL01YL (valge, 33W, Wi-Fi)"},"content":{"rendered":"<p><img decoding=\"async\" src=\"https:\/\/blankpage.ee\/_ruumist-ruumi\/wp-content\/uploads\/2025\/04\/xiaomi_logo1.webp\" alt=\"Xiaomi \u00f6kos\u00fcsteemi logo\" \/><\/p>\n<p><span>Yeelight on osa Xiaomi \u00f6kos\u00fcsteemist.<\/span><\/p>\n<h3>Nutikas ripplamp Yeelight Crystal<\/h3>\n<p>Yeelight Crystal on nutikas ripplamp, mis \u00fchendab kaasaegse LED-tehnoloogia ja funktsionaalse disaini. See valgusti sobib suurep\u00e4raselt s\u00f6\u00f6gituppa v\u00f5i k\u00f6\u00f6gi t\u00f6\u00f6laua kohale, pakkudes nii hubast sooja valgust kui kirkamat jahedat valgust. Lampi saab mugavalt juhtida Google Assistanti, Alexa v\u00f5i SmartThingsiga. Samuti on v\u00f5imalik nutikat ripplampi h\u00e4\u00e4lk\u00e4sklustega v\u00f5i Yeelight rakendusega reguleerida.<\/p>\n<p><img decoding=\"async\" src=\"https:\/\/blankpage.ee\/_ruumist-ruumi\/wp-content\/uploads\/2025\/04\/4-52.webp\" alt=\"Nutikas ripplamp valgustab hubaselt s\u00f6\u00f6gilaua\" \/><\/p>\n<h3>\u00dchtlane ja silmas\u00f5bralik LED-valgustus<\/h3>\n<p>Yeelight Crystal ripplamp on loodud spetsiaalselt s\u00f6\u00f6gilaua vajadusi silmas pidades \u2013 lamp valgustab \u00fchtlaselt kogu pinna ega pimesta. 280 sisseehitatud LED-i pakuvad \u00fchtlast ja kvaliteetset valgust, minimeerides peegeldusi ja liigset eredust.<\/p>\n<p><img decoding=\"async\" src=\"https:\/\/blankpage.ee\/_ruumist-ruumi\/wp-content\/uploads\/2025\/04\/1-65.webp\" alt=\"\u00dchtlase valguse jaotusega LED-valgusti s\u00f6\u00f6gitoas\" \/><\/p>\n<h3>Paindlik reguleerimine ja nutikas juhtimine<\/h3>\n<p>Ripplambi k\u00f5rgust saad lihtsasti muuta vahemikus 0,5\u20131,5 m ning sobitada selle vastavalt ruumi v\u00f5i isiklikele vajadustele. Yeelight \u00e4pp v\u00f5imaldab valida sobiva k\u00f5rguse ning sobitada valguse ruumiga. Valgustemperatuuri saab reguleerida vahemikus 2700K kuni 6500K ning heleduse ulatus on 450\u20131800 luumenit.<\/p>\n<p><img decoding=\"async\" src=\"https:\/\/blankpage.ee\/_ruumist-ruumi\/wp-content\/uploads\/2025\/04\/7-35.webp\" alt=\"Ripplamp kohandatava k\u00f5rguse ja valgusega\" \/><\/p>\n<h3>Looduslikud v\u00e4rvid ja vastupidav keha<\/h3>\n<p>Crystal-mudeli v\u00e4rviedastusindeks CRI on Ra95 (4000K valguse juures), mis tagab loomulikud v\u00e4rvid nii toidule kui esemetele. Tugevast materjalist minimalistlik korpus on tolmu- ja putukakindel ning sobib igasse interj\u00f6\u00f6ri.<\/p>\n<p><img decoding=\"async\" src=\"https:\/\/blankpage.ee\/_ruumist-ruumi\/wp-content\/uploads\/2025\/04\/2-60.webp\" alt=\"LED-lamp, mis toob esemete v\u00e4rvid loomulikult esile\" \/><\/p>\n<h3>Mugav valguse reguleerimine<\/h3>\n<p>Valgusti heledust ja v\u00e4rvitooni saad lihtsalt muuta, et leida sobiv lahendus igaks olukorraks \u2013 olgu see argi\u00f5htu v\u00f5i pidulik s\u00fcndmus. Nutikas ripplamp tagab alati sobiva meeleolu.<\/p>\n<p><img decoding=\"async\" src=\"https:\/\/blankpage.ee\/_ruumist-ruumi\/wp-content\/uploads\/2025\/04\/6-47.webp\" alt=\"Valgustemperatuuri ja heleduse muutmise v\u00f5imalusega LED-valgusti\" \/><\/p>\n<h3>H\u00e4\u00e4ljuhtimine ja integratsioon nutiplatvormidega<\/h3>\n<p>Lampi saad juhtida nii h\u00e4\u00e4lega kui Yeelight rakenduse kaudu. Nutikas ripplamp \u00fchildub Google Assistanti, Alexa ja SmartThings platvormidega, pakkudes maksimaalset mugavust.<\/p>\n<p><img decoding=\"async\" src=\"https:\/\/blankpage.ee\/_ruumist-ruumi\/wp-content\/uploads\/2025\/04\/3-60.webp\" alt=\"Nutikat juhtimist toetav ripplamp\" \/><\/p>\n<h3>Tolmukindlus ja modernne minimalism<\/h3>\n<p>Valgusti disain on tolmukindel ning hoiab putukad valguskorpuse seest eemal. Minimalistlik ja kaasaegne v\u00e4limus t\u00e4iendab igat koduinterj\u00f6\u00f6ri ning muudab lambi hooldamise lihtsaks.<\/p>\n<p><img decoding=\"async\" src=\"https:\/\/blankpage.ee\/_ruumist-ruumi\/wp-content\/uploads\/2025\/04\/9-15.webp\" alt=\"Valge minimalistliku disainiga LED ripplamp\" \/><\/p>\n<h3>Komplekti kuulub:<\/h3>\n<ul>\n<li>Kasutusjuhend<\/li>\n<li>Toitejuhe<\/li>\n<li>Kinnitusvahendid<\/li>\n<\/ul>\n<h3>Tehnilised andmed<\/h3>\n<table>\n<tr>\n<th>Tootja<\/th>\n<td>Yeelight<\/td>\n<\/tr>\n<tr>\n<th>Mudel<\/th>\n<td>YLDL01YL<\/td>\n<\/tr>\n<tr>\n<th>V\u00e4rv<\/th>\n<td>Valge<\/td>\n<\/tr>\n<tr>\n<th>M\u00f5\u00f5dud<\/th>\n<td>95 \u00d7 12 \u00d7 10 cm<\/td>\n<\/tr>\n<tr>\n<th>V\u00e4rviedastusindeks (CRI)<\/th>\n<td>Ra95 (4000K)<\/td>\n<\/tr>\n<tr>\n<th>Heledus<\/th>\n<td>450\u20131800 lm<\/td>\n<\/tr>\n<tr>\n<th>V\u00e4rvitemperatuur<\/th>\n<td>2700K\u20136500K<\/td>\n<\/tr>\n<tr>\n<th>\u00dchenduvus<\/th>\n<td>Wi-Fi (2,4 GHz), Bluetooth 4.2, BLE<\/td>\n<\/tr>\n<tr>\n<th>V\u00f5imsus<\/th>\n<td>33W<\/td>\n<\/tr>\n<tr>\n<th>T\u00f6\u00f6tab s\u00fcsteemides<\/th>\n<td>Android 4.4+, iOS 8.0+<\/td>\n<\/tr>\n<tr>\n<th>Pinge<\/th>\n<td>220V~50\/60Hz 0,16A<\/td>\n<\/tr>\n<tr>\n<th>Eluiga<\/th>\n<td>25 000 tundi<\/td>\n<\/tr>\n<\/table>\n<p>Nutikas ripplamp Yeelight Crystal \u00fchendab disaini, funktsionaalsuse ja vastupidavuse \u2013 olles usaldusv\u00e4\u00e4rne ja stiilne valgustilahendus iga kaasaegse kodu jaoks.<\/p>\n","protected":false},"excerpt":{"rendered":"<p>Yeelight on osa Xiaomi \u00f6kos\u00fcsteemist. Nutikas ripplamp Yeelight Crystal Yeelight Crystal on nutikas ripplamp, mis \u00fchendab kaasaegse LED-tehnoloogia ja funktsionaalse disaini. See valgusti sobib suurep\u00e4raselt s\u00f6\u00f6gituppa v\u00f5i k\u00f6\u00f6gi t\u00f6\u00f6laua kohale, pakkudes nii hubast sooja valgust kui kirkamat jahedat valgust. Lampi saab mugavalt juhtida Google Assistanti, Alexa v\u00f5i SmartThingsiga. Samuti on v\u00f5imalik nutikat ripplampi h\u00e4\u00e4lk\u00e4sklustega v\u00f5i [&hellip;]<\/p>\n","protected":false},"featured_media":167653,"comment_status":"open","ping_status":"open","template":"","meta":[],"product_brand":[2933],"product_cat":[3049],"product_tag":[],"class_list":{"0":"post-167645","1":"product","2":"type-product","3":"status-publish","4":"has-post-thumbnail","6":"product_brand-yeelight","7":"product_cat-laelambid","8":"product_shipping_class-innpro","10":"first","11":"instock","12":"sale","13":"taxable","14":"shipping-taxable","15":"purchasable","16":"product-type-simple"},"_links":{"self":[{"href":"https:\/\/blankpage.ee\/_ruumist-ruumi\/wp-json\/wp\/v2\/product\/167645","targetHints":{"allow":["GET"]}}],"collection":[{"href":"https:\/\/blankpage.ee\/_ruumist-ruumi\/wp-json\/wp\/v2\/product"}],"about":[{"href":"https:\/\/blankpage.ee\/_ruumist-ruumi\/wp-json\/wp\/v2\/types\/product"}],"replies":[{"embeddable":true,"href":"https:\/\/blankpage.ee\/_ruumist-ruumi\/wp-json\/wp\/v2\/comments?post=167645"}],"wp:featuredmedia":[{"embeddable":true,"href":"https:\/\/blankpage.ee\/_ruumist-ruumi\/wp-json\/wp\/v2\/media\/167653"}],"wp:attachment":[{"href":"https:\/\/blankpage.ee\/_ruumist-ruumi\/wp-json\/wp\/v2\/media?parent=167645"}],"wp:term":[{"taxonomy":"product_brand","embeddable":true,"href":"https:\/\/blankpage.ee\/_ruumist-ruumi\/wp-json\/wp\/v2\/product_brand?post=167645"},{"taxonomy":"product_cat","embeddable":true,"href":"https:\/\/blankpage.ee\/_ruumist-ruumi\/wp-json\/wp\/v2\/product_cat?post=167645"},{"taxonomy":"product_tag","embeddable":true,"href":"https:\/\/blankpage.ee\/_ruumist-ruumi\/wp-json\/wp\/v2\/product_tag?post=167645"}],"curies":[{"name":"wp","href":"https:\/\/api.w.org\/{rel}","templated":true}]}}