{"id":167812,"date":"2025-04-17T18:05:15","date_gmt":"2025-04-17T18:05:15","guid":{"rendered":"https:\/\/ruumistruumi.ee\/pood\/nutikas-temperatuuri-ja-niiskuseanduriga-wifi-relee-sonoff-thr320-20a-din-kinnitus\/"},"modified":"2025-08-21T08:19:58","modified_gmt":"2025-08-21T08:19:58","slug":"nutikas-temperatuuri-ja-niiskuseanduriga-wifi-relee-sonoff-thr320-20a-din-kinnitus","status":"publish","type":"product","link":"https:\/\/blankpage.ee\/_ruumist-ruumi\/pood\/nutikas-temperatuuri-ja-niiskuseanduriga-wifi-relee-sonoff-thr320-20a-din-kinnitus\/","title":{"rendered":"Nutikas temperatuuri- ja niiskuseanduriga WiFi relee Sonoff THR320 (20A, DIN-kinnitus)"},"content":{"rendered":"<h3>Nutikas temperatuuri relee Sonoff THR320 WiFi ja niiskuseanduri toega (20A, DIN-kinnitus)<\/h3>\n<p>Nutikas temperatuuri relee Sonoff THR320 v\u00f5imaldab usaldusv\u00e4\u00e4rselt j\u00e4lgida ja juhtida temperatuuri ning niiskust erinevates ruumides. Seade sobib h\u00e4sti kasutamiseks nii kodus kui ka t\u00f6\u00f6stuses \u2013 n\u00e4iteks sisebasseinides, kasvuhoonetes, veinikelderites v\u00f5i k\u00fcttes\u00fcsteemides. See relee \u00fchildub erinevate temperatuuri- ja niiskuseanduritega, andes t\u00e4pse kontrolli kliimaseadmete v\u00f5i muude elektriseadmete \u00fcle.<\/p>\n<p><img decoding=\"async\" src=\"https:\/\/blankpage.ee\/_ruumist-ruumi\/wp-content\/uploads\/2025\/04\/5-60.webp\" alt=\"Nutikas temperatuuri relee valge DIN-liistu kinnitusega paigaldamiseks, Sonoff THR320\" \/><\/p>\n<h3>Paindlik h\u00e4\u00e4lestamine ja lai \u00fchilduvus<\/h3>\n<p>Sonoff THR320 toetab kuni 20A koormust ning aitab juhtida ka suuri seadmeid, n\u00e4iteks p\u00f5randak\u00fctet. RJ9 4P4C liides v\u00f5imaldab \u00fchendada DS18B20, SI7021 v\u00f5i mulla niiskusanduri MS01 vastavalt sinu vajadustele. Nutikas relee t\u00f6\u00f6tab koos Home Assistant ja IFTTT platvormidega ning kaugjuhtimist saab teha eWeLink \u00e4pi abil, mis muudab juhtimise eriti mugavaks. S\u00fcnon\u00fc\u00fcmina toetab see ka nutikat automaatikat kodus v\u00f5i t\u00f6\u00f6keskkonnas.<\/p>\n<p><img decoding=\"async\" src=\"https:\/\/blankpage.ee\/_ruumist-ruumi\/wp-content\/uploads\/2025\/04\/6-53.webp\" alt=\"Sonoff THR320 temperatuuri ja niiskuse j\u00e4lgimine eWeLink rakenduses\" \/><\/p>\n<h3>Kaugjuhtimine ja automatiseerimisv\u00f5imalused<\/h3>\n<p>Sul on v\u00f5imalik seadistada timerid ja t\u00f6\u00f6ajad, samuti kasutada mitut t\u00f6\u00f6re\u017eiimi elektrikulu optimeerimiseks. Nutikas temperatuuri relee v\u00f5imaldab k\u00f5ik \u00fchendatud seadmed juhtida distantsilt isegi siis, kui oled kodust eemal. LAN-tugi tagab t\u00f6\u00f6kindluse ka v\u00f5rgukatkestuse korral. Lisaks sobib seade Alexa ja Google Assistanti h\u00e4\u00e4lega juhtimiseks.<\/p>\n<p><img decoding=\"async\" src=\"https:\/\/blankpage.ee\/_ruumist-ruumi\/wp-content\/uploads\/2025\/04\/7-41.webp\" alt=\"Nutikas relee Sonoff kasutuses erinevates automaatikas\u00fcsteemides\" \/><\/p>\n<h3>Reaalajas info ja andmete eksport<\/h3>\n<p>Relee kuvab pidevalt andmeid nii temperatuuri kui niiskuse kohta ja annab teavitusi l\u00e4bi eWeLink rakenduse. Rakendus v\u00f5imaldab j\u00e4lgida andmete ajalugu tunnis, p\u00e4evas v\u00f5i kuus ning lihtsasti eksportida kuni kuue kuu andmed xlsx-vormingus edasiseks anal\u00fc\u00fcsiks.<\/p>\n<p><img decoding=\"async\" src=\"https:\/\/blankpage.ee\/_ruumist-ruumi\/wp-content\/uploads\/2025\/04\/12-4.webp\" alt=\"EWeLink rakenduse temperatuuri ja niiskuse andmete graafiline \u00fclevaade Sonoff THR320 kohta\" \/><\/p>\n<h3>Kaitstud ja vastupidav konstruktsioon<\/h3>\n<p>Sonoff THR320 nutikas relee on h\u00f5lpsasti DIN-liistule paigaldatav ja suur esik\u00fclje nupp muudab kasutuse mugavaks. Kaitsekate lisab turvalisust, arendatud juhtmestik kaitseb l\u00fchiste eest ning leegikindel PC V0 plastik ja vastavus UL ja RoHS standarditele tagavad t\u00f6\u00f6kindluse.<\/p>\n<p><img decoding=\"async\" src=\"https:\/\/blankpage.ee\/_ruumist-ruumi\/wp-content\/uploads\/2025\/04\/8-36.webp\" alt=\"DIN-liistu kinnitusega nutikas temperatuuri relee Sonoff THR320 l\u00f5igatud vaates\" \/><\/p>\n<h3>Tehnilised andmed ja komplektis<\/h3>\n<div class=\"table-wrapper\">\n<table>\n<tbody>\n<tr>\n<th>Tootja<\/th>\n<td>Sonoff<\/td>\n<\/tr>\n<tr>\n<th>Mudel<\/th>\n<td>THR320<\/td>\n<\/tr>\n<tr>\n<th>V\u00e4rv<\/th>\n<td>valge<\/td>\n<\/tr>\n<tr>\n<th>Materjal<\/th>\n<td>PC V0<\/td>\n<\/tr>\n<tr>\n<th>Pinge<\/th>\n<td>100\u2013240V ~50\/60 Hz, kuni 20A<\/td>\n<\/tr>\n<tr>\n<th>WiFi<\/th>\n<td>IEEE 802.11 b\/g\/n 2.4 GHz<\/td>\n<\/tr>\n<tr>\n<th>M\u00f5\u00f5dud<\/th>\n<td>98 x 54 mm<\/td>\n<\/tr>\n<\/tbody>\n<\/table>\n<\/div>\n<ul>\n<li>Nutikas temperatuuri relee<\/li>\n<li>Kinnitusliist<\/li>\n<li>Kasutusjuhend<\/li>\n<\/ul>\n","protected":false},"excerpt":{"rendered":"<p>Nutikas temperatuuri relee Sonoff THR320 WiFi ja niiskuseanduri toega (20A, DIN-kinnitus) Nutikas temperatuuri relee Sonoff THR320 v\u00f5imaldab usaldusv\u00e4\u00e4rselt j\u00e4lgida ja juhtida temperatuuri ning niiskust erinevates ruumides. Seade sobib h\u00e4sti kasutamiseks nii kodus kui ka t\u00f6\u00f6stuses \u2013 n\u00e4iteks sisebasseinides, kasvuhoonetes, veinikelderites v\u00f5i k\u00fcttes\u00fcsteemides. See relee \u00fchildub erinevate temperatuuri- ja niiskuseanduritega, andes t\u00e4pse kontrolli kliimaseadmete v\u00f5i muude [&hellip;]<\/p>\n","protected":false},"featured_media":167818,"comment_status":"open","ping_status":"open","template":"","meta":[],"product_brand":[3037],"product_cat":[3043],"product_tag":[],"class_list":{"0":"post-167812","1":"product","2":"type-product","3":"status-publish","4":"has-post-thumbnail","6":"product_brand-sonoff","7":"product_cat-nutikontrollerid","8":"product_shipping_class-innpro","10":"first","11":"instock","12":"sale","13":"taxable","14":"shipping-taxable","15":"purchasable","16":"product-type-simple"},"_links":{"self":[{"href":"https:\/\/blankpage.ee\/_ruumist-ruumi\/wp-json\/wp\/v2\/product\/167812","targetHints":{"allow":["GET"]}}],"collection":[{"href":"https:\/\/blankpage.ee\/_ruumist-ruumi\/wp-json\/wp\/v2\/product"}],"about":[{"href":"https:\/\/blankpage.ee\/_ruumist-ruumi\/wp-json\/wp\/v2\/types\/product"}],"replies":[{"embeddable":true,"href":"https:\/\/blankpage.ee\/_ruumist-ruumi\/wp-json\/wp\/v2\/comments?post=167812"}],"wp:featuredmedia":[{"embeddable":true,"href":"https:\/\/blankpage.ee\/_ruumist-ruumi\/wp-json\/wp\/v2\/media\/167818"}],"wp:attachment":[{"href":"https:\/\/blankpage.ee\/_ruumist-ruumi\/wp-json\/wp\/v2\/media?parent=167812"}],"wp:term":[{"taxonomy":"product_brand","embeddable":true,"href":"https:\/\/blankpage.ee\/_ruumist-ruumi\/wp-json\/wp\/v2\/product_brand?post=167812"},{"taxonomy":"product_cat","embeddable":true,"href":"https:\/\/blankpage.ee\/_ruumist-ruumi\/wp-json\/wp\/v2\/product_cat?post=167812"},{"taxonomy":"product_tag","embeddable":true,"href":"https:\/\/blankpage.ee\/_ruumist-ruumi\/wp-json\/wp\/v2\/product_tag?post=167812"}],"curies":[{"name":"wp","href":"https:\/\/api.w.org\/{rel}","templated":true}]}}