{"id":168033,"date":"2025-04-17T18:08:25","date_gmt":"2025-04-17T18:08:25","guid":{"rendered":"https:\/\/ruumistruumi.ee\/pood\/nutikas-termomeeter-hugromeeter-switchbot-meter-plus-bluetooth-3-tolline-ekraan-valge\/"},"modified":"2025-08-21T08:19:56","modified_gmt":"2025-08-21T08:19:56","slug":"nutikas-termomeeter-hugromeeter-switchbot-meter-plus-bluetooth-3-tolline-ekraan-valge","status":"publish","type":"product","link":"https:\/\/blankpage.ee\/_ruumist-ruumi\/pood\/nutikas-termomeeter-hugromeeter-switchbot-meter-plus-bluetooth-3-tolline-ekraan-valge\/","title":{"rendered":"Nutikas termomeeter-h\u00fcgromeeter SwitchBot Meter Plus (Bluetooth, 3-tolline ekraan, valge)"},"content":{"rendered":"<h3>Nutikas termomeeter-h\u00fcgromeeter SwitchBot Meter Plus<\/h3>\n<p>Nutikas termomeeter h\u00fcgromeeter SwitchBot Meter Plus v\u00f5imaldab j\u00e4lgida ruumi temperatuuri ja \u00f5huniiskust v\u00e4ga lihtsalt ning t\u00e4pselt. Seadme 3-tolline, selge ekraan kuvab hetkega k\u00f5ik olulised n\u00e4idud, mida on mugav lugeda. Mugavuse indikaatoriga ikoon v\u00f5imaldab kiiresti hinnata, kas ruumi tingimused on sobivad. Minimalistlik ja kompaktne disain sobib igasse interj\u00f6\u00f6ri.<\/p>\n<p><img decoding=\"async\" src=\"https:\/\/blankpage.ee\/_ruumist-ruumi\/wp-content\/uploads\/2025\/04\/6-61.webp\" alt=\"nutikas termomeeter h\u00fcgromeeter ruumitingimuste n\u00e4iduga laual\"\/><\/p>\n<h3>T\u00e4pne m\u00f5\u00f5tmine ja usaldusv\u00e4\u00e4rsed tulemused<\/h3>\n<p>Tundlik andur tagab, et temperatuuri ja \u00f5huniiskuse n\u00e4idud on alati t\u00e4psed \u2013 andmeid uuendatakse iga 4 sekundi j\u00e4rel. Temperatuuri m\u00f5\u00f5t\u00fchikuid (\u00b0C\/\u00b0F) saad lihtsalt vahetada nuppu vajutades. Seade m\u00f5\u00f5dab temperatuuri vahemikus \u201320 \u00b0C kuni 80 \u00b0C ning niiskust 0\u201399% RH, sobides h\u00e4sti nii elutuppa, magamistuppa kui kasvuhoonesse v\u00f5i kontorisse.<\/p>\n<p><img decoding=\"async\" src=\"https:\/\/blankpage.ee\/_ruumist-ruumi\/wp-content\/uploads\/2025\/04\/2-84.webp\" alt=\"digitaalne temperatuuri ja niiskuse andur l\u00e4hivaates\"\/><\/p>\n<h3>Paindlik paigaldus ja mitmek\u00fclgne kasutus<\/h3>\n<p>T\u00e4nu tugevale magnetile ja stabiilsele alusele saab nutikat termomeetrit-h\u00fcgromeetrit asetada k\u00fclmikule, lauale v\u00f5i kinnitada seinale. Sobib kasutamiseks magamistoas, k\u00f6\u00f6gis, lastetoas v\u00f5i kasvuhoones, v\u00f5imaldades hoida end kursis olulisemate ruumiparameetritega.<\/p>\n<p><img decoding=\"async\" src=\"https:\/\/blankpage.ee\/_ruumist-ruumi\/wp-content\/uploads\/2025\/04\/11-13.webp\" alt=\"seinak\u00fclge kinnitatud ruumi m\u00f5\u00f5teseade tugeva magnetiga\"\/><\/p>\n<h3>Nutikad juhtimisv\u00f5imalused ja lai laiendatavus<\/h3>\n<p>Kui \u00fchendada seade SwitchBot Hub Mini juhtpaneeliga (m\u00fc\u00fcgil eraldi), avanevad t\u00e4iendavad funktsioonid. Toode \u00fchildub Amazon Alexa, Google Home\u2019i, Siri l\u00fchiteede, IFTTT ning SmartThings platvormidega, v\u00f5imaldades seadet hallata mugavalt nutirakenduse v\u00f5i h\u00e4\u00e4lk\u00e4sklustega.<\/p>\n<p><img decoding=\"async\" src=\"https:\/\/blankpage.ee\/_ruumist-ruumi\/wp-content\/uploads\/2025\/04\/12-5.webp\" alt=\"SwitchBot nutikas termomeeter h\u00fcgromeeter koos Hub Mini v\u00f5rgu\u00fchenduse v\u00f5imalusega\"\/><\/p>\n<h3>Automaatika ja tasuta rakenduse tugi<\/h3>\n<p>SwitchBot Hub Mini abil saad luua nutikaid automatiseeringuid, n\u00e4iteks panna \u00f5huniisutaja v\u00f5i konditsioneeri automaatselt t\u00f6\u00f6le vastavalt muutuvatele \u00f5hutemperatuuridele v\u00f5i niiskustasemele. SwitchBot rakendus v\u00f5imaldab j\u00e4lgida m\u00f5\u00f5tmisajalugu ning saada kohe teavitusi, kui seatud piirid on \u00fcletatud.<\/p>\n<p><img decoding=\"async\" src=\"https:\/\/blankpage.ee\/_ruumist-ruumi\/wp-content\/uploads\/2025\/04\/5-66.webp\" alt=\"SwitchBot seadmete automatiseerimise v\u00f5imalused nutikodus\"\/><\/p>\n<h3>Pikk aku kestvus<\/h3>\n<p>Toiteallikaks on kaks komplektis olevat AAA-patareid. T\u00e4nu energias\u00e4\u00e4stlikule Bluetooth LE tehnoloogiale kestavad patareid kuni \u00fche aasta, tagades pikaajalise ja stabiilse t\u00f6\u00f6.<\/p>\n<p><img decoding=\"async\" src=\"https:\/\/blankpage.ee\/_ruumist-ruumi\/wp-content\/uploads\/2025\/04\/8-42.webp\" alt=\"termomeetri h\u00fcgromeetri patareid ja t\u00f6\u00f6 kestvus\"\/><\/p>\n<h3>Komplekti kuulub<\/h3>\n<ul>\n<li>Nutikas termomeeter h\u00fcgromeeter (sisekasutuseks)<\/li>\n<li>2 \u00d7 AAA patarei<\/li>\n<li>3M kleepriba ning metallplaat<\/li>\n<li>Kasutusjuhend<\/li>\n<\/ul>\n<div class=\"table-wrapper\">\n<table>\n<tbody>\n<tr>\n<th>Br\u00e4nd<\/th>\n<td>SwitchBot<\/td>\n<\/tr>\n<tr>\n<th>Mudel<\/th>\n<td>SwitchBot Meter Plus (W2301500)<\/td>\n<\/tr>\n<tr>\n<th>V\u00e4rv<\/th>\n<td>Valge<\/td>\n<\/tr>\n<tr>\n<th>Ekraani diagonaal<\/th>\n<td>3&#8243;<\/td>\n<\/tr>\n<tr>\n<th>\u00dchenduvus<\/th>\n<td>Bluetooth LE 4.2 v\u00f5i uuem<\/td>\n<\/tr>\n<tr>\n<th>Katteulatus<\/th>\n<td>Kuni 120 m (ilma takistusteta)<\/td>\n<\/tr>\n<tr>\n<th>Toiteallikas<\/th>\n<td>2 \u00d7 AAA patarei<\/td>\n<\/tr>\n<tr>\n<th>Telje kestvus<\/th>\n<td>Kuni 1 aasta<\/td>\n<\/tr>\n<tr>\n<th>Lahutusv\u00f5ime<\/th>\n<td>0,1 \u00b0C \/ 0,1 \u00b0F \/ 1 % RH<\/td>\n<\/tr>\n<tr>\n<th>Temperatuuri vahemik<\/th>\n<td>\u221220 \u00b0C kuni 80 \u00b0C<\/td>\n<\/tr>\n<tr>\n<th>\u00d5huniiskuse vahemik<\/th>\n<td>0\u201399 % RH<\/td>\n<\/tr>\n<tr>\n<th>M\u00f5\u00f5tet\u00e4psus<\/th>\n<td>Temperatuur: \u00b10,2\u20130,4 \u00b0C; niiskus: \u00b12\u20134 % RH<\/td>\n<\/tr>\n<tr>\n<th>M\u00f5\u00f5dud<\/th>\n<td>79 \u00d7 65 \u00d7 22 mm<\/td>\n<\/tr>\n<tr>\n<th>Kaal<\/th>\n<td>64 g<\/td>\n<\/tr>\n<tr>\n<th>S\u00fcsteemin\u00f5uded<\/th>\n<td>iOS 11.0+, Android OS 5.0+<\/td>\n<\/tr>\n<tr>\n<th>Rakendus<\/th>\n<td>SwitchBot<\/td>\n<\/tr>\n<tr>\n<th>\u00dchilduvus<\/th>\n<td>N\u00f5uab SwitchBot Hub Plus\/Mini: Alexa, Google Home, Siri, IFTTT, SmartThings<\/td>\n<\/tr>\n<\/tbody>\n<\/table>\n<\/div>\n","protected":false},"excerpt":{"rendered":"<p>Nutikas termomeeter-h\u00fcgromeeter SwitchBot Meter Plus Nutikas termomeeter h\u00fcgromeeter SwitchBot Meter Plus v\u00f5imaldab j\u00e4lgida ruumi temperatuuri ja \u00f5huniiskust v\u00e4ga lihtsalt ning t\u00e4pselt. Seadme 3-tolline, selge ekraan kuvab hetkega k\u00f5ik olulised n\u00e4idud, mida on mugav lugeda. Mugavuse indikaatoriga ikoon v\u00f5imaldab kiiresti hinnata, kas ruumi tingimused on sobivad. Minimalistlik ja kompaktne disain sobib igasse interj\u00f6\u00f6ri. T\u00e4pne m\u00f5\u00f5tmine ja [&hellip;]<\/p>\n","protected":false},"featured_media":168040,"comment_status":"open","ping_status":"open","template":"","meta":[],"product_brand":[3062],"product_cat":[3042],"product_tag":[],"class_list":{"0":"post-168033","1":"product","2":"type-product","3":"status-publish","4":"has-post-thumbnail","6":"product_brand-switchbot","7":"product_cat-andurid","8":"product_shipping_class-innpro","10":"first","11":"instock","12":"sale","13":"taxable","14":"shipping-taxable","15":"purchasable","16":"product-type-simple"},"_links":{"self":[{"href":"https:\/\/blankpage.ee\/_ruumist-ruumi\/wp-json\/wp\/v2\/product\/168033","targetHints":{"allow":["GET"]}}],"collection":[{"href":"https:\/\/blankpage.ee\/_ruumist-ruumi\/wp-json\/wp\/v2\/product"}],"about":[{"href":"https:\/\/blankpage.ee\/_ruumist-ruumi\/wp-json\/wp\/v2\/types\/product"}],"replies":[{"embeddable":true,"href":"https:\/\/blankpage.ee\/_ruumist-ruumi\/wp-json\/wp\/v2\/comments?post=168033"}],"wp:featuredmedia":[{"embeddable":true,"href":"https:\/\/blankpage.ee\/_ruumist-ruumi\/wp-json\/wp\/v2\/media\/168040"}],"wp:attachment":[{"href":"https:\/\/blankpage.ee\/_ruumist-ruumi\/wp-json\/wp\/v2\/media?parent=168033"}],"wp:term":[{"taxonomy":"product_brand","embeddable":true,"href":"https:\/\/blankpage.ee\/_ruumist-ruumi\/wp-json\/wp\/v2\/product_brand?post=168033"},{"taxonomy":"product_cat","embeddable":true,"href":"https:\/\/blankpage.ee\/_ruumist-ruumi\/wp-json\/wp\/v2\/product_cat?post=168033"},{"taxonomy":"product_tag","embeddable":true,"href":"https:\/\/blankpage.ee\/_ruumist-ruumi\/wp-json\/wp\/v2\/product_tag?post=168033"}],"curies":[{"name":"wp","href":"https:\/\/api.w.org\/{rel}","templated":true}]}}