{"id":168099,"date":"2025-04-18T16:19:13","date_gmt":"2025-04-18T16:19:13","guid":{"rendered":"https:\/\/ruumistruumi.ee\/pood\/nutikas-katla-termostaat-avatto-wt100-bh-3a-wifi-tuya-lcd-3a\/"},"modified":"2025-08-21T08:19:54","modified_gmt":"2025-08-21T08:19:54","slug":"nutikas-katla-termostaat-avatto-wt100-bh-3a-wifi-tuya-lcd-3a","status":"publish","type":"product","link":"https:\/\/blankpage.ee\/_ruumist-ruumi\/pood\/nutikas-katla-termostaat-avatto-wt100-bh-3a-wifi-tuya-lcd-3a\/","title":{"rendered":"Nutikas katla termostaat Avatto WT100-BH-3A (WiFi, Tuya, LCD, 3A)"},"content":{"rendered":"<h3>Avatto WT100-BH-3A nutikas katla termostaat WiFi, Tuya ja LCD ekraaniga<\/h3>\n<p>Avatto WT100-BH-3A on moodne nutikas katla termostaat, mis sobib suurep\u00e4raselt k\u00fcttes\u00fcsteemide ja tarbevee soojendamise katelde temperatuuri juhtimiseks. Seade v\u00f5imaldab katla toite otse sisse ja v\u00e4lja l\u00fclitada ning tagab t\u00f5husa ja mugava ruumik\u00fctte. Sisseehitatud WiFi mooduli abil \u00fchildub termostaat populaarsete rakendustega nagu Tuya ja Smart Life ning v\u00f5imaldab kaugjuhtimist k\u00f5ikjalt maailmast. Lisaks saab termostaati juhtida h\u00e4\u00e4lk\u00e4sklustega \u2013 see t\u00f6\u00f6tab koos Alexa, Google Assistant&#8217;i ja Yandex Alice&#8217;iga, pakkudes igap\u00e4evast mugavust ja paindlikkust.<\/p>\n<p><img decoding=\"async\" src=\"https:\/\/blankpage.ee\/_ruumist-ruumi\/wp-content\/uploads\/2025\/04\/3-79.webp\" border=\"0\" alt=\"Nutikas katla termostaat Avatto WT100 LCD ekraaniga esivaates\"><\/p>\n<h3>Kohanda k\u00fctmist vastavalt oma vajadustele<\/h3>\n<p>Termostaadi t\u00f6\u00f6d saab h\u00f5lpsasti seadistada l\u00e4bi Tuya v\u00f5i Smart Life rakenduse. V\u00f5imalik on luua erinevaid p\u00e4evagraafikuid (5+2, 6+1 v\u00f5i 7 p\u00e4eva re\u017eiim), kus igaks p\u00e4evaks saab m\u00e4\u00e4rata kuni kuus k\u00fctmists\u00fcklit. Lisaks on olemas nii manuaalne kui ka automaatne t\u00f6\u00f6re\u017eiim, mis v\u00f5imaldab seadistada t\u00e4pselt sellise k\u00fcttet\u00f6\u00f6, nagu sinu perel vaja l\u00e4heb.<\/p>\n<p><img decoding=\"async\" src=\"https:\/\/blankpage.ee\/_ruumist-ruumi\/wp-content\/uploads\/2025\/04\/7-55.webp\" border=\"0\" alt=\"Termostaadi k\u00fctmisgraafiku seadistamine rakenduses\"><\/p>\n<h3>Lihtne ja paindlik juhtimine<\/h3>\n<p>Avatto WT100 nutikat katla termostaati saad juhtida kolmel viisil \u2013 l\u00e4bi nutitelefoni \u00e4pi (Tuya v\u00f5i Smart Life), h\u00e4\u00e4ljuhtimise abil v\u00f5i puudutades seadme LCD-ekraani. T\u00e4nu sellele ei s\u00f5ltu seadme seadistamine asukohast; sul on alati kontroll enda k\u00e4es.<\/p>\n<p><img decoding=\"async\" src=\"https:\/\/blankpage.ee\/_ruumist-ruumi\/wp-content\/uploads\/2025\/04\/1-84.webp\" border=\"0\" alt=\"Nutiseadme termostaadi juhtimine \u00e4pi, h\u00e4\u00e4ljuhtimise v\u00f5i ekraaniga\"><\/p>\n<h3>K\u00f5ik oluline info selgel ekraanil<\/h3>\n<p>Suurel LCD-ekraanil on kuvatud t\u00f6\u00f6re\u017eiim, v\u00f5rgu olek, seadistatud temperatuur, ajutine turvalukk ning kellaaeg. V\u00f5imalik on reguleerida ekraani heledust v\u00f5i ekraan t\u00e4ielikult v\u00e4lja l\u00fclitada, et v\u00e4ltida \u00f6ist valguselevust.<\/p>\n<p><img decoding=\"async\" src=\"https:\/\/blankpage.ee\/_ruumist-ruumi\/wp-content\/uploads\/2025\/04\/5-69.webp\" border=\"0\" alt=\"Avatto nutika termostaadi LCD-ekraan ja n\u00e4idud\"><\/p>\n<h3>Lastekaitse ja ligip\u00e4\u00e4su jagamine<\/h3>\n<p>Seadmel on lastekaitselukk, mis aitab ennetada soovimatuid muudatusi, ning v\u00f5imalus \u00fchendada mitu sama t\u00fc\u00fcpi termostaati gruppi. Ligip\u00e4\u00e4su saab jagada mitme pereliikmega, et k\u00f5ik saaksid kodu k\u00fctet hallata.<\/p>\n<p><img decoding=\"async\" src=\"https:\/\/blankpage.ee\/_ruumist-ruumi\/wp-content\/uploads\/2025\/04\/10-16.webp\" border=\"0\" alt=\"Lastekaitselukk ja pereliikmetega ligip\u00e4\u00e4su jagamine nutika katla termostaadi puhul\"><\/p>\n<h3>Komplekti kuulub:<\/h3>\n<ul>\n<li>Nutikas katla termostaat Avatto WT100<\/li>\n<li>Kasutusjuhend<\/li>\n<li>Kruvid (2 tk)<\/li>\n<\/ul>\n<div class=\"table-wrapper\">\n<h3>Tehnilised andmed<\/h3>\n<table>\n<tbody>\n<tr>\n<th>Tootja<\/th>\n<td>Avatto<\/td>\n<\/tr>\n<tr>\n<th>Mudel<\/th>\n<td>WT100-BH-3A<\/td>\n<\/tr>\n<tr>\n<th>Toitepinge<\/th>\n<td>AC 95\u2013220V, 50\/60Hz<\/td>\n<\/tr>\n<tr>\n<th>Maksimaalne koormus<\/th>\n<td>3A<\/td>\n<\/tr>\n<tr>\n<th>Ekraan<\/th>\n<td>LCD<\/td>\n<\/tr>\n<tr>\n<th>T\u00e4psus<\/th>\n<td>1\u00b0C<\/td>\n<\/tr>\n<tr>\n<th>Temperatuurivahemik<\/th>\n<td>5\u00b0C kuni 60\u00b0C<\/td>\n<\/tr>\n<tr>\n<th>T\u00f6\u00f6tamistemperatuur<\/th>\n<td>-5\u00b0C kuni 50\u00b0C<\/td>\n<\/tr>\n<tr>\n<th>Kuvatud temperatuurivahemik<\/th>\n<td>0\u00b0C kuni 51\u00b0C<\/td>\n<\/tr>\n<tr>\n<th>Energiatarve<\/th>\n<td>&lt;1W<\/td>\n<\/tr>\n<tr>\n<th>M\u00f5\u00f5dud<\/th>\n<td>86 x 86 x 40 mm<\/td>\n<\/tr>\n<tr>\n<th>Rakendus<\/th>\n<td>Tuya, Smart Life<\/td>\n<\/tr>\n<tr>\n<th>H\u00e4\u00e4ljuhtimine<\/th>\n<td>Amazon Alexa, Google Assistant, Yandex Alice<\/td>\n<\/tr>\n<tr>\n<th>\u00dchenduvus<\/th>\n<td>Wi-Fi<\/td>\n<\/tr>\n<\/tbody>\n<\/table>\n<\/div>\n","protected":false},"excerpt":{"rendered":"<p>Avatto WT100-BH-3A nutikas katla termostaat WiFi, Tuya ja LCD ekraaniga Avatto WT100-BH-3A on moodne nutikas katla termostaat, mis sobib suurep\u00e4raselt k\u00fcttes\u00fcsteemide ja tarbevee soojendamise katelde temperatuuri juhtimiseks. Seade v\u00f5imaldab katla toite otse sisse ja v\u00e4lja l\u00fclitada ning tagab t\u00f5husa ja mugava ruumik\u00fctte. Sisseehitatud WiFi mooduli abil \u00fchildub termostaat populaarsete rakendustega nagu Tuya ja Smart Life [&hellip;]<\/p>\n","protected":false},"featured_media":168105,"comment_status":"open","ping_status":"open","template":"","meta":[],"product_brand":[3063],"product_cat":[3061],"product_tag":[],"class_list":{"0":"post-168099","1":"product","2":"type-product","3":"status-publish","4":"has-post-thumbnail","6":"product_brand-avatto","7":"product_cat-termostaatid","8":"product_shipping_class-innpro","10":"first","11":"instock","12":"sale","13":"taxable","14":"shipping-taxable","15":"purchasable","16":"product-type-simple"},"_links":{"self":[{"href":"https:\/\/blankpage.ee\/_ruumist-ruumi\/wp-json\/wp\/v2\/product\/168099","targetHints":{"allow":["GET"]}}],"collection":[{"href":"https:\/\/blankpage.ee\/_ruumist-ruumi\/wp-json\/wp\/v2\/product"}],"about":[{"href":"https:\/\/blankpage.ee\/_ruumist-ruumi\/wp-json\/wp\/v2\/types\/product"}],"replies":[{"embeddable":true,"href":"https:\/\/blankpage.ee\/_ruumist-ruumi\/wp-json\/wp\/v2\/comments?post=168099"}],"wp:featuredmedia":[{"embeddable":true,"href":"https:\/\/blankpage.ee\/_ruumist-ruumi\/wp-json\/wp\/v2\/media\/168105"}],"wp:attachment":[{"href":"https:\/\/blankpage.ee\/_ruumist-ruumi\/wp-json\/wp\/v2\/media?parent=168099"}],"wp:term":[{"taxonomy":"product_brand","embeddable":true,"href":"https:\/\/blankpage.ee\/_ruumist-ruumi\/wp-json\/wp\/v2\/product_brand?post=168099"},{"taxonomy":"product_cat","embeddable":true,"href":"https:\/\/blankpage.ee\/_ruumist-ruumi\/wp-json\/wp\/v2\/product_cat?post=168099"},{"taxonomy":"product_tag","embeddable":true,"href":"https:\/\/blankpage.ee\/_ruumist-ruumi\/wp-json\/wp\/v2\/product_tag?post=168099"}],"curies":[{"name":"wp","href":"https:\/\/api.w.org\/{rel}","templated":true}]}}