{"id":168230,"date":"2025-04-18T16:20:16","date_gmt":"2025-04-18T16:20:16","guid":{"rendered":"https:\/\/ruumistruumi.ee\/pood\/nutikate-led-pirnide-varviline-komplekt-yeelight-w4-e27-9w-806-lm-4-tk\/"},"modified":"2025-08-21T08:19:54","modified_gmt":"2025-08-21T08:19:54","slug":"nutikate-led-pirnide-varviline-komplekt-yeelight-w4-e27-9w-806-lm-4-tk","status":"publish","type":"product","link":"https:\/\/blankpage.ee\/_ruumist-ruumi\/pood\/nutikate-led-pirnide-varviline-komplekt-yeelight-w4-e27-9w-806-lm-4-tk\/","title":{"rendered":"Nutikate LED-pirnide v\u00e4rviline komplekt Yeelight W4 E27, 9W, 806 lm (4 tk)"},"content":{"rendered":"<h3>Nutikad LED pirnid Yeelight W4 E27 \u2013 v\u00e4rviline 4-osaline komplekt<\/h3>\n<p>Nutikad LED pirnid Yeelight W4 E27 toovad sinu koju paindlikud ja isikup\u00e4rased valguslahendused. T\u00e4nu laiale v\u00e4rvispektrile ja reguleeritavale v\u00e4rvustemperatuurile (2700\u20136500 K) saad valida rohkem kui 16 miljoni v\u00e4rvi vahel \u2013 sobilik meeleolu igale p\u00e4evale ja igale s\u00fcndmusele. Ideaalne valik nii mugava ja hubase atmosf\u00e4\u00e4ri loomiseks kui ka erilisemateks \u00fcritusteks v\u00f5i m\u00e4ngu\u00f5htuteks, kus valguse s\u00fcnkroniseerimine muusika v\u00f5i m\u00e4ngudega lisab muljetavaldavaid efekte.<\/p>\n<p>Nutikad LED pirnid tarbivad vaid 9 vatti, pakkudes samal ajal kuni 806 luumenit valgusvoogu. Nutikate lahenduste juhtimine toimub mugavalt nutitelefoni \u00e4pi kaudu v\u00f5i h\u00e4\u00e4lk\u00e4sklustega \u2013 pirnid \u00fchilduvad Google Assistant, Amazon Alexa, Apple HomeKit, Samsung SmartThings ja Yandex Alice platvormidega. V\u00f5imalik on seada ajastusi, luua eri valgusskeeme v\u00f5i grupeerida pirnid tubade kaupa, tagades alati just sinu vajadustele vastava valguse.<\/p>\n<p>Iga pirn on varustatud standardse E27 sokliga ning paigaldus ei n\u00f5ua lisaadaptreid ega keskseadmeid \u2013 \u201eplug and play\u201c. Pirnid t\u00f6\u00f6tavad Wi-Fi (2,4 GHz) ja Bluetooth-v\u00f5rgu kaudu ning toetavad OTA-tarkvarauuendusi, mis v\u00f5imaldab kasutada k\u00f5iki uusi funktsioone ilma lisapingutuseta. Energias\u00e4\u00e4stlike nutipirnidega on lihtne kontrollida majapidamise elektrikulu ning nautida alati moodsat ja t\u00f5husat koduvalgustust.<\/p>\n<p>Komplektis on neli v\u00e4rvilist nutikat LED-pirni \u2013 ideaalne valik terve toa v\u00f5i mitme ruumi korraga uuendamiseks v\u00f5i erinevate valguslahenduste loomiseks.<\/p>\n<p><img loading=\"lazy\" decoding=\"async\" src=\"https:\/\/blankpage.ee\/_ruumist-ruumi\/wp-content\/uploads\/2025\/04\/1-92.webp\" alt=\"V\u00e4rviline nutikate LED pirnide (Yeelight W4 E27, 4 tk) komplekt pakendis\" width=\"1100\" height=\"700\" \/><br \/>\n<\/p>\n<h3>Too v\u00e4rve oma igap\u00e4evaellu<\/h3>\n<p>Yeelight W4 pakub vabadust valida kuni 16 miljoni v\u00e4rvivariatsiooni ning m\u00e4\u00e4rata t\u00e4pne v\u00e4rvustemperatuur vahemikus 2700 kuni 6500 K. Nutikad LED pirnid sobivad suurep\u00e4raselt igasse olukorda \u2013 kodustest filmi\u00f5htutest ja pidudest kuni rahulike lugemishetkedeni.<\/p>\n<p><img loading=\"lazy\" decoding=\"async\" src=\"https:\/\/blankpage.ee\/_ruumist-ruumi\/wp-content\/uploads\/2025\/04\/6-69.webp\" alt=\"Hubane elutuba valgustatud v\u00e4rvilise LED nutipirniga\" width=\"1100\" height=\"700\" \/><br \/>\n<\/p>\n<h3>S\u00fcnkroniseeri valgus muusikaga<\/h3>\n<p>Valguse s\u00fcnkroniseerimine muusika ja meeleoluga loob unustamatuid hetki. Nutipirnide valgus reageerib r\u00fctmile ja muudab ruumi atmosf\u00e4\u00e4ri, muutes \u00fcritused eriliseks. K\u00f5ike seda saad juhtida \u00fche intuitiivse rakendusega.<\/p>\n<p><img loading=\"lazy\" decoding=\"async\" src=\"https:\/\/blankpage.ee\/_ruumist-ruumi\/wp-content\/uploads\/2025\/04\/3-90.webp\" alt=\"Nutipirn Yeelight W4 vahetab v\u00e4rvi vastavalt muusikale\" width=\"1100\" height=\"700\" \/><br \/>\n<\/p>\n<h3>Juhi valgus mugavalt h\u00e4\u00e4lega<\/h3>\n<p>Juhi valgustust t\u00e4ielikult k\u00e4ed-vabalt. Nutikad LED pirnid t\u00f6\u00f6tavad suuremate nutikodude platvormidega, v\u00f5imaldades valguse muutmist lihtsalt h\u00e4\u00e4lk\u00e4sklusega \u2013 nii p\u00e4\u00e4sed valguse juhtimiseni ilma diivanilt t\u00f5usmata.<\/p>\n<p><img loading=\"lazy\" decoding=\"async\" src=\"https:\/\/blankpage.ee\/_ruumist-ruumi\/wp-content\/uploads\/2025\/04\/8-47.webp\" alt=\"Juhi nutikaid LED pirne Google Assistanti ja Alexa h\u00e4\u00e4lk\u00e4sklustega\" width=\"1100\" height=\"700\" \/><br \/>\n<\/p>\n<h3>Loo nutikaid valgusstseene<\/h3>\n<p>Yeelight rakendus v\u00f5imaldab luua erinevaid valgusskeeme, grupeerida pirne ning valida automaatseid stsenaariume \u2013 olgu plaanis filmi\u00f5htu, s\u00fcnnip\u00e4ev v\u00f5i lihtsalt l\u00f5\u00f5gastumine raamatu seltsis.<\/p>\n<p><img loading=\"lazy\" decoding=\"async\" src=\"https:\/\/blankpage.ee\/_ruumist-ruumi\/wp-content\/uploads\/2025\/04\/7-62.webp\" alt=\"Nutikad LED pirnid v\u00f5imaldavad luua erinevaid valgusskeeme\" width=\"1100\" height=\"700\" \/><br \/>\n<\/p>\n<h3>M\u00e4ngi valguste ja v\u00e4rvidega<\/h3>\n<p>See nutipirnide komplekt sobib eriti h\u00e4sti ka m\u00e4nguritele \u2013 Razer Chroma\u2122 RGB ja Overwolf \u00fchilduvus pakub m\u00e4ngudesse lisaks silmapaistvaid valgusefekte ja aitab luua kaasahaarava elamuse.<\/p>\n<p><img loading=\"lazy\" decoding=\"async\" src=\"https:\/\/blankpage.ee\/_ruumist-ruumi\/wp-content\/uploads\/2025\/04\/5-78.webp\" alt=\"Yeelight nutipirn s\u00fcttib erinevates v\u00e4rvides m\u00e4ngu ajal\" width=\"1100\" height=\"700\" \/><br \/>\n<\/p>\n<h3>Ajasta valgus t\u00e4ielikult automaatselt<\/h3>\n<p>Seadista taimerid ja ajastused \u2013 valgus l\u00fclitub sisse v\u00f5i v\u00e4lja t\u00e4pselt siis, kui vaja. K\u00f5ik seadistused on kiirelt muudetavad otse \u00e4pist.<\/p>\n<p><img loading=\"lazy\" decoding=\"async\" src=\"https:\/\/blankpage.ee\/_ruumist-ruumi\/wp-content\/uploads\/2025\/04\/2-96.webp\" alt=\"Nutipirnid, mida saab ajastada automaatselt\" width=\"1100\" height=\"700\" \/><br \/>\n<\/p>\n<h3>Nutikad LED pirnid \u2013 usaldusv\u00e4\u00e4rne valik kodu valgustamiseks<\/h3>\n<p>Yeelight W4 E27 nutipirnid on energias\u00e4\u00e4stlikud, lihtsasti paigaldatavad ja moekad. 2,4 GHz WiFi ja automaatsed tarkvarauuendused tagavad mugava kasutuskogemuse aastaid.<\/p>\n<p><img loading=\"lazy\" decoding=\"async\" src=\"https:\/\/blankpage.ee\/_ruumist-ruumi\/wp-content\/uploads\/2025\/04\/9-36.webp\" alt=\"Kompaktse disainiga v\u00e4rviline Yeelight nutipirn E27 sokliga\" width=\"1100\" height=\"700\" \/><br \/>\n<\/p>\n<h3>Tehnilised andmed:<\/h3>\n<table>\n<tr>\n<th>Tootja<\/th>\n<td>Yeelight<\/td>\n<\/tr>\n<tr>\n<th>Mudel<\/th>\n<td>YLQPD-0011-4pc<\/td>\n<\/tr>\n<tr>\n<th>T\u00fc\u00fcp<\/th>\n<td>Nutipirn (v\u00e4rviline)<\/td>\n<\/tr>\n<tr>\n<th>V\u00f5imsus<\/th>\n<td>9 W<\/td>\n<\/tr>\n<tr>\n<th>Pesas\u00fcsteem<\/th>\n<td>E27<\/td>\n<\/tr>\n<tr>\n<th>Valgusvoog<\/th>\n<td>806 lm<\/td>\n<\/tr>\n<tr>\n<th>V\u00e4rvustemperatuur<\/th>\n<td>2700\u20136500 K<\/td>\n<\/tr>\n<tr>\n<th>\u00dchenduvus<\/th>\n<td>Wi-Fi, BLE<\/td>\n<\/tr>\n<tr>\n<th>T\u00f6\u00f6temperatuur<\/th>\n<td>-10\u00b0C \u2026 +40\u00b0C<\/td>\n<\/tr>\n<tr>\n<th>M\u00f5\u00f5dud<\/th>\n<td>60 \u00d7 60 \u00d7 110 mm<\/td>\n<\/tr>\n<tr>\n<th>Kogus pakis<\/th>\n<td>4 tk<\/td>\n<\/tr>\n<\/table>\n","protected":false},"excerpt":{"rendered":"<p>Nutikad LED pirnid Yeelight W4 E27 \u2013 v\u00e4rviline 4-osaline komplekt Nutikad LED pirnid Yeelight W4 E27 toovad sinu koju paindlikud ja isikup\u00e4rased valguslahendused. T\u00e4nu laiale v\u00e4rvispektrile ja reguleeritavale v\u00e4rvustemperatuurile (2700\u20136500 K) saad valida rohkem kui 16 miljoni v\u00e4rvi vahel \u2013 sobilik meeleolu igale p\u00e4evale ja igale s\u00fcndmusele. Ideaalne valik nii mugava ja hubase atmosf\u00e4\u00e4ri loomiseks [&hellip;]<\/p>\n","protected":false},"featured_media":168239,"comment_status":"open","ping_status":"open","template":"","meta":[],"product_brand":[2933],"product_cat":[1634,3047],"product_tag":[],"class_list":{"0":"post-168230","1":"product","2":"type-product","3":"status-publish","4":"has-post-thumbnail","6":"product_brand-yeelight","7":"product_cat-pirnid","8":"product_cat-led-pirnid","9":"product_shipping_class-innpro","11":"first","12":"instock","13":"sale","14":"taxable","15":"shipping-taxable","16":"purchasable","17":"product-type-simple"},"_links":{"self":[{"href":"https:\/\/blankpage.ee\/_ruumist-ruumi\/wp-json\/wp\/v2\/product\/168230","targetHints":{"allow":["GET"]}}],"collection":[{"href":"https:\/\/blankpage.ee\/_ruumist-ruumi\/wp-json\/wp\/v2\/product"}],"about":[{"href":"https:\/\/blankpage.ee\/_ruumist-ruumi\/wp-json\/wp\/v2\/types\/product"}],"replies":[{"embeddable":true,"href":"https:\/\/blankpage.ee\/_ruumist-ruumi\/wp-json\/wp\/v2\/comments?post=168230"}],"wp:featuredmedia":[{"embeddable":true,"href":"https:\/\/blankpage.ee\/_ruumist-ruumi\/wp-json\/wp\/v2\/media\/168239"}],"wp:attachment":[{"href":"https:\/\/blankpage.ee\/_ruumist-ruumi\/wp-json\/wp\/v2\/media?parent=168230"}],"wp:term":[{"taxonomy":"product_brand","embeddable":true,"href":"https:\/\/blankpage.ee\/_ruumist-ruumi\/wp-json\/wp\/v2\/product_brand?post=168230"},{"taxonomy":"product_cat","embeddable":true,"href":"https:\/\/blankpage.ee\/_ruumist-ruumi\/wp-json\/wp\/v2\/product_cat?post=168230"},{"taxonomy":"product_tag","embeddable":true,"href":"https:\/\/blankpage.ee\/_ruumist-ruumi\/wp-json\/wp\/v2\/product_tag?post=168230"}],"curies":[{"name":"wp","href":"https:\/\/api.w.org\/{rel}","templated":true}]}}