{"id":168425,"date":"2025-04-18T16:25:19","date_gmt":"2025-04-18T16:25:19","guid":{"rendered":"https:\/\/ruumistruumi.ee\/pood\/nutikas-veelekkeandur-neo-nas-ws05w-wifi-tuya-aa-patareid\/"},"modified":"2025-08-21T08:19:53","modified_gmt":"2025-08-21T08:19:53","slug":"nutikas-veelekkeandur-neo-nas-ws05w-wifi-tuya-aa-patareid","status":"publish","type":"product","link":"https:\/\/blankpage.ee\/_ruumist-ruumi\/pood\/nutikas-veelekkeandur-neo-nas-ws05w-wifi-tuya-aa-patareid\/","title":{"rendered":"Nutikas veelekkeandur NEO NAS-WS05W (WiFi, Tuya, AA patareid)"},"content":{"rendered":"<h3>Nutikas veelekkeandur NEO NAS-WS05W (WiFi, Tuya, AA patareid)<\/h3>\n<p>Nutikas veelekkeandur aitab kiiresti avastada veelekkeid ja saadab kohe teavituse sinu nutiseadmesse. NEO NAS-WS05W nutikas veelekkeandur on loodud veekahjustuste ennetamiseks ning turvatunde suurendamiseks k\u00f6\u00f6gis, vannitoas v\u00f5i muudes ruumides, kus leidub veelekke oht.<\/p>\n<p><img decoding=\"async\" src=\"https:\/\/blankpage.ee\/_ruumist-ruumi\/wp-content\/uploads\/2025\/04\/1-107.webp\" alt=\"Nutikas veelekkeandur NEO NAS-WS05W valge sensorikorpuse, kaabli ja sensoriotsaga\"><\/p>\n<h3>Usaldusv\u00e4\u00e4rne lahendus veeohutuse tagamiseks<\/h3>\n<p>Kui veelekkeanduri sensor tuvastab vee, saadetakse automaatselt teade mobiilirakendusse (Tuya Smart, Amazon Alexa, Google Assistant v\u00f5i Tmall Genie). See v\u00f5imaldab kiirelt reageerida ja potentseerida veekahjusid. Ka kodust eemal olles j\u00f5uab nutikas veelekkeanduri h\u00e4iresignaal sinuni.<\/p>\n<p><img decoding=\"async\" src=\"https:\/\/blankpage.ee\/_ruumist-ruumi\/wp-content\/uploads\/2025\/04\/2-110.webp\" alt=\"Veesensori t\u00f6\u00f6 veelekke avastamisel NEO NAS-WS05W anduriga\"><\/p>\n<h3>Lihtne paigaldus ja t\u00f6\u00f6kindel lahendus<\/h3>\n<p>Nutikas veelekkeandur t\u00f6\u00f6tab kahe AA patareiga, mille eluiga ulatub kuni 4 aastani. \u00d5hukest andurit on lihtne paigaldada n\u00e4iteks pesumasina v\u00f5i n\u00f5udepesumasina k\u00f5rvale. \u00dchendamiseks kasutatakse 2,4 GHz Wi-Fi v\u00f5rku ning seadme lisamine rakendusse k\u00e4ib paari sammuga.<\/p>\n<p><img decoding=\"async\" src=\"https:\/\/blankpage.ee\/_ruumist-ruumi\/wp-content\/uploads\/2025\/04\/3-104.webp\" alt=\"Nutikas veelekkeandur paigaldamiseks ka kitsastes tingimustes\"><\/p>\n<h3>Tehnilised andmed<\/h3>\n<div class=\"table-wrapper\">\n<table>\n<tbody>\n<tr>\n<th>Tootja<\/th>\n<td>NEO<\/td>\n<\/tr>\n<tr>\n<th>Mudel<\/th>\n<td>NAS-WS05W<\/td>\n<\/tr>\n<tr>\n<th>Toiteallikas<\/th>\n<td>2 x AA patarei (1,5V)<\/td>\n<\/tr>\n<tr>\n<th>Ootere\u017eiimi vool<\/th>\n<td>10 \u03bcA<\/td>\n<\/tr>\n<tr>\n<th>Ootere\u017eiimi aeg<\/th>\n<td>kuni 5 aastat<\/td>\n<\/tr>\n<tr>\n<th>T\u00f6\u00f6aeg<\/th>\n<td>kuni 4 aastat<\/td>\n<\/tr>\n<tr>\n<th>Juhtmevaba \u00fchendus<\/th>\n<td>Wi-Fi 2,4 GHz<\/td>\n<\/tr>\n<tr>\n<th>\u00dchenduse ulatus<\/th>\n<td>45 m<\/td>\n<\/tr>\n<tr>\n<th>T\u00f6\u00f6tamistemperatuur<\/th>\n<td>0\u00b0C\u201340\u00b0C<\/td>\n<\/tr>\n<tr>\n<th>T\u00f6\u00f6tamiskeskkonna niiskus<\/th>\n<td>20%\u201385%<\/td>\n<\/tr>\n<tr>\n<th>Hoidmistemperatuur<\/th>\n<td>0\u00b0C\u201360\u00b0C<\/td>\n<\/tr>\n<tr>\n<th>Hoidmisniiskus<\/th>\n<td>0%\u201390%<\/td>\n<\/tr>\n<\/tbody>\n<\/table>\n<\/div>\n<p>NEO NAS-WS05W nutikas veelekkeandur v\u00f5imaldab kodu veeohutust j\u00e4lgida lihtsalt ja t\u00f6\u00f6kindlalt. See on ideaalne valik kaasaegsesse nutikodusse ning aitab ennetada veekahjusid t\u00f5husalt.<\/p>\n","protected":false},"excerpt":{"rendered":"<p>Nutikas veelekkeandur NEO NAS-WS05W (WiFi, Tuya, AA patareid) Nutikas veelekkeandur aitab kiiresti avastada veelekkeid ja saadab kohe teavituse sinu nutiseadmesse. NEO NAS-WS05W nutikas veelekkeandur on loodud veekahjustuste ennetamiseks ning turvatunde suurendamiseks k\u00f6\u00f6gis, vannitoas v\u00f5i muudes ruumides, kus leidub veelekke oht. Usaldusv\u00e4\u00e4rne lahendus veeohutuse tagamiseks Kui veelekkeanduri sensor tuvastab vee, saadetakse automaatselt teade mobiilirakendusse (Tuya Smart, [&hellip;]<\/p>\n","protected":false},"featured_media":168429,"comment_status":"open","ping_status":"open","template":"","meta":[],"product_brand":[3067],"product_cat":[3042],"product_tag":[],"class_list":{"0":"post-168425","1":"product","2":"type-product","3":"status-publish","4":"has-post-thumbnail","6":"product_brand-neo","7":"product_cat-andurid","8":"product_shipping_class-innpro","10":"first","11":"instock","12":"sale","13":"taxable","14":"shipping-taxable","15":"purchasable","16":"product-type-simple"},"_links":{"self":[{"href":"https:\/\/blankpage.ee\/_ruumist-ruumi\/wp-json\/wp\/v2\/product\/168425","targetHints":{"allow":["GET"]}}],"collection":[{"href":"https:\/\/blankpage.ee\/_ruumist-ruumi\/wp-json\/wp\/v2\/product"}],"about":[{"href":"https:\/\/blankpage.ee\/_ruumist-ruumi\/wp-json\/wp\/v2\/types\/product"}],"replies":[{"embeddable":true,"href":"https:\/\/blankpage.ee\/_ruumist-ruumi\/wp-json\/wp\/v2\/comments?post=168425"}],"wp:featuredmedia":[{"embeddable":true,"href":"https:\/\/blankpage.ee\/_ruumist-ruumi\/wp-json\/wp\/v2\/media\/168429"}],"wp:attachment":[{"href":"https:\/\/blankpage.ee\/_ruumist-ruumi\/wp-json\/wp\/v2\/media?parent=168425"}],"wp:term":[{"taxonomy":"product_brand","embeddable":true,"href":"https:\/\/blankpage.ee\/_ruumist-ruumi\/wp-json\/wp\/v2\/product_brand?post=168425"},{"taxonomy":"product_cat","embeddable":true,"href":"https:\/\/blankpage.ee\/_ruumist-ruumi\/wp-json\/wp\/v2\/product_cat?post=168425"},{"taxonomy":"product_tag","embeddable":true,"href":"https:\/\/blankpage.ee\/_ruumist-ruumi\/wp-json\/wp\/v2\/product_tag?post=168425"}],"curies":[{"name":"wp","href":"https:\/\/api.w.org\/{rel}","templated":true}]}}