{"id":168750,"date":"2025-04-18T16:36:54","date_gmt":"2025-04-18T16:36:54","guid":{"rendered":"https:\/\/ruumistruumi.ee\/pood\/nutikas-zigbee-valgusluliti-avatto-lzts02-eu-w3-3-nupuline-neutraaljuhtmeta-valge\/"},"modified":"2025-08-21T08:19:48","modified_gmt":"2025-08-21T08:19:48","slug":"nutikas-zigbee-valgusluliti-avatto-lzts02-eu-w3-3-nupuline-neutraaljuhtmeta-valge","status":"publish","type":"product","link":"https:\/\/blankpage.ee\/_ruumist-ruumi\/pood\/nutikas-zigbee-valgusluliti-avatto-lzts02-eu-w3-3-nupuline-neutraaljuhtmeta-valge\/","title":{"rendered":"Nutikas ZigBee valgusl\u00fcliti Avatto LZTS02-EU-W3, 3-nupuline, neutraaljuhtmeta, valge"},"content":{"rendered":"<h3>Nutikas ZigBee valgusl\u00fcliti Avatto LZTS02-EU-W3, 3-nupuline, neutraaljuhtmeta, valge<\/h3>\n<p>Avatto LZTS02-EU-W3 on kaasaegne 3-nupuline nutikas valgusl\u00fcliti, mis sobib ideaalselt Sinu nutikodusse. Stiilse ja minimalistliku disainiga valgusl\u00fcliti v\u00f5imaldab valguste juhtimist nii f\u00fc\u00fcsiliselt kui ka kaugjuhtimise teel l\u00e4bi TUYA v\u00f5i Smart Life mobiilirakenduse. T\u00e4nu ZigBee 3.0 protokollile \u00fchendub seade lihtsalt teiste nutikodulahendustega (t\u00f6\u00f6ks vajalik ZigBee hub, ei kuulu komplekti).<\/p>\n<p><img decoding=\"async\" src=\"https:\/\/blankpage.ee\/_ruumist-ruumi\/wp-content\/uploads\/2025\/04\/1-127.webp\" border=\"0\" alt=\"Nutikas valgusl\u00fcliti Avatto LZTS02-EU-W3 esivaade\" \/><\/p>\n<h3>Kaugjuhtimine mobiilirakendusega<\/h3>\n<p>L\u00fclitit saad juhtida rakenduste TUYA v\u00f5i Smart Life kaudu igast asukohast \u2013 kodus v\u00f5i eemal olles. V\u00f5imalik on luua ajap\u00f5hiseid automatiseeringuid, n\u00e4iteks panna tuled hommikul automaatselt p\u00f5lema ja \u00f5htul kustuma. Nutikas valgusl\u00fcliti v\u00f5imaldab seadmeid r\u00fchmitada ning jagada nende juhtimist teiste pereliikmetega.<\/p>\n<p><img decoding=\"async\" src=\"https:\/\/blankpage.ee\/_ruumist-ruumi\/wp-content\/uploads\/2025\/04\/6-98.webp\" border=\"0\" alt=\"Valguse kaugjuhtimine mobiilirakendusega\" \/><\/p>\n<h3>Nutikad stseenid ja h\u00e4\u00e4ljuhtimine<\/h3>\n<p>Seade \u00fchildub platvormidega Amazon Alexa, Google Home, Yandex Alice ja SmartThings, v\u00f5imaldades valgusl\u00fclitit mugavalt h\u00e4\u00e4lk\u00e4skluste abil juhtida. Lisaks saad rakenduses luua erinevaid nutikaid stseene, n\u00e4iteks siduda valgusl\u00fcliti liikumisanduriga, et valgus l\u00fclitub sisse, kui keegi tuppa astub.<\/p>\n<p><img decoding=\"async\" src=\"https:\/\/blankpage.ee\/_ruumist-ruumi\/wp-content\/uploads\/2025\/04\/4-128.webp\" border=\"0\" alt=\"Valgusl\u00fcliti \u00fchendamine nutikoduseadmetega\" \/><\/p>\n<h3>Kvaliteetne vastupidav viimistlus<\/h3>\n<p>L\u00fcliti esipaneel on valmistatud karastatud klaasist, mis muudab selle kriimustus- ja pleekimiskindlaks. Seade talub niiskust, mist\u00f5ttu sobib paigaldada ka vannituppa. Sisseehitatud taustavalgusti saab sisse v\u00f5i v\u00e4lja l\u00fclitada vastavalt eelistusele.<\/p>\n<p><img decoding=\"async\" src=\"https:\/\/blankpage.ee\/_ruumist-ruumi\/wp-content\/uploads\/2025\/04\/2-137.webp\" border=\"0\" alt=\"Karastatud klaasist valgusl\u00fcliti detailvaade\" \/><\/p>\n<h3>Lihtne paigaldus ja usaldusv\u00e4\u00e4rne t\u00f6\u00f6<\/h3>\n<p>Paigaldamiseks ei ole vaja neutraaljuhet \u2013 see muudab paigaldamise lihtsamaks ja kiiremaks. Nutikas valgusl\u00fcliti j\u00e4tab meelde eelneva seadistuse ka voolukatkestuse korral. Kvaliteetne viimistlus tagab meeldiva puuteelamuse ja lihtsa hoolduse.<\/p>\n<p><img decoding=\"async\" src=\"https:\/\/blankpage.ee\/_ruumist-ruumi\/wp-content\/uploads\/2025\/04\/3-124.webp\" border=\"0\" alt=\"Valgusl\u00fcliti paigaldamine seinale\" \/><\/p>\n<div class=\"table-wrapper\">\n<table>\n<tbody>\n<tr>\n<th>Br\u00e4nd<\/th>\n<td>Avatto<\/td>\n<\/tr>\n<tr>\n<th>Mudel<\/th>\n<td>LZTS02-EU-W3<\/td>\n<\/tr>\n<tr>\n<th>V\u00e4rv<\/th>\n<td>Valge<\/td>\n<\/tr>\n<tr>\n<th>Nuppude arv<\/th>\n<td>3<\/td>\n<\/tr>\n<tr>\n<th>Nimiv\u00f5imsus<\/th>\n<td>3\u2013400 W \/ kanal<\/td>\n<\/tr>\n<tr>\n<th>Nimivool<\/th>\n<td>10 A<\/td>\n<\/tr>\n<tr>\n<th>Sisendpinge<\/th>\n<td>AC 110\u2013240 V, 50\/60 Hz<\/td>\n<\/tr>\n<tr>\n<th>Ootere\u017eiimi voolutarve<\/th>\n<td>0,45 W \/ 0,1 mA<\/td>\n<\/tr>\n<tr>\n<th>Wi-Fi sagedus<\/th>\n<td>2,4 GHz<\/td>\n<\/tr>\n<tr>\n<th>Korpus<\/th>\n<td>ABS<\/td>\n<\/tr>\n<tr>\n<th>Esipaneel<\/th>\n<td>Karastatud klaas<\/td>\n<\/tr>\n<tr>\n<th>M\u00f5\u00f5dud<\/th>\n<td>86 \u00d7 86 \u00d7 33 mm<\/td>\n<\/tr>\n<tr>\n<th>Tugis\u00fcsteemid<\/th>\n<td>iOS 8.0+, Android 4.0+<\/td>\n<\/tr>\n<tr>\n<th>Rakendus<\/th>\n<td>TUYA \/ Smart Life<\/td>\n<\/tr>\n<tr>\n<th>\u00dchilduvus<\/th>\n<td>Amazon Alexa, Google Home, Yandex Alice, SmartThings<\/td>\n<\/tr>\n<tr>\n<th>ZigBee protokoll<\/th>\n<td>ZigBee 3.0<\/td>\n<\/tr>\n<\/tbody>\n<\/table>\n<\/div>\n","protected":false},"excerpt":{"rendered":"<p>Nutikas ZigBee valgusl\u00fcliti Avatto LZTS02-EU-W3, 3-nupuline, neutraaljuhtmeta, valge Avatto LZTS02-EU-W3 on kaasaegne 3-nupuline nutikas valgusl\u00fcliti, mis sobib ideaalselt Sinu nutikodusse. Stiilse ja minimalistliku disainiga valgusl\u00fcliti v\u00f5imaldab valguste juhtimist nii f\u00fc\u00fcsiliselt kui ka kaugjuhtimise teel l\u00e4bi TUYA v\u00f5i Smart Life mobiilirakenduse. T\u00e4nu ZigBee 3.0 protokollile \u00fchendub seade lihtsalt teiste nutikodulahendustega (t\u00f6\u00f6ks vajalik ZigBee hub, ei kuulu [&hellip;]<\/p>\n","protected":false},"featured_media":168756,"comment_status":"open","ping_status":"open","template":"","meta":[],"product_brand":[3063],"product_cat":[3039],"product_tag":[],"class_list":{"0":"post-168750","1":"product","2":"type-product","3":"status-publish","4":"has-post-thumbnail","6":"product_brand-avatto","7":"product_cat-lulitid","8":"product_shipping_class-innpro","10":"first","11":"instock","12":"sale","13":"taxable","14":"shipping-taxable","15":"purchasable","16":"product-type-simple"},"_links":{"self":[{"href":"https:\/\/blankpage.ee\/_ruumist-ruumi\/wp-json\/wp\/v2\/product\/168750","targetHints":{"allow":["GET"]}}],"collection":[{"href":"https:\/\/blankpage.ee\/_ruumist-ruumi\/wp-json\/wp\/v2\/product"}],"about":[{"href":"https:\/\/blankpage.ee\/_ruumist-ruumi\/wp-json\/wp\/v2\/types\/product"}],"replies":[{"embeddable":true,"href":"https:\/\/blankpage.ee\/_ruumist-ruumi\/wp-json\/wp\/v2\/comments?post=168750"}],"wp:featuredmedia":[{"embeddable":true,"href":"https:\/\/blankpage.ee\/_ruumist-ruumi\/wp-json\/wp\/v2\/media\/168756"}],"wp:attachment":[{"href":"https:\/\/blankpage.ee\/_ruumist-ruumi\/wp-json\/wp\/v2\/media?parent=168750"}],"wp:term":[{"taxonomy":"product_brand","embeddable":true,"href":"https:\/\/blankpage.ee\/_ruumist-ruumi\/wp-json\/wp\/v2\/product_brand?post=168750"},{"taxonomy":"product_cat","embeddable":true,"href":"https:\/\/blankpage.ee\/_ruumist-ruumi\/wp-json\/wp\/v2\/product_cat?post=168750"},{"taxonomy":"product_tag","embeddable":true,"href":"https:\/\/blankpage.ee\/_ruumist-ruumi\/wp-json\/wp\/v2\/product_tag?post=168750"}],"curies":[{"name":"wp","href":"https:\/\/api.w.org\/{rel}","templated":true}]}}