{"id":168783,"date":"2025-04-18T16:36:54","date_gmt":"2025-04-18T16:36:54","guid":{"rendered":"https:\/\/ruumistruumi.ee\/pood\/nutikas-valgusluliti-avatto-n-ts10-b2-2-teeline-must-wifi\/"},"modified":"2025-08-21T08:19:49","modified_gmt":"2025-08-21T08:19:49","slug":"nutikas-valgusluliti-avatto-n-ts10-b2-2-teeline-must-wifi","status":"publish","type":"product","link":"https:\/\/blankpage.ee\/_ruumist-ruumi\/pood\/nutikas-valgusluliti-avatto-n-ts10-b2-2-teeline-must-wifi\/","title":{"rendered":"Nutikas valgusl\u00fcliti Avatto N-TS10-B2, 2-teeline, must, WiFi"},"content":{"rendered":"<h3>Nutikas valgusl\u00fcliti Avatto N-TS10-B2, 2-teeline, must, WiFi<\/h3>\n<p>Avatto N-TS10-B2 on stiilne ja moodne nutikas valgusl\u00fcliti, sobides suurep\u00e4raselt kasutamiseks kodudes, kontorites v\u00f5i hotellides. Puutetundlikust karastatud klaasist paneeliga l\u00fcliti v\u00f5imaldab mugavalt valgust sisse ja v\u00e4lja l\u00fclitada otse seadme pealt v\u00f5i kaugjuhtimisega, kasutades nutitelefoni rakendusi TUYA v\u00f5i Smart Life. T\u00e4nu WiFi-\u00fchendusele ei ole vaja lisaseadmeid ega lisajuhmeid.<\/p>\n<p><img decoding=\"async\" src=\"https:\/\/blankpage.ee\/_ruumist-ruumi\/wp-content\/uploads\/2025\/04\/1-131.webp\" border=\"0\" alt=\"must nutikas valgusl\u00fcliti Avatto klaaspaneeliga esivaates\" \/><\/p>\n<h3>Kaugjuhtimise v\u00f5imalused<\/h3>\n<p>Kui j\u00e4\u00e4b koju lahkudes valgus p\u00f5lema, saab selle kustutada lihtsalt nutitelefoni rakendusest, olenemata asukohast. Valguste kontrolli saab jagada ka teiste pereliikmetega, nii et nad saavad seadmeid omakorda h\u00f5lpsasti kasutada ja hallata.<\/p>\n<p><img decoding=\"async\" src=\"https:\/\/blankpage.ee\/_ruumist-ruumi\/wp-content\/uploads\/2025\/04\/3-128.webp\" border=\"0\" alt=\"Avatto nutika valgusl\u00fcliti kaugjuhtimine mobiilirakendusega\" \/><\/p>\n<h3>Automaatika ja nutikodu v\u00f5imalused<\/h3>\n<p>Selle valgusl\u00fcliti rakendus v\u00f5imaldab m\u00e4\u00e4rata individuaalseid t\u00f6\u00f6aegu, luua ajastusi ning kasutada taimerit erinevatele stsenaariumidele, n\u00e4iteks hommikuseks s\u00fcttimiseks v\u00f5i \u00f6iseks kustutamiseks. V\u00f5imalik on seadmete grupijuhtimine ning \u00fchendamine teiste nutiseadmetega, et realizeerida automaatsed stseenid (n\u00e4iteks valgus s\u00fcttib koju j\u00f5udes).<\/p>\n<p><img decoding=\"async\" src=\"https:\/\/blankpage.ee\/_ruumist-ruumi\/wp-content\/uploads\/2025\/04\/5-111.webp\" border=\"0\" alt=\"nutikas valgusl\u00fcliti ajastatud v\u00f5i automaatjuhtimise stseeniga\" \/><\/p>\n<h3>H\u00e4\u00e4ljuhtimine assistentidega<\/h3>\n<p>Avatto nutikas valgusl\u00fcliti \u00fchildub Google Assistant, Amazon Alexa ja teiste h\u00e4\u00e4lassistentidega, v\u00f5imaldades valguse sisse- ja v\u00e4ljal\u00fclitust lihtsalt h\u00e4\u00e4lk\u00e4skluse abil \u2013 mugav lisaks n\u00e4iteks k\u00f6\u00f6gis v\u00f5i magamistoas.<\/p>\n<p><img decoding=\"async\" src=\"https:\/\/blankpage.ee\/_ruumist-ruumi\/wp-content\/uploads\/2025\/04\/4-132.webp\" border=\"0\" alt=\"valgusl\u00fcliti juhtimine Google Assistant ja Amazon Alexa abil\" \/><\/p>\n<h3>Kvaliteetne, vastupidav ja lihtne paigaldada<\/h3>\n<p>Avatto nutikas valgusl\u00fcliti karastatud klaaspinnaga on kriimustuskindel ja lihtsasti puhastatav. Taustvalgustus teeb kasutamise pimedas mugavaks ning soovi korral saab valgustuse v\u00e4lja l\u00fclitada. L\u00fcliti sobib enamiku standardsete paigaldistega ja selle paigaldamine on lihtne.<\/p>\n<p><img decoding=\"async\" src=\"https:\/\/blankpage.ee\/_ruumist-ruumi\/wp-content\/uploads\/2025\/04\/2-141.webp\" border=\"0\" alt=\"Avatto nutikas valgusl\u00fcliti karastatud klaasist pinnaga detailvaates\" \/><\/p>\n<div class=\"table-wrapper\">\n<table>\n<tbody>\n<tr>\n<th>Tootja<\/th>\n<td>Avatto<\/td>\n<\/tr>\n<tr>\n<th>Mudel<\/th>\n<td>N-TS10-B2<\/td>\n<\/tr>\n<tr>\n<th>V\u00e4rvus<\/th>\n<td>Must<\/td>\n<\/tr>\n<tr>\n<th>Nuppude arv<\/th>\n<td>2<\/td>\n<\/tr>\n<tr>\n<th>T\u00f6\u00f6sagedus<\/th>\n<td>2.412\u20132.484 GHz<\/td>\n<\/tr>\n<tr>\n<th>Traadita standard<\/th>\n<td>IEEE 802.11 b\/g\/n<\/td>\n<\/tr>\n<tr>\n<th>Nimiv\u00f5imsus<\/th>\n<td>800 W \/ kanal<\/td>\n<\/tr>\n<tr>\n<th>Nimivool<\/th>\n<td>10 A<\/td>\n<\/tr>\n<tr>\n<th>Sisendpinge<\/th>\n<td>AC 85\u2013265 V, 50\/60 Hz<\/td>\n<\/tr>\n<tr>\n<th>V\u00e4ljundpinge<\/th>\n<td>AC 85\u2013265 V, 50\/60 Hz<\/td>\n<\/tr>\n<tr>\n<th>V\u00f5imsustarve<\/th>\n<td>\u2264 0,45 W<\/td>\n<\/tr>\n<tr>\n<th>Korpus<\/th>\n<td>ABS-plastik<\/td>\n<\/tr>\n<tr>\n<th>Paneeli materjal<\/th>\n<td>Karastatud klaas<\/td>\n<\/tr>\n<tr>\n<th>M\u00f5\u00f5tmed<\/th>\n<td>V\u00e4lised: 80 \u00d7 80 \u00d7 (10,2+32) mm;<br \/>Sisemised: 50 \u00d7 50 \u00d7 (10,2+32) mm<\/td>\n<\/tr>\n<tr>\n<th>Tarkvara tugi<\/th>\n<td>iOS 8.0, Android 4.0 ja uuemad<\/td>\n<\/tr>\n<tr>\n<th>Rakendus<\/th>\n<td>TUYA \/ Smart Life<\/td>\n<\/tr>\n<tr>\n<th>\u00dchilduvus<\/th>\n<td>Amazon Alexa, Google Home, Yandex Alice, SmartThings<\/td>\n<\/tr>\n<\/tbody>\n<\/table>\n<\/div>\n","protected":false},"excerpt":{"rendered":"<p>Nutikas valgusl\u00fcliti Avatto N-TS10-B2, 2-teeline, must, WiFi Avatto N-TS10-B2 on stiilne ja moodne nutikas valgusl\u00fcliti, sobides suurep\u00e4raselt kasutamiseks kodudes, kontorites v\u00f5i hotellides. Puutetundlikust karastatud klaasist paneeliga l\u00fcliti v\u00f5imaldab mugavalt valgust sisse ja v\u00e4lja l\u00fclitada otse seadme pealt v\u00f5i kaugjuhtimisega, kasutades nutitelefoni rakendusi TUYA v\u00f5i Smart Life. T\u00e4nu WiFi-\u00fchendusele ei ole vaja lisaseadmeid ega lisajuhmeid. Kaugjuhtimise [&hellip;]<\/p>\n","protected":false},"featured_media":168789,"comment_status":"open","ping_status":"open","template":"","meta":[],"product_brand":[3063],"product_cat":[3039],"product_tag":[],"class_list":{"0":"post-168783","1":"product","2":"type-product","3":"status-publish","4":"has-post-thumbnail","6":"product_brand-avatto","7":"product_cat-lulitid","8":"product_shipping_class-innpro","10":"first","11":"instock","12":"sale","13":"taxable","14":"shipping-taxable","15":"purchasable","16":"product-type-simple"},"_links":{"self":[{"href":"https:\/\/blankpage.ee\/_ruumist-ruumi\/wp-json\/wp\/v2\/product\/168783","targetHints":{"allow":["GET"]}}],"collection":[{"href":"https:\/\/blankpage.ee\/_ruumist-ruumi\/wp-json\/wp\/v2\/product"}],"about":[{"href":"https:\/\/blankpage.ee\/_ruumist-ruumi\/wp-json\/wp\/v2\/types\/product"}],"replies":[{"embeddable":true,"href":"https:\/\/blankpage.ee\/_ruumist-ruumi\/wp-json\/wp\/v2\/comments?post=168783"}],"wp:featuredmedia":[{"embeddable":true,"href":"https:\/\/blankpage.ee\/_ruumist-ruumi\/wp-json\/wp\/v2\/media\/168789"}],"wp:attachment":[{"href":"https:\/\/blankpage.ee\/_ruumist-ruumi\/wp-json\/wp\/v2\/media?parent=168783"}],"wp:term":[{"taxonomy":"product_brand","embeddable":true,"href":"https:\/\/blankpage.ee\/_ruumist-ruumi\/wp-json\/wp\/v2\/product_brand?post=168783"},{"taxonomy":"product_cat","embeddable":true,"href":"https:\/\/blankpage.ee\/_ruumist-ruumi\/wp-json\/wp\/v2\/product_cat?post=168783"},{"taxonomy":"product_tag","embeddable":true,"href":"https:\/\/blankpage.ee\/_ruumist-ruumi\/wp-json\/wp\/v2\/product_tag?post=168783"}],"curies":[{"name":"wp","href":"https:\/\/api.w.org\/{rel}","templated":true}]}}