{"id":169456,"date":"2025-04-18T17:01:04","date_gmt":"2025-04-18T17:01:04","guid":{"rendered":"https:\/\/ruumistruumi.ee\/pood\/nutikodu-wifi-keskjaam-meross-msh300-homekit-uhilduvusega\/"},"modified":"2025-08-21T08:19:43","modified_gmt":"2025-08-21T08:19:43","slug":"nutikodu-wifi-keskjaam-meross-msh300-homekit-uhilduvusega","status":"publish","type":"product","link":"https:\/\/blankpage.ee\/_ruumist-ruumi\/pood\/nutikodu-wifi-keskjaam-meross-msh300-homekit-uhilduvusega\/","title":{"rendered":"Nutikodu WiFi keskjaam Meross MSH300 (HomeKit \u00fchilduvusega)"},"content":{"rendered":"<h3>Nutikodu WiFi keskjaam Meross MSH300 (HomeKit \u00fchilduvusega)<\/h3>\n<p>Nutikodu wifi keskjaam Meross MSH300 \u00fchendab sinu kodu seadmed turvaliselt Wi-Fi v\u00f5rku, v\u00f5imaldades hallata k\u00f5iki nutiseadmeid mugavalt \u00fchest kohast. Tugi nii Meross \u00e4pile kui ka Apple HomeKitile t\u00e4hendab, et saad kodu automatiseerimislahendusi h\u00f5lpsalt juhtida otse oma telefonist. Keskjaama abil saad seadistada temperatuuri-, niiskus-, veelekke- ja suitsuandurid, mis aitavad suurendada turvalisust ja mugavust.<\/p>\n<p><img decoding=\"async\" src=\"https:\/\/blankpage.ee\/_ruumist-ruumi\/wp-content\/uploads\/2025\/04\/4-172.webp\" border=\"0\" alt=\"nutikodu wifi keskjaam Meross MSH300 esivaade\" \/><\/p>\n<h3>Lai \u00fchilduvus ja paindlik kasutamine<\/h3>\n<p>Korraga saad \u00fchendada kuni 16 Meross nutiseadet. Nutikodu wifi keskjaam \u00fchildub h\u00f5lpsasti mudelitega MS100, MS400, MTS100 ja GS559A, pakkudes v\u00f5imalust hallata erinevaid andureid (temperatuur, niiskus, veelekked, suits). K\u00f5ik \u00fchendatud seadmed on kaugelt juhitavad Meross rakenduse v\u00f5i Apple HomeKiti kaudu, et igap\u00e4evane nutikodu haldus oleks v\u00f5imalikult lihtne ning sujuv.<\/p>\n<p><img decoding=\"async\" src=\"https:\/\/blankpage.ee\/_ruumist-ruumi\/wp-content\/uploads\/2025\/04\/1-185.webp\" border=\"0\" alt=\"WiFi keskjaama kaudu \u00fchendatud Meross nutiseadmed ja andurid\" \/><\/p>\n<div class=\"table-wrapper\">\n<table>\n<tbody>\n<tr>\n<th>Br\u00e4nd<\/th>\n<td>Meross<\/td>\n<\/tr>\n<tr>\n<th>Mudel<\/th>\n<td>MSH300<\/td>\n<\/tr>\n<tr>\n<th>Sisend<\/th>\n<td>5 V DC, v\u00e4hemalt 500 mA<\/td>\n<\/tr>\n<tr>\n<th>M\u00f5\u00f5tmed<\/th>\n<td>59 x 41 x 21 mm<\/td>\n<\/tr>\n<tr>\n<th>LED-n\u00e4idik<\/th>\n<td>1\u00d7 oleku LED<\/td>\n<\/tr>\n<tr>\n<th>Nupp<\/th>\n<td>1\u00d7 toitenupu<\/td>\n<\/tr>\n<tr>\n<th>Antennid<\/th>\n<td>1\u00d7 sisemine Wi-Fi antenn, 1\u00d7 sisemine 1T1R 433 MHz RF antenn<\/td>\n<\/tr>\n<tr>\n<th>Traadita standardid<\/th>\n<td>IEEE 802.11 b\/g\/n (2,4 GHz); 1T1R 433 MHz RF<\/td>\n<\/tr>\n<tr>\n<th>Turvalisus<\/th>\n<td>64\/128-bitine WEP, WPA-PSK, WPA2-PSK<br \/>* Ei toeta Enterprise Wi-Fi v\u00f5rke<\/td>\n<\/tr>\n<tr>\n<th>Tarkvaratugi<\/th>\n<td>iOS 13 v\u00f5i uuem, Android 6.0 v\u00f5i uuem<\/td>\n<\/tr>\n<tr>\n<th>\u00dchilduvad Meross seadmed<\/th>\n<td>MS100, MS100F, MS200, MS400, MTS100, MTS150, MTS150P, GS559A<\/td>\n<\/tr>\n<tr>\n<th>\u00dchilduvus<\/th>\n<td>Apple HomeKit<\/td>\n<\/tr>\n<tr>\n<th>Rakendus<\/th>\n<td>Meross<\/td>\n<\/tr>\n<tr>\n<th>T\u00f6\u00f6tamistemperatuur<\/th>\n<td>0\u00b0C kuni 40\u00b0C<\/td>\n<\/tr>\n<tr>\n<th>Hoiustamistemperatuur<\/th>\n<td>-40\u00b0C kuni 70\u00b0C<\/td>\n<\/tr>\n<tr>\n<th>T\u00f6\u00f6keskkonna niiskus<\/th>\n<td>10\u201390% (kondenseerumata)<\/td>\n<\/tr>\n<tr>\n<th>Hoiustamiskeskkonna niiskus<\/th>\n<td>5\u201390% (kondenseerumata)<\/td>\n<\/tr>\n<\/tbody>\n<\/table>\n<\/div>\n","protected":false},"excerpt":{"rendered":"<p>Nutikodu WiFi keskjaam Meross MSH300 (HomeKit \u00fchilduvusega) Nutikodu wifi keskjaam Meross MSH300 \u00fchendab sinu kodu seadmed turvaliselt Wi-Fi v\u00f5rku, v\u00f5imaldades hallata k\u00f5iki nutiseadmeid mugavalt \u00fchest kohast. Tugi nii Meross \u00e4pile kui ka Apple HomeKitile t\u00e4hendab, et saad kodu automatiseerimislahendusi h\u00f5lpsalt juhtida otse oma telefonist. Keskjaama abil saad seadistada temperatuuri-, niiskus-, veelekke- ja suitsuandurid, mis aitavad [&hellip;]<\/p>\n","protected":false},"featured_media":169459,"comment_status":"open","ping_status":"open","template":"","meta":[],"product_brand":[3050],"product_cat":[3046],"product_tag":[],"class_list":{"0":"post-169456","1":"product","2":"type-product","3":"status-publish","4":"has-post-thumbnail","6":"product_brand-meross","7":"product_cat-nutikeskused","8":"product_shipping_class-innpro","10":"first","11":"instock","12":"sale","13":"taxable","14":"shipping-taxable","15":"purchasable","16":"product-type-simple"},"_links":{"self":[{"href":"https:\/\/blankpage.ee\/_ruumist-ruumi\/wp-json\/wp\/v2\/product\/169456","targetHints":{"allow":["GET"]}}],"collection":[{"href":"https:\/\/blankpage.ee\/_ruumist-ruumi\/wp-json\/wp\/v2\/product"}],"about":[{"href":"https:\/\/blankpage.ee\/_ruumist-ruumi\/wp-json\/wp\/v2\/types\/product"}],"replies":[{"embeddable":true,"href":"https:\/\/blankpage.ee\/_ruumist-ruumi\/wp-json\/wp\/v2\/comments?post=169456"}],"wp:featuredmedia":[{"embeddable":true,"href":"https:\/\/blankpage.ee\/_ruumist-ruumi\/wp-json\/wp\/v2\/media\/169459"}],"wp:attachment":[{"href":"https:\/\/blankpage.ee\/_ruumist-ruumi\/wp-json\/wp\/v2\/media?parent=169456"}],"wp:term":[{"taxonomy":"product_brand","embeddable":true,"href":"https:\/\/blankpage.ee\/_ruumist-ruumi\/wp-json\/wp\/v2\/product_brand?post=169456"},{"taxonomy":"product_cat","embeddable":true,"href":"https:\/\/blankpage.ee\/_ruumist-ruumi\/wp-json\/wp\/v2\/product_cat?post=169456"},{"taxonomy":"product_tag","embeddable":true,"href":"https:\/\/blankpage.ee\/_ruumist-ruumi\/wp-json\/wp\/v2\/product_tag?post=169456"}],"curies":[{"name":"wp","href":"https:\/\/api.w.org\/{rel}","templated":true}]}}