{"id":169631,"date":"2025-04-18T17:09:10","date_gmt":"2025-04-18T17:09:10","guid":{"rendered":"https:\/\/ruumistruumi.ee\/pood\/nutikas-bluetooth-nupp-shelly-blu-button-1-punane-kuni-4-funktsiooni\/"},"modified":"2025-08-21T08:19:40","modified_gmt":"2025-08-21T08:19:40","slug":"nutikas-bluetooth-nupp-shelly-blu-button-1-punane-kuni-4-funktsiooni","status":"publish","type":"product","link":"https:\/\/blankpage.ee\/_ruumist-ruumi\/pood\/nutikas-bluetooth-nupp-shelly-blu-button-1-punane-kuni-4-funktsiooni\/","title":{"rendered":"Nutikas Bluetooth-nupp Shelly BLU Button 1 (punane, kuni 4 funktsiooni)"},"content":{"rendered":"<h3>Nutikas bluetooth nupp Shelly BLU Button 1 \u2013 kiire ja lihtne seadmete juhtimine (punane)<\/h3>\n<p>Nutikas bluetooth nupp Shelly BLU Button 1 on v\u00e4ike ja mugav Bluetooth-nupp, millega saad h\u00f5lpsasti k\u00e4ivitada v\u00f5i peatada erinevaid seadmeid ja automatiseeritud stseene. Sobib suurep\u00e4raselt nii koju kui ka kontorisse, restorani v\u00f5i hotelli. Nupp annab visuaalse m\u00e4rguande erksa punase LED-tulega.<\/p>\n<p>See multifunktsionaalne nupp t\u00f6\u00f6tab Bluetooth 4.2 protokolli j\u00e4rgi ning toetab kuni nelja erinevat vajutust: \u00fchekordne, topelt, pikk ja pikk topeltvajutus. Iga vajutusele v\u00f5id m\u00e4\u00e4rata erineva \u00fclesande, n\u00e4iteks valguste sisse- v\u00f5i v\u00e4ljal\u00fclitamise, nutikodu stseeni aktiveerimise v\u00f5i m\u00f5ne muu seadme juhtimise. Toetatud on ka beacon- ja kr\u00fcpteeritud t\u00f6\u00f6re\u017eiimid, mis lisavad paindlikkust Sinu nutikodu automatiseerimisel.<\/p>\n<p>Seade on valmistatud vastupidavast plastikust ning t\u00f6\u00f6tab vahetatava CR2032 patareiga, mille eluiga v\u00f5ib olla kuni 2 aastat. Nutikas bluetooth nupp Shelly BLU Button 1 sobib kasutamiseks temperatuurivahemikus -20 \u00b0C kuni 40 \u00b0C ning \u00f5huniiskuse juures 30\u201370%.<\/p>\n<table>\n<tr>\n<th>M\u00f5\u00f5dud<\/th>\n<td>36 \u00d7 36 \u00d7 6 mm \u00b10,5 mm<\/td>\n<\/tr>\n<tr>\n<th>Kaal patareiga<\/th>\n<td>9 g \u00b11 g<\/td>\n<\/tr>\n<tr>\n<th>Toide<\/th>\n<td>1 \u00d7 3 V CR2032 patarei (kaasas)<\/td>\n<\/tr>\n<tr>\n<th>Bluetooth ulatus<\/th>\n<td>Kuni 10 m siseruumis, kuni 30 m olenevalt tingimustest<\/td>\n<\/tr>\n<tr>\n<th>Kr\u00fcpteerimine<\/th>\n<td>AES (CCM re\u017eiim)<\/td>\n<\/tr>\n<tr>\n<th>Protsessor<\/th>\n<td>EFR32BG22<\/td>\n<\/tr>\n<\/table>\n<p><img decoding=\"async\" src=\"https:\/\/blankpage.ee\/_ruumist-ruumi\/wp-content\/uploads\/2025\/04\/6-143.webp\" alt=\"Nutikas bluetooth nupp Shelly BLU Button 1 punane\" \/><\/p>\n","protected":false},"excerpt":{"rendered":"<p>Nutikas bluetooth nupp Shelly BLU Button 1 \u2013 kiire ja lihtne seadmete juhtimine (punane) Nutikas bluetooth nupp Shelly BLU Button 1 on v\u00e4ike ja mugav Bluetooth-nupp, millega saad h\u00f5lpsasti k\u00e4ivitada v\u00f5i peatada erinevaid seadmeid ja automatiseeritud stseene. Sobib suurep\u00e4raselt nii koju kui ka kontorisse, restorani v\u00f5i hotelli. Nupp annab visuaalse m\u00e4rguande erksa punase LED-tulega. See [&hellip;]<\/p>\n","protected":false},"featured_media":169633,"comment_status":"open","ping_status":"open","template":"","meta":[],"product_brand":[3069],"product_cat":[3039],"product_tag":[],"class_list":{"0":"post-169631","1":"product","2":"type-product","3":"status-publish","4":"has-post-thumbnail","6":"product_brand-shelly","7":"product_cat-lulitid","8":"product_shipping_class-innpro","10":"first","11":"instock","12":"sale","13":"taxable","14":"shipping-taxable","15":"purchasable","16":"product-type-simple"},"_links":{"self":[{"href":"https:\/\/blankpage.ee\/_ruumist-ruumi\/wp-json\/wp\/v2\/product\/169631","targetHints":{"allow":["GET"]}}],"collection":[{"href":"https:\/\/blankpage.ee\/_ruumist-ruumi\/wp-json\/wp\/v2\/product"}],"about":[{"href":"https:\/\/blankpage.ee\/_ruumist-ruumi\/wp-json\/wp\/v2\/types\/product"}],"replies":[{"embeddable":true,"href":"https:\/\/blankpage.ee\/_ruumist-ruumi\/wp-json\/wp\/v2\/comments?post=169631"}],"wp:featuredmedia":[{"embeddable":true,"href":"https:\/\/blankpage.ee\/_ruumist-ruumi\/wp-json\/wp\/v2\/media\/169633"}],"wp:attachment":[{"href":"https:\/\/blankpage.ee\/_ruumist-ruumi\/wp-json\/wp\/v2\/media?parent=169631"}],"wp:term":[{"taxonomy":"product_brand","embeddable":true,"href":"https:\/\/blankpage.ee\/_ruumist-ruumi\/wp-json\/wp\/v2\/product_brand?post=169631"},{"taxonomy":"product_cat","embeddable":true,"href":"https:\/\/blankpage.ee\/_ruumist-ruumi\/wp-json\/wp\/v2\/product_cat?post=169631"},{"taxonomy":"product_tag","embeddable":true,"href":"https:\/\/blankpage.ee\/_ruumist-ruumi\/wp-json\/wp\/v2\/product_tag?post=169631"}],"curies":[{"name":"wp","href":"https:\/\/api.w.org\/{rel}","templated":true}]}}